NOAA-Style Climate Reports


NOAA Climate Reports are updated by Weatherlink v6.0.3 once per hour from this station.
2007-2017 Summary

Report for 2013 January
                   MONTHLY CLIMATOLOGICAL SUMMARY for JAN. 2013

NAME: CW6839   CITY: Country Meadow, Clay   STATE: New York 
ELEV:   410 ft  LAT:  43° 10' 16" N  LONG:  76° 09' 44" W

                   TEMPERATURE (°F), RAIN  (in), WIND SPEED (mph)

                                      HEAT  COOL        AVG
    MEAN                              DEG   DEG         WIND                 DOM
DAY TEMP  HIGH   TIME   LOW    TIME   DAYS  DAYS  RAIN  SPEED HIGH   TIME    DIR
------------------------------------------------------------------------------------
 1  24.3  35.0   1:10a  14.8   6:10p  40.7   0.0  0.00   3.0  19.0  11:50a   WNW
 2  17.5  24.8   9:50a   6.5  11:50p  47.5   0.0  0.00   2.1  17.0   6:50a   NNW
 3  12.7  29.7  10:30p   1.5   6:00a  52.3   0.0  0.00   1.2  16.0   9:50p   ESE
 4  31.7  35.3  11:30a  27.9   4:30a  33.3   0.0  0.02   4.4  25.0  10:40a     W
 5  31.9  34.9   1:10p  26.3  10:40p  33.1   0.0  0.04   2.3  20.0   3:40a   WNW
 6  34.7  39.3  10:10a  27.5   5:00a  30.3   0.0  0.19   1.5  14.0  10:20a   SSW
 7  24.8  35.8  12:10a  14.8  12:00m  40.2   0.0  0.01   1.1  13.0  12:40a   WNW
 8  24.0  42.2   2:20p  11.6   7:40a  41.0   0.0  0.00   0.2   9.0  12:50p   SSE
 9  32.6  48.6   2:50p  17.2   4:00a  32.4   0.0  0.01   3.0  27.0  10:10p     W
10  34.9  41.6  11:20a  25.7  12:00m  30.1   0.0  0.00   2.3  24.0  12:20a   WNW
11  33.7  39.8   4:10p  25.6  12:20a  31.3   0.0  0.24   1.7  17.0   4:00p   ENE
12  39.7  49.1   2:50p  34.0   7:50a  25.3   0.0  0.00   0.7   8.0   8:40a   ENE
13  47.9  60.2   2:00p  36.5  12:10a  17.1   0.0  0.00   1.4  13.0   6:50a     E
14  38.1  46.5   3:50a  31.3  12:00m  26.9   0.0  0.00   4.0  27.0   4:20a   WNW
15  30.8  33.4   3:40p  29.0   7:10p  34.2   0.0  0.00   0.6   8.0  12:30p   WNW
16  30.6  34.7  11:00p  27.2   8:40p  34.4   0.0  0.00   0.8  10.0  10:40p   ESE
17  27.6  36.2   1:40a  19.1  11:50p  37.4   0.0  0.00   2.6  20.0  11:30a    NE
18  19.6  27.6  11:30p  14.0   6:20a  45.4   0.0  0.03   0.9  12.0   4:30p   NNE
19  40.5  48.8  11:20p  27.0  12:10a  24.5   0.0  0.05   2.7  21.0   3:20a   SSW
20  33.6  48.2  12:10a  19.7  11:50p  31.4   0.0  0.03   6.9  34.0   9:20a   WNW
21  19.2  21.9  11:30a  17.3   6:50a  45.8   0.0  0.00   0.7  11.0  10:50p   WNW
22  12.2  17.3  12:10a   7.2  12:00m  52.8   0.0  0.01   4.3  23.0  11:50a   WNW
23   2.2   8.4   2:40p  -7.9  11:50p  62.8   0.0  0.00   0.4   9.0   1:10p   WNW
24   4.1  14.6   3:00p  -8.6   1:00a  60.9   0.0  0.00   1.8  16.0   3:10p   WNW
25   9.4  15.9   1:10p   1.7   7:50a  55.6   0.0  0.00   0.7   9.0   2:10p    NE
26   7.5  18.8  12:40p  -5.2   7:30a  57.5   0.0  0.01   0.3  10.0  12:50p   WNW
27  17.5  25.7   2:10p   6.3   8:00a  47.5   0.0  0.00   0.3   9.0   1:30p   WNW
28  24.6  31.9  12:00m  18.6   1:30a  40.4   0.0  0.00   1.9  11.0  11:10a   ENE
29  35.1  38.2   9:40p  31.9  12:10a  29.9   0.0  0.43   0.9  11.0   2:10p     E
30  53.6  62.7   2:40p  37.5  12:10a  11.4   0.0  0.30   5.0  25.0   2:40p   SSE
31  34.7  55.4   1:10a  23.9  10:00p  30.3   0.0  0.34   7.8  31.0   4:10a   WNW
-------------------------------------------------------------------------------------
    26.8  62.7    30    -8.6    24  1183.7   0.0  1.71   2.2  34.0    20     WNW

Max >=  90.0:  0
Max <=  32.0: 11
Min <=  32.0: 28
Min <=   0.0:  3
Max Rain: 0.43 ON 01/29/13
Days of Rain: 10 (>.01 in) 5 (>.1 in) 0 (>1 in)
Heat Base:  65.0  Cool Base:  65.0  Method: Integration