NOAA-Style Climate Reports


NOAA Climate Reports are updated by Weatherlink v6.0.3 once per hour from this station.
2007-2017 Summary

Report for 2013 February
                   MONTHLY CLIMATOLOGICAL SUMMARY for FEB. 2013

NAME: CW6839   CITY: Country Meadow, Clay   STATE: New York 
ELEV:   410 ft  LAT:  43° 10' 16" N  LONG:  76° 09' 44" W

                   TEMPERATURE (°F), RAIN  (in), WIND SPEED (mph)

                                      HEAT  COOL        AVG
    MEAN                              DEG   DEG         WIND                 DOM
DAY TEMP  HIGH   TIME   LOW    TIME   DAYS  DAYS  RAIN  SPEED HIGH   TIME    DIR
------------------------------------------------------------------------------------
 1  20.1  24.5  12:10a  18.1   7:50p  44.9   0.0  0.01   3.3  18.0  12:30a   WNW
 2  16.4  20.2  11:30a   9.7  10:40p  48.6   0.0  0.00   1.2  12.0  10:50a   SSW
 3  14.3  26.7   3:20p  -0.4   6:30a  50.7   0.0  0.05   0.4   8.0   4:20p    SE
 4  17.3  20.6  12:10a  10.9   9:30p  47.7   0.0  0.00   1.9  16.0   5:20a   WNW
 5  15.9  23.0   4:10p   3.9   7:40a  49.1   0.0  0.00   0.9  10.0  10:40a   ESE
 6  21.4  27.6   7:40a   6.9  12:00m  43.6   0.0  0.00   3.3  23.0  11:30a   WNW
 7  17.0  27.0   4:00p   2.4   2:30a  48.0   0.0  0.00   2.6  14.0   3:20p   ENE
 8  25.3  28.8  12:50p  20.8  12:00m  39.7   0.0  0.00   4.3  21.0  12:40p     E
 9  15.2  21.6   2:10p   5.6  12:00m  49.8   0.0  0.00   2.5  19.0   1:30p   WNW
10  19.4  30.3   3:10p   3.9  12:50a  45.6   0.0  0.01   2.0  12.0   1:40p     E
11  36.6  47.9   2:30p  26.0  12:10a  28.4   0.0  0.14   3.0  17.0   4:20p     W
12  33.7  36.6  12:10a  31.8   7:30p  31.3   0.0  0.07   4.5  21.0   1:40a     W
13  31.4  40.2   1:30p  20.3  12:00m  33.6   0.0  0.01   0.7  12.0  10:50a     W
14  32.0  39.9   3:10p  19.4  12:50a  33.0   0.0  0.05   1.0  11.0  10:40p   SSW
15  36.7  40.3   1:30p  27.0  12:00m  28.3   0.0  0.01   2.8  21.0   7:30a   WNW
16  24.2  31.0   2:20p  15.2  12:00m  40.8   0.0  0.01   1.2  12.0   1:00a   WNW
17  14.6  18.0  10:50a  11.1   7:20a  50.4   0.0  0.00   3.8  21.0   2:30p   WNW
18  18.5  26.1   2:20p  11.1   7:30a  46.5   0.0  0.02   2.1  17.0   2:50a   WNW
19  29.1  38.2   4:10p  20.3   1:40a  35.9   0.0  0.13   3.0  23.0  11:50p   ENE
20  24.4  28.5  12:10a  20.0  12:00m  40.6   0.0  0.00   6.1  26.0   3:40p   WNW
21  17.2  20.0  12:10a  12.8   8:50a  47.8   0.0  0.00   3.5  17.0   1:00a   WNW
22  25.7  36.5   9:10p  12.1   2:10a  39.3   0.0  0.07   2.3  18.0  11:00p   ENE
23  34.7  36.8   9:50a  33.1   7:10a  30.3   0.0  0.14   1.3  15.0   5:10a    SE
24  31.4  33.7  12:40p  29.1   9:20p  33.6   0.0  0.04   0.7  11.0  12:30p   WNW
25  32.6  38.2   3:20p  21.1  12:00m  32.4   0.0  0.16   1.4  13.0  12:20p   WNW
26  32.1  44.3   2:00p  18.0   4:00a  32.9   0.0  0.10   2.8  19.0   2:00p   ENE
27  35.9  39.8  12:50p  32.9   4:20a  29.1   0.0  0.94   4.0  24.0   3:30a     E
28  36.1  40.8   2:40p  33.1   6:40a  28.9   0.0  0.07   0.5   8.0   3:50p   WNW
-------------------------------------------------------------------------------------
    25.3  47.9    11    -0.4     3  1110.8   0.0  2.03   2.4  26.0    20     WNW

Max >=  90.0:  0
Max <=  32.0: 15
Min <=  32.0: 25
Min <=   0.0:  1
Max Rain: 0.94 ON 02/27/13
Days of Rain: 13 (>.01 in) 5 (>.1 in) 0 (>1 in)
Heat Base:  65.0  Cool Base:  65.0  Method: Integration