NOAA-Style Climate Reports


NOAA Climate Reports are updated by Weatherlink v6.0.3 once per hour from this station.
2007-2017 Summary

Report for 2013 March
                   MONTHLY CLIMATOLOGICAL SUMMARY for MAR. 2013

NAME: CW6839   CITY: Country Meadow, Clay   STATE: New York 
ELEV:   410 ft  LAT:  43° 10' 16" N  LONG:  76° 09' 44" W

                   TEMPERATURE (°F), RAIN  (in), WIND SPEED (mph)

                                      HEAT  COOL        AVG
    MEAN                              DEG   DEG         WIND                 DOM
DAY TEMP  HIGH   TIME   LOW    TIME   DAYS  DAYS  RAIN  SPEED HIGH   TIME    DIR
------------------------------------------------------------------------------------
 1  31.8  34.3  11:00a  28.1  12:00m  33.2   0.0  0.01   2.2  16.0   1:30p    NW
 2  24.9  28.1  12:10a  22.2  11:40p  40.1   0.0  0.00   2.0  13.0  12:20p   WNW
 3  23.1  27.2   1:00p  19.9   7:00a  41.9   0.0  0.01   2.0  15.0  12:20p   WNW
 4  26.5  29.5   8:10p  23.9   4:30a  38.2   0.0  0.00   4.9  21.0   8:40a   WNW
 5  27.9  34.0   3:50p  20.3  10:10p  37.1   0.0  0.02   0.6  11.0   1:40a   WNW
 6  34.3  42.9   1:40p  19.9  12:40a  30.7   0.0  0.00   1.5  13.0   2:30p   ENE
 7  34.7  40.1   2:00p  28.4  11:50p  30.3   0.0  0.00   1.5  13.0   5:00p   NNW
 8  31.9  38.9   2:10p  24.7  12:00m  33.1   0.0  0.09   2.3  16.0  12:30p   NNW
 9  33.3  48.2   3:40p  21.6   3:20a  31.7   0.0  0.00   0.5   8.0   1:30p   WNW
10  44.4  59.2   4:30p  25.8   3:10a  19.7   0.0  0.00   2.6  15.0   2:30p    SE
11  50.9  56.2   3:50p  41.8   6:20a  14.1   0.0  0.00   4.0  28.0   9:40p    SE
12  43.0  55.6   2:40a  35.9  10:00p  22.0   0.0  0.35   1.9  21.0   3:10a   WNW
13  34.6  42.5  11:50a  27.6  12:00m  30.2   0.0  0.02   2.7  21.0   5:40p   WNW
14  24.3  29.3   5:50p  17.5   8:20a  40.7   0.0  0.01   7.3  30.0   6:00p   WNW
15  30.5  37.3   5:30p  21.0   3:50a  34.5   0.0  0.02   2.6  21.0   7:10p   WNW
16  25.0  30.7  12:10a  17.8  11:50p  40.0   0.0  0.00   1.4  11.0  12:10a   WNW
17  24.6  33.1   3:10p  16.5   1:00a  40.4   0.0  0.00   2.1  15.0  12:20p   WNW
18  24.3  34.7   5:20p  14.0   6:30a  40.7   0.0  0.00   3.3  19.0   4:40p   ESE
19  30.0  36.8   3:00p  27.5  12:00m  35.0   0.0  0.27   3.6  22.0   7:20p     E
20  28.8  36.3   2:30p  23.9   5:10a  36.2   0.0  0.14   3.4  22.0  10:50a     W
21  27.3  33.8   1:20p  20.0   6:20a  37.7   0.0  0.07   2.2  18.0   2:10p   WNW
22  28.6  31.3  10:00p  25.3   7:00a  36.4   0.0  0.04   3.4  20.0  12:20p     W
23  33.0  38.3   3:40p  28.1   8:00a  32.0   0.0  0.36   4.7  21.0   1:10p   WNW
24  34.1  40.2   2:50p  28.2   5:00a  30.9   0.0  0.01   1.4  12.0  12:30a   WNW
25  35.8  44.2   2:50p  28.4   1:00a  29.2   0.0  0.00   2.0  12.0  10:10a   ENE
26  37.9  46.1   2:10p  29.3  12:00m  27.1   0.0  0.00   1.8  14.0   1:40p   WNW
27  37.7  47.4   3:50p  27.6   1:30a  27.3   0.0  0.00   2.8  17.0   1:10p   WNW
28  39.8  47.7   1:20p  34.1  12:10a  25.2   0.0  0.00   3.2  17.0   4:00p   WNW
29  40.0  45.8   5:20p  32.1  11:00p  25.0   0.0  0.00   1.9  13.0   2:10p   WNW
30  40.0  52.8   3:50p  28.1   6:10a  25.0   0.0  0.00   1.2  12.0   2:40p   WNW
31  41.4  56.3   1:20p  29.8   1:10a  23.6   0.0  0.42   2.5  25.0   2:20p   SSE
-------------------------------------------------------------------------------------
    33.0  59.2    10    14.0    18   989.2   0.0  1.84   2.6  30.0    14     WNW

Max >=  90.0:  0
Max <=  32.0:  6
Min <=  32.0: 27
Min <=   0.0:  0
Max Rain: 0.42 ON 03/31/13
Days of Rain: 11 (>.01 in) 5 (>.1 in) 0 (>1 in)
Heat Base:  65.0  Cool Base:  65.0  Method: Integration