NOAA-Style Climate Reports


NOAA Climate Reports are updated by Weatherlink v6.0.3 once per hour from this station.
2007-2017 Summary

Report for 2013 April
                   MONTHLY CLIMATOLOGICAL SUMMARY for APR. 2013

NAME: CW6839   CITY: Country Meadow, Clay   STATE: New York 
ELEV:   410 ft  LAT:  43° 10' 16" N  LONG:  76° 09' 44" W

                   TEMPERATURE (°F), RAIN  (in), WIND SPEED (mph)

                                      HEAT  COOL        AVG
    MEAN                              DEG   DEG         WIND                 DOM
DAY TEMP  HIGH   TIME   LOW    TIME   DAYS  DAYS  RAIN  SPEED HIGH   TIME    DIR
------------------------------------------------------------------------------------
 1  36.3  42.6   6:30a  27.3  11:50p  28.7   0.0  0.16   5.3  29.0   3:00p   WNW
 2  27.5  33.1   3:50p  23.9   7:00a  37.5   0.0  0.24   4.8  25.0   9:10p   WNW
 3  30.8  35.3   4:40p  26.9   4:30a  34.2   0.0  0.09   5.2  26.0   1:20p   WNW
 4  40.7  55.9   5:20p  27.2   7:00a  24.3   0.0  0.02   1.8  13.0  10:00a   SSW
 5  39.6  44.9   1:50p  33.7  12:00m  25.4   0.0  0.00   4.2  19.0   9:50a   WNW
 6  35.9  46.1   5:10p  25.8   6:50a  29.1   0.0  0.00   1.6  12.0   9:50p     E
 7  50.9  66.4   3:50p  38.5  12:10a  14.2   0.1  0.00   4.5  24.0   2:30p   SSE
 8  48.0  55.9   5:40p  39.9   6:20a  17.0   0.0  0.00   2.1  16.0  10:00p   WNW
 9  50.8  63.2   2:50a  44.3   9:50a  14.2   0.0  0.43   3.0  25.0   3:40a   WNW
10  47.4  52.2   2:50p  42.3  12:00m  17.6   0.0  0.57   0.8  17.0   5:20p   NNE
11  37.9  42.3  12:10a  34.7  12:00m  27.1   0.0  0.14   1.8  22.0  11:40p   NNE
12  37.5  40.9  11:10p  33.5   2:50a  27.5   0.0  0.82   4.5  23.0   6:00a     E
13  42.9  49.5   1:30p  40.2   1:40a  22.1   0.0  0.02   1.6  20.0   3:40p     W
14  40.1  48.2   5:30p  31.5  11:30p  24.9   0.0  0.03   2.3  18.0   9:40a   WNW
15  49.5  69.4   6:00p  30.7   1:20a  15.8   0.3  0.00   3.5  23.0  10:30p   ENE
16  56.2  63.4   4:10p  45.1  12:00m   8.8   0.0  0.29   5.1  25.0  12:30p   SSW
17  46.4  56.9   5:50p  33.4   6:10a  18.6   0.0  0.00   1.4  14.0   2:00p   NNW
18  56.3  71.8   3:40p  38.3   1:10a   9.9   1.1  0.10   6.0  32.0  10:00p   SSE
19  61.3  75.1   4:50p  42.6   9:40p   6.0   2.3  0.35   6.2  32.0   3:20p   SSE
20  40.4  46.4  11:20a  32.2  12:00m  24.6   0.0  0.01   5.2  28.0  10:30a   WNW
21  36.6  46.5   5:50p  27.2   6:50a  28.4   0.0  0.00   1.2  11.0  12:30p    NW
22  45.4  59.8   5:10p  28.4   4:30a  19.6   0.0  0.00   2.7  19.0   4:00p    SE
23  49.6  64.0   5:20p  35.9   6:30a  15.4   0.0  0.00   2.8  25.0   2:50p    SE
24  54.1  71.5   2:10p  41.9   5:00a  11.7   0.8  0.04   3.7  26.0   8:30p   ENE
25  46.7  56.9   4:20p  38.5   3:40a  18.3   0.0  0.00   3.0  21.0  12:50a   WNW
26  45.2  56.5   4:00p  35.0  12:00m  19.8   0.0  0.10   1.2  12.0   5:00p   WNW
27  48.2  64.7   4:50p  30.9   6:20a  16.8   0.0  0.00   0.8   9.0   9:10a     E
28  59.0  75.3   2:10p  39.9   6:20a   8.4   2.4  0.02   2.3  25.0  11:00p   SSW
29  54.3  59.2   2:30p  49.6   5:40a  10.7   0.0  0.24   3.2  18.0   1:30a    SE
30  60.9  69.9   4:50p  53.9  12:00m   4.7   0.6  0.00   2.4  14.0   2:10p    SE
-------------------------------------------------------------------------------------
    45.9  75.3    28    23.9     2   581.3   7.6  3.67   3.1  32.0    18     WNW

Max >=  90.0:  0
Max <=  32.0:  0
Min <=  32.0: 10
Min <=   0.0:  0
Max Rain: 0.82 ON 04/12/13
Days of Rain: 17 (>.01 in) 9 (>.1 in) 0 (>1 in)
Heat Base:  65.0  Cool Base:  65.0  Method: Integration