NOAA-Style Climate Reports


NOAA Climate Reports are updated by Weatherlink v6.0.3 once per hour from this station.
2007-2017 Summary

Report for 2013 May
                   MONTHLY CLIMATOLOGICAL SUMMARY for MAY. 2013

NAME: CW6839   CITY: Country Meadow, Clay   STATE: New York 
ELEV:   410 ft  LAT:  43° 10' 16" N  LONG:  76° 09' 44" W

                   TEMPERATURE (°F), RAIN  (in), WIND SPEED (mph)

                                      HEAT  COOL        AVG
    MEAN                              DEG   DEG         WIND                 DOM
DAY TEMP  HIGH   TIME   LOW    TIME   DAYS  DAYS  RAIN  SPEED HIGH   TIME    DIR
------------------------------------------------------------------------------------
 1  63.0  77.6   2:50p  47.6   6:30a   5.6   3.6  0.00   1.5  16.0   4:00p   SSE
 2  63.5  79.4   5:20p  47.4   6:30a   5.4   3.9  0.00   0.6   9.0  12:00p   ENE
 3  63.4  74.2   4:30p  51.0   3:20a   4.0   2.4  0.00   2.9  18.0   3:50p   ENE
 4  59.6  74.9   4:00p  43.6   6:20a   6.8   2.0  0.00   0.8  13.0   4:30p   ENE
 5  62.8  77.7   5:00p  48.3   5:50a   5.9   3.8  0.00   1.1  14.0   3:00p     E
 6  60.8  76.5   5:00p  43.3   6:00a   7.1   2.8  0.00   1.2  12.0   1:40p   ENE
 7  64.5  79.2   3:50p  48.9   4:50a   5.1   4.6  0.00   1.2  13.0   3:40p   ENE
 8  61.3  69.4  12:10p  52.5   6:20a   4.0   0.4  0.19   1.0  13.0   6:30p   ENE
 9  60.9  71.8   3:00p  52.6   5:50a   5.2   1.1  0.00   0.5   9.0   2:10p   SSE
10  62.1  74.0   4:30p  49.4   6:20a   5.2   2.3  0.42   1.3  15.0   6:50p   SSE
11  56.2  63.2   8:00a  47.6  11:40p   8.8   0.0  0.64   1.5  12.0   8:30a    NW
12  47.0  55.0   3:10p  38.6  10:40p  18.0   0.0  0.04   2.9  27.0   3:00p    NW
13  43.0  51.4   4:10p  37.8   9:30a  22.0   0.0  0.01   2.4  20.0  11:50a    NW
14  45.2  56.3   3:50p  31.8   6:00a  19.8   0.0  0.00   1.0  15.0   2:30p   WSW
15  55.5  79.2   4:50p  37.8   1:10a  11.5   2.0  0.19   2.3  22.0   6:40p     E
16  61.1  73.3   3:20p  47.0   6:00a   6.6   2.7  0.00   2.3  22.0   4:30p    NW
17  53.7  66.4   4:00p  39.3   5:50a  11.3   0.1  0.00   1.1  12.0   3:20p    NW
18  57.3  72.3   5:00p  40.2   4:40a   9.0   1.3  0.00   1.0  10.0   5:50p    SE
19  62.0  69.4   6:20p  53.2   3:40a   3.8   0.8  0.00   2.1  16.0   8:20p   SSE
20  69.8  81.2   4:20p  56.0   5:40a   1.7   6.5  0.00   0.8   9.0   4:20p     E
21  71.9  84.7   4:00p  62.4   5:40a   0.3   7.2  0.57   0.8  19.0  10:20p   NNW
22  72.6  85.9   4:20p  62.6   6:00a   0.4   8.0  0.01   1.3  19.0  10:40p     S
23  69.1  77.4   2:30p  51.7  12:00m   0.9   5.0  0.61   2.3  20.0   1:10a    SW
24  44.2  51.7  12:10a  41.2  11:40a  20.8   0.0  0.37   2.4  17.0   3:00p    NW
25  48.8  55.7   4:10p  41.5   6:00a  16.2   0.0  0.00   2.8  23.0   4:30p    NW
26  52.3  61.3   4:40p  42.6   6:30a  12.7   0.0  0.00   2.1  19.0   4:00p    NW
27  55.8  68.4   4:40p  44.6   6:10a   9.7   0.5  0.00   1.1  13.0   1:10p    NW
28  55.0  62.9  12:00p  42.9   4:20a  10.0   0.0  0.26   1.7  16.0   2:40p   SSE
29  66.9  81.6   1:20p  57.5   1:20a   2.5   4.3  1.22   0.9  19.0  12:40p   ENE
30  73.4  86.5   4:10p  60.4   5:50a   0.9   9.3  0.00   0.4  10.0  12:50p    NW
31  76.8  90.5   4:00p  62.1   5:10a   0.4  12.1  0.00   0.6  12.0   2:30p    SW
-------------------------------------------------------------------------------------
    60.0  90.5    31    31.8    14   241.6  86.7  4.53   1.5  27.0    12      NW

Max >=  90.0:  1
Max <=  32.0:  0
Min <=  32.0:  1
Min <=   0.0:  0
Max Rain: 1.22 ON 05/29/13
Days of Rain: 10 (>.01 in) 9 (>.1 in) 1 (>1 in)
Heat Base:  65.0  Cool Base:  65.0  Method: Integration