NOAA-Style Climate Reports


NOAA Climate Reports are updated by Weatherlink v6.0.3 once per hour from this station.
2007-2017 Summary

Report for 2013 June
                   MONTHLY CLIMATOLOGICAL SUMMARY for JUN. 2013

NAME: CW6839   CITY: Country Meadow, Clay   STATE: New York 
ELEV:   410 ft  LAT:  43° 10' 16" N  LONG:  76° 09' 44" W

                   TEMPERATURE (°F), RAIN  (in), WIND SPEED (mph)

                                      HEAT  COOL        AVG
    MEAN                              DEG   DEG         WIND                 DOM
DAY TEMP  HIGH   TIME   LOW    TIME   DAYS  DAYS  RAIN  SPEED HIGH   TIME    DIR
------------------------------------------------------------------------------------
 1  75.9  89.3   3:50p  63.1   5:40a   0.2  11.2  0.00   1.8  18.0   4:20p    SW
 2  72.3  81.2   3:00p  62.4  12:00m   0.0   7.3  0.07   1.7  20.0   6:30a    SW
 3  55.7  62.4   2:30p  48.0  10:20p   9.3   0.0  0.00   1.5  12.0   5:50p    NW
 4  55.1  65.2   4:30p  44.1   6:10a   9.9   0.0  0.00   1.2  16.0  10:30a    NW
 5  59.7  71.6   4:40p  47.6   5:00a   6.4   1.1  0.00   0.7   9.0   5:10p   NNW
 6  56.6  60.2   8:30a  53.8   8:40p   8.4   0.0  2.73   1.2  15.0   9:00p     E
 7  58.4  60.1  11:50a  55.4  12:10a   6.6   0.0  0.04   1.9  13.0   4:00p   ENE
 8  59.7  63.7   6:30p  56.5   4:10a   5.3   0.0  0.09   0.3   7.0  10:10a    NW
 9  64.0  74.2   4:20p  52.9   3:10a   3.9   2.9  0.00   0.6   9.0  11:40a   NNW
10  61.8  67.6  11:00a  56.6   1:50a   3.4   0.2  0.32   1.5  15.0   4:30p   ENE
11  61.6  66.1  10:50a  56.6  11:50p   3.4   0.0  0.24   1.1  16.0   1:30p    NW
12  62.8  73.5   3:50p  54.4   6:00a   4.2   2.0  0.00   0.7  11.0   8:20a    NW
13  58.6  59.8   6:50a  56.0  12:10a   6.4   0.0  1.54   2.2  20.0   2:20p     E
14  61.4  71.8   4:50p  51.6   5:20a   5.2   1.6  0.00   1.2  16.0   4:00p    NW
15  62.1  73.2   2:30p  48.8   5:50a   5.3   2.5  0.00   0.8  12.0   3:10p    NW
16  63.7  70.8  10:20a  55.7  12:20a   2.9   1.6  0.22   0.8  13.0   4:00p     S
17  68.7  78.6  12:40p  60.1  12:00m   0.6   4.3  0.27   1.4  19.0   1:00p    NW
18  61.8  70.8   2:50p  53.6  12:00m   4.2   1.0  0.03   1.0  12.0   5:20p   NNW
19  57.8  67.4   4:50p  45.4   6:00a   7.6   0.4  0.00   0.9  13.0   3:10p    NW
20  60.8  77.4   4:00p  43.8   6:10a   7.5   3.3  0.00   0.6  10.0   2:40p   NNW
21  66.0  82.6   4:00p  48.2   5:10a   4.9   5.9  0.00   0.4   8.0   5:00p   NNW
22  73.3  85.7   2:10p  59.5   5:40a   1.2   9.5  0.00   0.8  11.0  10:40a    SW
23  77.0  89.7   2:00p  69.4  11:10p   0.0  12.0  0.26   0.8  14.0   2:40p   SSW
24  74.6  88.8   2:20p  66.1   4:50a   0.0   9.6  0.06   0.6  17.0   3:00p    SE
25  74.2  83.6   2:30p  64.3   5:20a   0.0   9.3  0.01   0.6  13.0   1:00p   WSW
26  74.0  84.1   4:40p  67.4  12:00m   0.0   9.0  0.60   0.7  10.0  12:10p   WSW
27  71.2  81.8  12:00p  62.7   5:20a   0.2   6.4  0.34   0.5  15.0   8:00p     N
28  67.8  75.6   3:20p  62.4  11:10p   0.2   3.0  0.73   0.8  11.0   5:20p    NW
29  67.2  75.6   5:00p  61.0   2:20a   1.0   3.3  0.24   0.4   8.0   5:00p    NW
30  70.9  81.6   2:50p  61.6  12:30a   0.5   6.4  0.01   0.8  12.0   4:00p    NW
-------------------------------------------------------------------------------------
    65.2  89.7    23    43.8    20   108.7 113.8  7.80   1.0  20.0     2      NW

Max >=  90.0:  0
Max <=  32.0:  0
Min <=  32.0:  0
Min <=   0.0:  0
Max Rain: 2.73 ON 06/06/13
Days of Rain: 16 (>.01 in) 11 (>.1 in) 2 (>1 in)
Heat Base:  65.0  Cool Base:  65.0  Method: Integration