NOAA-Style Climate Reports


NOAA Climate Reports are updated by Weatherlink v6.0.3 once per hour from this station.
2007-2017 Summary

Report for 2013 July
                   MONTHLY CLIMATOLOGICAL SUMMARY for JUL. 2013

NAME: CW6839   CITY: Country Meadow, Clay   STATE: New York 
ELEV:   410 ft  LAT:  43° 10' 16" N  LONG:  76° 09' 44" W

                   TEMPERATURE (°F), RAIN  (in), WIND SPEED (mph)

                                      HEAT  COOL        AVG
    MEAN                              DEG   DEG         WIND                 DOM
DAY TEMP  HIGH   TIME   LOW    TIME   DAYS  DAYS  RAIN  SPEED HIGH   TIME    DIR
------------------------------------------------------------------------------------
 1  69.1  73.3   1:30p  65.2   5:40a   0.0   4.1  0.40   0.5   9.0   1:20p     N
 2  72.8  82.6   2:50p  66.1   5:50a   0.0   7.8  0.07   0.4   8.0   5:10p   WNW
 3  77.0  88.4   3:50p  67.1   5:50a   0.0  12.0  0.32   0.8  12.0  10:40a    SW
 4  77.0  84.0  12:10p  71.3   3:20a   0.0  12.0  0.03   0.7  11.0   1:10p   WSW
 5  76.0  88.2   1:30p  69.4   5:10a   0.0  11.0  0.56   0.6  16.0   2:30p     N
 6  76.2  84.1   2:40p  69.8   6:20a   0.0  11.2  0.01   0.4   9.0  11:00a   NNW
 7  77.7  87.4   3:10p  70.9  12:40a   0.0  12.7  0.36   0.6  12.0   2:10p    NW
 8  74.4  83.0   5:00p  68.4  11:10p   0.0   9.4  0.40   0.6  13.0   1:50p    NW
 9  74.1  84.9   3:40p  67.3   5:00a   0.0   9.1  0.08   0.6  11.0   7:50p    NE
10  76.7  85.7   4:20p  69.6   5:30a   0.0  11.7  0.27   1.6  20.0   9:20p    SW
11  71.2  77.7   4:30p  63.1  11:40p   0.1   6.2  0.00   1.0  14.0   2:20p    NW
12  69.2  79.2   3:20p  60.2   5:40a   1.2   5.3  0.00   0.6   9.0   3:00p     N
13  71.7  79.0   3:00p  62.6   4:10a   0.4   7.1  0.00   0.8  11.0   9:00a    SE
14  78.3  89.3   5:20p  67.3   4:20a   0.0  13.3  0.00   0.6  10.0   1:40p    SW
15  79.2  89.3   2:50p  69.8  12:00m   0.0  14.2  0.00   0.3   9.0   1:40p    NW
16  78.2  89.9   2:20p  67.4   6:00a   0.0  13.2  0.00   0.5  10.0   3:30p    NW
17  80.0  96.1   2:10p  67.4   5:00a   0.0  15.0  0.00   0.6  12.0   4:00p   WSW
18  81.9  91.4   2:10p  74.7   5:00a   0.0  16.9  0.02   0.8  13.0   2:40p     W
19  82.7  93.4   3:50p  68.8   9:20a   0.0  16.1  0.21   2.1  45.0   8:40p    SW
20  71.9  78.0  12:10p  64.5  12:00m   0.0   6.9  0.11   1.3  15.0  12:40a    SW
21  69.1  78.4   3:30p  61.5  12:00m   0.8   4.9  0.00   0.5   9.0   2:30p    NW
22  71.1  83.3   5:00p  58.9   5:00a   1.4   7.5  0.07   0.7  10.0   6:30p    SE
23  73.8  83.7   5:10p  67.0   7:20a   0.0   8.8  0.38   0.4  11.0   4:10p    SE
24  62.7  71.7  12:10a  51.7  12:00m   2.9   0.5  0.00   1.3  14.0   8:00a    NW
25  61.6  75.3   4:50p  47.4   6:10a   6.0   2.7  0.00   0.7   9.0   2:20p   NNW
26  64.5  79.0   3:40p  50.2   6:10a   4.8   4.3  0.00   0.4   8.0   1:20p    NW
27  68.0  82.5   2:10p  54.9   6:00a   2.7   5.8  0.36   1.1  16.0   2:30p   SSE
28  68.5  74.6   4:00p  60.4  12:00m   0.4   3.9  1.04   0.8  13.0   7:30p   SSE
29  64.1  74.5   2:30p  55.0   6:30a   3.0   2.1  0.00   0.6  13.0  10:50a    SW
30  65.4  74.8   4:30p  58.0  12:00m   2.2   2.7  0.00   0.6  10.0  10:00a    NW
31  67.1  79.5   3:00p  54.1   6:20a   3.0   5.1  0.00   0.2   7.0   2:00p   SSE
-------------------------------------------------------------------------------------
    72.6  96.1    17    47.4    25    28.9 263.5  4.69   0.7  45.0    19      NW

Max >=  90.0:  3
Max <=  32.0:  0
Min <=  32.0:  0
Min <=   0.0:  0
Max Rain: 1.04 ON 07/28/13
Days of Rain: 16 (>.01 in) 11 (>.1 in) 1 (>1 in)
Heat Base:  65.0  Cool Base:  65.0  Method: Integration