NOAA-Style Climate Reports


NOAA Climate Reports are updated by Weatherlink v6.0.3 once per hour from this station.
2007-2017 Summary

Report for 2013 August
                   MONTHLY CLIMATOLOGICAL SUMMARY for AUG. 2013

NAME: CW6839   CITY: Country Meadow, Clay   STATE: New York 
ELEV:   410 ft  LAT:  43° 10' 16" N  LONG:  76° 09' 44" W

                   TEMPERATURE (°F), RAIN  (in), WIND SPEED (mph)

                                      HEAT  COOL        AVG
    MEAN                              DEG   DEG         WIND                 DOM
DAY TEMP  HIGH   TIME   LOW    TIME   DAYS  DAYS  RAIN  SPEED HIGH   TIME    DIR
------------------------------------------------------------------------------------
 1  67.5  77.4   2:40p  60.5  12:00m   1.0   3.5  0.49   1.0  14.0   3:00p    NW
 2  66.1  75.5   2:40p  58.5   6:10a   2.2   3.3  0.06   0.5  15.0   3:40p    SW
 3  66.7  76.0   3:20p  60.4   4:40a   1.7   3.5  0.09   0.9  15.0   3:40p    NW
 4  64.9  71.9   1:20p  58.3   5:40a   1.8   1.7  0.00   1.1  14.0   3:20p    NW
 5  62.2  74.9   4:40p  49.1   6:40a   5.4   2.6  0.00   0.5  10.0   2:00p   NNW
 6  64.9  78.7   3:20p  50.8   6:10a   4.4   4.3  0.00   0.7  10.0   2:20p   SSE
 7  71.2  76.2   4:00p  63.9  12:10a   0.0   6.2  0.00   4.0  20.0  10:30a   SSE
 8  74.9  85.4   3:40p  65.9   5:50a   0.0   9.9  0.07   0.6  11.0   1:10a     S
 9  71.5  78.5   3:50p  64.0  10:50p   0.0   6.5  0.11   0.2  10.0   5:20p    NW
10  65.7  71.9   3:50p  53.7  12:00m   1.7   2.4  0.00   0.9  16.0   1:20p    NW
11  62.9  75.3   3:50p  49.8   6:20a   5.3   3.2  0.00   0.4  12.0   2:50p    NW
12  67.1  79.6   3:10p  55.3   6:20a   2.4   4.5  0.00   0.3  12.0   3:00p    SW
13  66.5  76.9   1:40p  60.2  10:00p   1.0   2.4  0.69   1.0  15.0   7:20p    NW
14  60.6  68.4   3:40p  55.3   7:20a   4.7   0.3  0.00   1.4  16.0  11:40a   WSW
15  61.6  74.5   4:30p  50.2   4:20a   5.6   2.2  0.00   0.7  12.0  11:40a   WSW
16  62.8  75.6   4:10p  50.3   6:40a   5.3   3.1  0.00   0.3   7.0  11:30a    SW
17  64.9  80.0   3:20p  50.6   6:10a   4.7   4.6  0.00   0.3   8.0   3:30p   NNW
18  66.2  78.1   4:10p  56.7   6:20a   2.9   4.1  0.00   0.1   5.0   2:50p    NE
19  68.4  81.5   3:10p  57.5   6:30a   2.4   5.8  0.00   0.3   9.0   4:20p   NNW
20  68.9  83.0   3:50p  56.4   4:20a   2.6   6.5  0.00   0.4  10.0  11:20a   WSW
21  71.2  85.3   3:20p  57.5   6:10a   1.8   8.0  0.00   0.3   9.0   3:00p   WSW
22  70.8  85.9   2:40p  60.1   6:30a   0.9   6.7  0.53   0.5  17.0   3:20p   WSW
23  64.9  73.6   2:00p  55.6  12:00m   2.5   2.5  0.00   0.6  11.0   2:00p    NW
24  62.0  76.4   4:10p  49.1   6:40a   6.0   3.1  0.00   0.3  12.0  12:20p   NNW
25  67.0  82.2   3:20p  51.6   3:00a   4.1   6.1  0.00   0.3  11.0   1:50p    SW
26  69.9  76.5   2:20p  64.5   6:20a   0.0   4.9  0.41   0.5  14.0  11:30a   WSW
27  71.8  82.8   5:00p  66.0   5:20a   0.0   6.8  0.01   0.1   5.0   2:00p   SSE
28  73.8  86.9   4:10p  65.8   4:50a   0.0   8.8  0.03   0.5  13.0   4:10p     N
29  71.2  85.5   3:00p  62.1   6:10a   0.4   6.5  0.00   0.5  12.0   4:20p   NNW
30  71.8  85.6   1:50p  60.1   6:40a   1.1   7.9  0.01   0.3  10.0   3:00p    SW
31  73.3  82.3   1:20p  68.5   2:50a   0.0   8.3  0.38   0.4  10.0   3:30p    NW
-------------------------------------------------------------------------------------
    67.5  86.9    28    49.1     5    71.9 150.2  2.88   0.6  20.0     7      NW

Max >=  90.0:  0
Max <=  32.0:  0
Min <=  32.0:  0
Min <=   0.0:  0
Max Rain: 0.69 ON 08/13/13
Days of Rain: 10 (>.01 in) 6 (>.1 in) 0 (>1 in)
Heat Base:  65.0  Cool Base:  65.0  Method: Integration