NOAA-Style Climate Reports


NOAA Climate Reports are updated by Weatherlink v6.0.3 once per hour from this station.
2007-2017 Summary

Report for 2013 September
                   MONTHLY CLIMATOLOGICAL SUMMARY for SEP. 2013

NAME: CW6839   CITY: Country Meadow, Clay   STATE: New York 
ELEV:   410 ft  LAT:  43° 10' 16" N  LONG:  76° 09' 44" W

                   TEMPERATURE (°F), RAIN  (in), WIND SPEED (mph)

                                      HEAT  COOL        AVG
    MEAN                              DEG   DEG         WIND                 DOM
DAY TEMP  HIGH   TIME   LOW    TIME   DAYS  DAYS  RAIN  SPEED HIGH   TIME    DIR
------------------------------------------------------------------------------------
 1  72.7  82.8   4:20p  63.6   5:30a   0.1   7.7  1.04   0.4  29.0  11:40p    NE
 2  69.6  84.3   2:40p  63.1   5:20p   0.1   4.6  1.30   0.6  23.0   4:50p    SE
 3  64.0  69.9  11:20a  60.9   6:20a   1.4   0.5  0.00   0.8  15.0   9:20a   WSW
 4  67.3  78.0   3:50p  56.6   5:40a   2.1   4.4  0.00   0.9  12.0  11:20a   WSW
 5  60.1  69.0  12:10p  49.5  12:00m   5.3   0.4  0.00   1.0  15.0   4:30p    NW
 6  55.6  68.7   5:20p  42.4   6:50a  10.0   0.6  0.00   0.4  10.0  12:20p    SW
 7  59.4  70.3  11:40a  50.0   7:00a   6.2   0.6  0.24   0.1  10.0  11:40a     S
 8  59.3  65.6   4:00p  46.1  12:00m   5.7   0.0  0.23   1.8  18.0  11:50a   NNW
 9  59.6  75.1   4:30p  43.1   5:00a   8.1   2.7  0.00   1.0  12.0  12:00p   SSE
10  74.2  88.7   4:30p  60.9   2:00a   0.9  10.1  0.50   1.3  13.0   7:50a    SW
11  80.0  92.9   3:50p  68.5  11:40p   0.0  15.0  0.23   1.2  19.0   5:40p    SW
12  69.4  77.6  11:10a  62.9  12:00m   0.1   4.5  0.17   0.3  10.0   1:30a   WSW
13  55.6  62.9  12:10a  48.8  10:10p   9.4   0.0  0.03   1.7  14.0   1:10p     N
14  51.5  59.7  12:00p  44.3  11:20p  13.5   0.0  0.05   0.4  13.0   3:20p    NW
15  54.5  67.0   3:00p  41.8   6:50a  10.6   0.1  0.00   0.3   8.0  11:40a    SW
16  51.8  58.2  12:10a  40.0  12:00m  13.2   0.0  0.12   0.9  14.0   2:50p   NNW
17  47.7  62.8   4:20p  34.3   6:50a  17.3   0.0  0.00   0.3  11.0   2:50p    SE
18  55.0  73.5   4:30p  39.8   6:20a  11.5   1.5  0.00   0.4  10.0   3:40p    SE
19  59.0  76.3   3:40p  45.1   7:10a   8.5   2.5  0.00   0.3   8.0   3:00p    SE
20  65.4  80.3   4:00p  50.4   7:10a   4.7   5.1  0.00   1.7  15.0   2:50p   SSE
21  64.6  70.0  12:50p  58.5  10:00p   1.8   1.3  0.78   2.9  19.0  12:00p   SSE
22  53.4  58.7  12:10a  46.8  12:00m  11.6   0.0  0.03   1.0  17.0  11:30a    NW
23  48.1  57.4   4:00p  42.1   4:30a  16.9   0.0  0.01   0.5  11.0   1:20p   NNW
24  49.2  61.8   2:40p  37.6   5:10a  15.8   0.0  0.00   0.6  15.0  12:00p    NW
25  52.0  69.5   3:10p  37.6   7:00a  13.6   0.5  0.00   0.5  10.0   4:50p    NW
26  54.7  70.5   3:00p  41.3   6:40a  11.2   0.9  0.00   0.4   9.0   5:00p    NW
27  54.3  68.9   4:20p  42.0   7:20a  11.1   0.4  0.00   0.4   8.0   1:40p   ENE
28  56.5  72.6   4:30p  44.7   5:50a   9.6   1.1  0.00   0.5  10.0   2:10p   ENE
29  57.9  73.2   4:00p  45.6   6:40a   9.0   1.9  0.00   1.2  14.0  12:40p   SSE
30  59.6  76.4   3:20p  46.9   7:00a   7.7   2.3  0.00   0.3   7.0  10:30a    SE
-------------------------------------------------------------------------------------
    59.4  92.9    11    34.3    17   237.0  68.7  4.73   0.8  29.0     1      NW

Max >=  90.0:  1
Max <=  32.0:  0
Min <=  32.0:  0
Min <=   0.0:  0
Max Rain: 1.30 ON 09/02/13
Days of Rain: 12 (>.01 in) 9 (>.1 in) 2 (>1 in)
Heat Base:  65.0  Cool Base:  65.0  Method: Integration