NOAA-Style Climate Reports


NOAA Climate Reports are updated by Weatherlink v6.0.3 once per hour from this station.
2007-2017 Summary

Report for 2013 October
                   MONTHLY CLIMATOLOGICAL SUMMARY for OCT. 2013

NAME: CW6839   CITY: Country Meadow, Clay   STATE: New York 
ELEV:   410 ft  LAT:  43° 10' 16" N  LONG:  76° 09' 44" W

                   TEMPERATURE (°F), RAIN  (in), WIND SPEED (mph)

                                      HEAT  COOL        AVG
    MEAN                              DEG   DEG         WIND                 DOM
DAY TEMP  HIGH   TIME   LOW    TIME   DAYS  DAYS  RAIN  SPEED HIGH   TIME    DIR
------------------------------------------------------------------------------------
 1  61.1  74.7   3:20p  51.5   3:20a   6.2   2.2  0.00   0.0   0.0     ---   ---
 2  62.2  76.1   2:30p  50.9  12:00m   5.5   2.7  0.00   0.5  12.0  11:10a    NW
 3  57.7  72.9   4:00p  44.4   7:30a   8.6   1.3  0.00   0.2   8.0   1:20p     S
 4  59.9  64.1   4:40p  55.8   8:00a   5.1   0.0  0.16   0.2   6.0   1:10p   ENE
 5  61.8  65.1   4:00p  59.3   7:40a   3.2   0.0  0.04   0.1   8.0  12:00m   WNW
 6  61.3  70.7  11:30p  56.1   6:40a   4.2   0.5  0.78   1.7  14.0  11:30p   ENE
 7  62.8  74.6   9:50a  51.9   9:20p   4.8   2.6  1.11   2.8  30.0  10:20a   SSE
 8  51.5  63.4   4:30p  41.6  12:00m  13.5   0.0  0.00   0.3  13.0  12:10a   WSW
 9  50.1  66.0   4:20p  37.8   5:50a  14.9   0.0  0.00   0.4   8.0  11:20a   NNE
10  49.1  64.4   5:10p  38.3   7:10a  15.9   0.0  0.00   0.1   6.0   3:30p    NE
11  52.4  68.4   4:40p  43.6  12:00m  12.7   0.1  0.00   0.0   4.0  12:30p   NNE
12  56.4  73.1   4:10p  40.0   6:10a  10.1   1.6  0.00   1.1  13.0   3:40p   ENE
13  59.8  70.3   4:30p  50.3   7:30a   6.1   0.9  0.00   0.7  10.0   9:00a   ENE
14  56.6  62.3   1:40a  49.1  12:00m   8.4   0.0  0.20   0.2   8.0   4:00a    SW
15  56.1  66.5   2:20p  47.8   2:50a   9.0   0.1  0.00   0.3   8.0   2:30p     E
16  61.1  66.4   1:50p  54.9  12:40a   3.9   0.1  0.18   1.9  18.0   4:00a   SSE
17  56.9  65.3   3:20p  47.1   8:00a   8.1   0.0  0.57   0.5  11.0  10:00a   WSW
18  52.7  60.3  12:40p  44.3   9:40p  12.3   0.0  0.06   1.7  24.0   2:40p   WSW
19  54.1  65.3  12:50p  43.6   1:30a  10.9   0.0  0.29   2.2  24.0  10:40p     S
20  49.0  57.5   2:20p  43.8   6:50a  16.0   0.0  0.01   2.4  20.0  11:20a   WSW
21  56.1  64.9   2:00p  44.2   5:50a   8.9   0.0  0.00   2.3  20.0  11:00p     S
22  49.2  59.1   1:30a  41.4  12:00m  15.8   0.0  0.10   1.3  16.0  12:50a   WSW
23  41.6  51.6   1:30p  36.2  11:40p  23.4   0.0  0.05   0.5  10.0   4:20p    NW
24  40.3  49.6  12:40p  33.4   5:00a  24.7   0.0  0.26   1.9  23.0  12:00p   WSW
25  40.6  48.2   3:10p  36.2  12:00m  24.4   0.0  0.09   0.5  11.0   6:00a   WSW
26  43.6  47.4   3:20p  36.1  12:10a  21.4   0.0  0.00   3.5  26.0   3:40p    SW
27  42.6  47.6   4:30p  39.1   8:20p  22.4   0.0  0.01   1.3  16.0  10:50a   WSW
28  42.2  51.9  11:40a  26.8  12:00m  22.8   0.0  0.00   1.6  17.0  12:10p    SW
29  33.5  45.9   4:10p  21.1   7:50a  31.5   0.0  0.00   0.2   8.0   3:50p     N
30  41.5  54.1   3:00p  35.0   5:50a  23.5   0.0  0.03   0.2   7.0   4:30p   ENE
31  52.5  60.8  11:50p  38.3  12:10a  12.5   0.0  0.82   2.1  16.0  11:20p   SSE
-------------------------------------------------------------------------------------
    52.1  76.1     2    21.1    29   410.7  12.1  4.76   1.1  30.0     7     WSW

Max >=  90.0:  0
Max <=  32.0:  0
Min <=  32.0:  2
Min <=   0.0:  0
Max Rain: 1.11 ON 10/07/13
Days of Rain: 15 (>.01 in) 9 (>.1 in) 1 (>1 in)
Heat Base:  65.0  Cool Base:  65.0  Method: Integration