NOAA-Style Climate Reports


NOAA Climate Reports are updated by Weatherlink v6.0.3 once per hour from this station.
2007-2017 Summary

Report for 2013 November
                   MONTHLY CLIMATOLOGICAL SUMMARY for NOV. 2013

NAME: CW6839   CITY: Country Meadow, Clay   STATE: New York 
ELEV:   410 ft  LAT:  43° 10' 16" N  LONG:  76° 09' 44" W

                   TEMPERATURE (°F), RAIN  (in), WIND SPEED (mph)

                                      HEAT  COOL        AVG
    MEAN                              DEG   DEG         WIND                 DOM
DAY TEMP  HIGH   TIME   LOW    TIME   DAYS  DAYS  RAIN  SPEED HIGH   TIME    DIR
------------------------------------------------------------------------------------
 1  60.7  67.4   1:40p  49.1  12:00m   4.5   0.1  0.36   4.9  26.0   1:20p     W
 2  45.8  53.9  12:30p  36.5  11:50p  19.2   0.0  0.05   1.3  14.0   6:40p    NW
 3  31.5  39.4  12:30p  22.3  11:20p  33.5   0.0  0.01   1.4  15.0   1:40p   NNW
 4  31.3  42.1   2:00p  19.1   7:10a  33.7   0.0  0.00   0.8  12.0  12:30p     E
 5  45.4  57.2   2:20p  32.6   7:10a  19.6   0.0  0.00   1.7  14.0   9:50p   SSE
 6  55.8  63.4  12:20p  46.7   3:40a   9.2   0.0  0.00   4.0  21.0  10:30p   SSE
 7  45.3  61.5  12:20a  35.2  10:40p  19.7   0.0  0.89   2.5  22.0  12:50a   WNW
 8  37.0  40.5  10:20a  32.9   7:30a  28.0   0.0  0.23   2.0  18.0  10:30a   WNW
 9  41.5  48.3  10:20p  34.8   4:20a  23.5   0.0  0.06   1.4  13.0   1:00p   SSE
10  43.8  48.7   3:40a  37.8   8:00p  21.2   0.0  0.22   3.3  26.0   5:20p     W
11  39.8  45.6   3:10p  32.8  11:50p  25.2   0.0  0.08   2.6  21.0   4:50p    SW
12  29.5  33.0  12:10a  25.9  12:00m  35.5   0.0  0.00   2.6  16.0   1:20p   WNW
13  30.0  37.8   2:40p  21.6   7:30a  35.0   0.0  0.00   1.8  15.0   4:00p     W
14  38.0  51.2   2:30p  23.8   6:50a  27.0   0.0  0.00   1.3  21.0  10:50a    SW
15  44.7  55.6   2:20p  37.7   1:20a  20.3   0.0  0.00   0.8  11.0   9:50a     S
16  46.2  59.6   1:50p  33.1   7:30a  18.8   0.0  0.00   0.5   9.0  10:30a    SE
17  54.6  61.7  11:40p  40.2  12:40a  10.4   0.0  0.17   5.1  28.0  11:10p   SSE
18  49.6  61.8   1:20a  37.7  12:00m  15.4   0.0  0.32   6.1  29.0  12:40a     W
19  33.9  37.7  12:10a  27.4  12:00m  31.1   0.0  0.07   3.3  22.0   9:00a   WNW
20  27.7  37.5   2:50p  17.2   7:30a  37.3   0.0  0.00   0.5   8.0  12:00p     E
21  37.1  47.2   1:00p  24.9   4:20a  27.9   0.0  0.00   1.1  12.0   1:30p   SSE
22  42.2  46.7   3:40p  36.6  12:00m  22.8   0.0  0.27   1.3  23.0   8:00p     E
23  30.2  39.4  12:50p  19.0  10:40p  34.8   0.0  0.01   4.6  26.0  12:50p   WNW
24  20.0  24.8   1:40p  16.2   4:40a  45.0   0.0  0.00   4.0  25.0   6:10p    NW
25  26.8  33.9   7:50p  16.8   1:30a  38.2   0.0  0.09   2.2  18.0  12:00m     S
26  33.1  35.8  12:30p  30.9   4:00a  31.9   0.0  0.46   1.8  14.0   1:00a     S
27  32.7  35.6  12:50p  23.9  12:00m  32.3   0.0  1.16   3.1  19.0  10:40p   WNW
28  22.6  28.8   1:10p  17.9   8:40p  42.4   0.0  0.06   1.8  18.0   1:30a   WNW
29  21.0  29.8   1:50p  10.5  11:50p  44.0   0.0  0.03   0.7  14.0   1:00p   WNW
30  20.7  32.5   8:40p   7.3   5:50a  44.3   0.0  0.00   1.4  15.0   2:00p    SE
-------------------------------------------------------------------------------------
    37.3  67.4     1     7.3    30   831.7   0.1  4.54   2.3  29.0    18     WNW

Max >=  90.0:  0
Max <=  32.0:  3
Min <=  32.0: 16
Min <=   0.0:  0
Max Rain: 1.16 ON 11/27/13
Days of Rain: 16 (>.01 in) 9 (>.1 in) 1 (>1 in)
Heat Base:  65.0  Cool Base:  65.0  Method: Integration