NOAA-Style Climate Reports


NOAA Climate Reports are updated by Weatherlink v6.0.3 once per hour from this station.
2007-2017 Summary

Report for 2014 January
                   MONTHLY CLIMATOLOGICAL SUMMARY for JAN. 2014

NAME: CW6839   CITY: Country Meadow, Clay   STATE: New York 
ELEV:   410 ft  LAT:  43° 10' 16" N  LONG:  76° 09' 44" W

                   TEMPERATURE (°F), RAIN  (in), WIND SPEED (mph)

                                      HEAT  COOL        AVG
    MEAN                              DEG   DEG         WIND                 DOM
DAY TEMP  HIGH   TIME   LOW    TIME   DAYS  DAYS  RAIN  SPEED HIGH   TIME    DIR
------------------------------------------------------------------------------------
 1  16.3  19.0   5:50a  12.3   8:00p  48.7   0.0  0.00   1.7  16.0  12:10a     N
 2   8.1  12.6   2:40p  -2.9  12:00m  56.9   0.0  0.00   1.5  11.0  10:00a   ENE
 3  -1.6   8.3   3:20p  -8.3   7:40a  66.6   0.0  0.00   1.2  14.0   7:30a   NNW
 4  16.4  31.8   8:40p  -8.7   1:00a  48.6   0.0  0.02   2.1  18.0  12:10p     E
 5  27.9  38.1  12:00m  18.6   8:00a  37.1   0.0  0.06   1.7  12.0   8:40p     E
 6  30.3  48.5   5:20a   6.3  11:50p  34.7   0.0  0.48   5.9  33.0   7:10a     W
 7   4.3   7.2   7:40p  -0.3   7:00a  60.7   0.0  0.00   6.7  31.0   1:10a     W
 8  13.3  19.7   3:10p   6.5   4:40a  51.7   0.0  0.00   2.4  21.0   1:00a    SW
 9  20.0  26.6   2:40p  14.4   9:10p  45.0   0.0  0.00   1.4  14.0   1:30a     W
10  27.9  35.2   3:10p  17.1  12:10a  37.1   0.0  0.09   0.7   8.0  10:50p     E
11  45.5  53.5  10:50a  32.6  12:40a  19.5   0.0  0.22   3.7  26.0   6:50p   SSE
12  35.2  40.8  12:10a  28.2  11:10p  29.8   0.0  0.01   3.4  23.0   1:00a     W
13  39.0  50.5   3:00p  25.9   6:00a  26.0   0.0  0.12   1.5  16.0   8:00p   SSE
14  38.7  42.6   9:40a  29.4  12:00m  26.3   0.0  0.27   0.3   8.0  10:40a   WNW
15  31.6  40.5  11:00a  27.0   2:50a  33.4   0.0  0.02   0.7   9.0  12:20p     E
16  28.5  35.0   2:00p  23.6   8:00a  36.5   0.0  0.00   0.4  10.0   3:00p    SW
17  32.1  40.2   3:40p  24.8  12:00m  32.9   0.0  0.01   1.2  16.0   1:30p    SW
18  24.4  28.9   6:20a  20.0  11:50p  40.6   0.0  0.00   1.6  13.0  11:30p     W
19  24.3  30.8  10:20p  16.0   8:00a  40.7   0.0  0.06   2.8  19.0  10:50p    SW
20  20.8  30.3   1:00a   7.8  12:00m  44.2   0.0  0.00   1.7  16.0   1:50p   NNW
21  -0.4   7.8  12:10a -11.3  12:00m  65.4   0.0  0.00   1.3  12.0   6:50p   NNW
22  -4.6   5.6   2:20p -13.8   3:00a  69.6   0.0  0.00   0.9  13.0  12:20p    NW
23   4.4  14.7   2:50p  -3.4  12:10a  60.6   0.0  0.01   0.5  12.0   4:00p   ESE
24  10.8  18.8  12:00m   0.8   4:30a  54.2   0.0  0.00   2.9  18.0   1:00p    SW
25  21.3  27.3   3:10p  13.0  12:00m  43.7   0.0  0.00   5.3  25.0   8:30p     S
26  13.5  25.2  12:00m   6.5   7:20a  51.5   0.0  0.00   3.1  18.0  10:50p   SSE
27  20.1  38.2   5:50a   6.8  11:50p  44.9   0.0  0.00   5.7  26.0   5:50a     W
28   4.1  11.6   4:10p  -8.1  12:00m  60.9   0.0  0.00   3.5  25.0   2:50a     W
29   4.7  16.4   3:00p -13.5   5:40a  60.3   0.0  0.00   2.9  22.0   3:10p     W
30  19.8  29.2   3:50p   4.1   7:40a  45.2   0.0  0.01   3.0  21.0   9:40p   SSE
31  30.5  34.9   3:10p  25.7  11:00p  34.5   0.0  0.00   2.0  21.0   2:50a    SW
-------------------------------------------------------------------------------------
    19.6  53.5    11   -13.8    22  1407.8   0.0  1.38   2.4  33.0     6       W

Max >=  90.0:  0
Max <=  32.0: 19
Min <=  32.0: 30
Min <=   0.0:  9
Max Rain: 0.48 ON 01/06/14
Days of Rain: 9 (>.01 in) 4 (>.1 in) 0 (>1 in)
Heat Base:  65.0  Cool Base:  65.0  Method: Integration