NOAA-Style Climate Reports


NOAA Climate Reports are updated by Weatherlink v6.0.3 once per hour from this station.
2007-2017 Summary

Report for 2014 February
                   MONTHLY CLIMATOLOGICAL SUMMARY for FEB. 2014

NAME: CW6839   CITY: Country Meadow, Clay   STATE: New York 
ELEV:   410 ft  LAT:  43° 10' 16" N  LONG:  76° 09' 44" W

                   TEMPERATURE (°F), RAIN  (in), WIND SPEED (mph)

                                      HEAT  COOL        AVG
    MEAN                              DEG   DEG         WIND                 DOM
DAY TEMP  HIGH   TIME   LOW    TIME   DAYS  DAYS  RAIN  SPEED HIGH   TIME    DIR
------------------------------------------------------------------------------------
 1  30.0  40.7   1:20p  18.7   7:10a  35.0   0.0  0.27   0.9  19.0   2:00p   ENE
 2  32.6  40.8  12:30a  26.8  12:00m  32.4   0.0  0.07   1.6  15.0  12:20a   WNW
 3  24.5  28.9  12:50p  21.0  11:50p  40.5   0.0  0.00   1.0  13.0   2:30p   WNW
 4  23.7  28.6  12:50p  20.0   6:50a  41.3   0.0  0.01   0.3   8.0  11:20p   NNW
 5  21.5  26.3   3:20p  12.8  11:10p  43.5   0.0  0.00   2.8  16.0   8:20p   NNW
 6  12.1  20.0   3:20p   0.1   8:10a  52.9   0.0  0.10   0.8  12.0   1:40p    SW
 7  14.8  20.2   2:40p   1.5  12:00m  50.2   0.0  0.00   2.1  18.0   5:10a     W
 8  11.1  19.2   3:30p  -2.2   2:10a  53.9   0.0  0.00   1.1  14.0   4:30a   WSW
 9  16.1  20.8   1:00p   7.8   5:40a  48.9   0.0  0.00   0.8  10.0  11:30a   ENE
10  17.5  22.4   3:40p  12.9  12:00m  47.5   0.0  0.00   0.8  10.0   8:40p   WNW
11  13.3  19.1   1:30p   6.3  11:30p  51.7   0.0  0.00   0.7  10.0   1:40p   WNW
12   9.2  22.3   3:00p  -4.8   4:40a  55.8   0.0  0.00   0.9  12.0   3:10p   ENE
13  19.2  26.4   3:50p   6.9  12:10a  45.8   0.0  0.00   1.7  13.0  10:50p     E
14  25.9  32.1   4:00p  19.8   2:40a  39.1   0.0  0.00   2.8  17.0   4:40p   WNW
15  25.7  30.3   2:10p  19.7  12:00m  39.3   0.0  0.00   2.0  19.0  10:40p   WNW
16  16.0  19.9  12:40a   8.9  12:00m  49.0   0.0  0.00   1.7  12.0  12:20a   WNW
17   8.6  22.0   3:30p -10.4   7:10a  56.4   0.0  0.00   0.7  13.0  11:40p     E
18  26.3  34.1   2:10p  14.9  12:10a  38.7   0.0  0.00   3.8  22.0   2:50a     W
19  32.2  44.2   2:20p  16.6   1:50a  32.8   0.0  0.06   2.6  25.0   6:30p   SSE
20  32.4  42.8   3:00p  17.7   7:20a  32.6   0.0  0.44   1.6  17.0   5:00p     E
21  36.4  40.2  10:30p  31.3   9:20p  28.6   0.0  0.70   2.8  16.0   5:00a     E
22  40.6  47.3   1:20p  34.6   6:20a  24.4   0.0  0.01   4.5  30.0  12:30p     W
23  36.2  43.3   1:00p  26.7   8:50p  28.8   0.0  0.00   1.5  13.0  11:40p     W
24  22.5  27.4  12:10a  17.5  11:30p  42.5   0.0  0.01   4.1  25.0   4:20a   WNW
25  18.0  23.0  12:30p  12.1   7:00a  47.0   0.0  0.02   1.6  18.0   1:30p     W
26  12.2  18.1   3:50a  -0.7   9:20p  52.8   0.0  0.00   3.4  24.0   8:40a     W
27  12.4  24.3  12:20p   0.9  12:20a  52.6   0.0  0.00   4.5  28.0   5:40p     W
28   7.5  15.4   3:40p   2.3   9:20p  57.5   0.0  0.01   0.7  12.0  12:40a     E
-------------------------------------------------------------------------------------
    21.4  47.3    22   -10.4    17  1221.5   0.0  1.70   1.9  30.0    22       W

Max >=  90.0:  0
Max <=  32.0: 19
Min <=  32.0: 27
Min <=   0.0:  4
Max Rain: 0.70 ON 02/21/14
Days of Rain: 7 (>.01 in) 3 (>.1 in) 0 (>1 in)
Heat Base:  65.0  Cool Base:  65.0  Method: Integration