NOAA-Style Climate Reports


NOAA Climate Reports are updated by Weatherlink v6.0.3 once per hour from this station.
2007-2017 Summary

Report for 2014 April
                   MONTHLY CLIMATOLOGICAL SUMMARY for APR. 2014

NAME: CW6839   CITY: Country Meadow, Clay   STATE: New York 
ELEV:   410 ft  LAT:  43° 10' 16" N  LONG:  76° 09' 44" W

                   TEMPERATURE (°F), RAIN  (in), WIND SPEED (mph)

                                      HEAT  COOL        AVG
    MEAN                              DEG   DEG         WIND                 DOM
DAY TEMP  HIGH   TIME   LOW    TIME   DAYS  DAYS  RAIN  SPEED HIGH   TIME    DIR
------------------------------------------------------------------------------------
 1  39.2  55.3   5:50p  24.4   6:30a  25.8   0.0  0.00   1.4  15.0   2:00p     E
 2  40.0  52.5   2:50p  31.7  12:00m  25.0   0.0  0.00   1.7  15.0  10:20a    NW
 3  34.9  44.4   3:00p  23.3   7:00a  30.1   0.0  0.00   0.9   9.0   2:10p   NNW
 4  41.2  48.1   2:30p  34.5  12:10a  23.8   0.0  0.58   3.7  24.0  10:00p     E
 5  38.5  45.2  12:40a  33.2  12:00m  26.5   0.0  0.12   4.6  22.0   9:20a     W
 6  38.7  52.3   6:10p  26.3   6:40a  26.3   0.0  0.00   0.9  10.0  10:50a   WSW
 7  39.2  51.8  12:50p  29.4   5:20a  25.8   0.0  0.70   2.7  23.0   9:40p     E
 8  44.2  56.0  11:00a  39.3   1:10a  20.8   0.0  0.45   3.5  22.0  11:40a   WNW
 9  40.0  46.3   3:20p  31.5  11:50p  25.0   0.0  0.01   2.2  17.0  12:30p   WNW
10  51.6  68.9   5:50p  28.5   6:00a  13.9   0.5  0.00   4.0  29.0   5:30p     S
11  51.0  62.9  12:10a  37.8  12:00m  14.0   0.0  0.09   1.3  16.0  12:30a   WNW
12  51.1  66.2   4:10p  34.4   7:10a  13.9   0.0  0.00   1.0  11.0   2:40p   WNW
13  62.6  82.3   5:00p  46.4   6:40a   6.9   4.5  0.05   3.0  21.0   3:30p   ENE
14  66.8  78.3   3:40p  53.9   4:00a   2.5   4.3  0.46   4.1  27.0   4:10p     S
15  42.9  64.8  12:30a  27.8  11:50p  22.1   0.0  0.58   5.4  21.0   7:10a   WNW
16  29.4  36.3   5:10p  22.5   6:50a  35.6   0.0  0.02   3.1  19.0  12:10a    NW
17  39.7  55.6   5:50p  23.3   5:00a  25.3   0.0  0.00   2.7  17.0   3:40p    SE
18  48.0  61.3   5:20p  35.4   6:30a  17.0   0.0  0.05   2.2  14.0   3:30p    SE
19  43.3  51.9   4:50p  34.7  12:00m  21.7   0.0  0.00   2.3  15.0   2:50p   WNW
20  47.4  65.5   5:10p  28.6   6:30a  17.6   0.0  0.00   1.3  12.0   2:30p   ENE
21  60.3  76.1   3:50p  43.2   6:50a   7.3   2.6  0.00   0.8  10.0   3:10p   SSE
22  55.3  61.3   7:50a  44.0  12:00m   9.7   0.0  0.28   2.5  17.0   6:20p   WNW
23  41.7  45.1  11:10a  37.9  12:00m  23.3   0.0  0.07   3.8  18.0  10:00a   WNW
24  41.5  50.5   4:20p  33.1   5:40a  23.5   0.0  0.00   2.9  24.0   9:00a    NW
25  48.7  67.0   4:20p  30.1   3:30a  16.4   0.2  0.20   2.9  20.0   8:10p    SE
26  45.3  51.4   2:40p  41.4  12:00m  19.7   0.0  0.16   2.3  19.0   2:20a     W
27  44.2  52.0   4:50p  38.4  12:00m  20.8   0.0  0.00   2.4  13.0   9:20a   NNW
28  47.6  60.9   5:00p  31.3   4:40a  17.4   0.0  0.00   1.0  14.0   2:30p   NNW
29  48.8  54.1  10:10a  43.7  11:50p  16.2   0.0  0.54   5.2  28.0   7:50a    SE
30  44.3  47.2  11:50p  41.0   4:20a  20.7   0.0  0.86   4.0  19.0   1:50a     E
-------------------------------------------------------------------------------------
    45.6  82.3    13    22.5    16   594.6  12.1  5.22   2.7  29.0    10     WNW

Max >=  90.0:  0
Max <=  32.0:  0
Min <=  32.0: 13
Min <=   0.0:  0
Max Rain: 0.86 ON 04/30/14
Days of Rain: 16 (>.01 in) 11 (>.1 in) 0 (>1 in)
Heat Base:  65.0  Cool Base:  65.0  Method: Integration