NOAA-Style Climate Reports


NOAA Climate Reports are updated by Weatherlink v6.0.3 once per hour from this station.
2007-2017 Summary

Report for 2014 June
                   MONTHLY CLIMATOLOGICAL SUMMARY for JUN. 2014

NAME: CW6839   CITY: Country Meadow, Clay   STATE: New York 
ELEV:   410 ft  LAT:  43° 10' 16" N  LONG:  76° 09' 44" W

                   TEMPERATURE (°F), RAIN  (in), WIND SPEED (mph)

                                      HEAT  COOL        AVG
    MEAN                              DEG   DEG         WIND                 DOM
DAY TEMP  HIGH   TIME   LOW    TIME   DAYS  DAYS  RAIN  SPEED HIGH   TIME    DIR
------------------------------------------------------------------------------------
 1  65.5  79.8   4:20p  46.2   5:50a   5.2   5.8  0.00   1.6  13.0  12:10p   SSE
 2  74.7  87.7   4:40p  58.5   5:30a   0.5  10.3  0.07   1.3  14.0   8:50p   SSW
 3  73.7  83.0   4:30p  63.7  12:00m   0.0   8.7  0.03   1.7  19.0  12:10p     S
 4  62.6  71.8  10:40a  49.7   5:30a   4.3   1.9  0.00   0.6  11.0  10:10a    SW
 5  57.6  67.0   1:10p  47.8   5:20a   7.6   0.2  0.00   0.9  13.0   5:40p    NW
 6  60.3  70.3   4:20p  52.4   6:30a   5.4   0.7  0.00   1.1  13.0   1:10p    NW
 7  64.6  78.9   4:30p  49.5   4:30a   5.1   4.6  0.00   0.7  10.0   3:10p    NW
 8  66.9  83.0   2:10p  49.7   5:30a   4.4   6.3  0.32   0.7  12.0   9:40p    NE
 9  67.0  70.7  12:50p  62.2   5:00a   0.6   2.6  0.00   0.7  13.0   8:10a    SE
10  69.3  78.5   3:30p  63.5   5:40a   0.3   4.6  0.01   0.6  10.0  12:30p     E
11  66.1  68.6   4:50p  63.4  12:10p   0.2   1.3  0.10   2.2  19.0   5:50p   ENE
12  67.4  71.5   7:20p  62.3   5:40a   0.5   2.8  0.14   1.9  16.0   7:10p   SSE
13  68.9  81.3   4:00p  62.1  12:00m   0.2   4.0  0.50   0.6  16.0   5:10p   WSW
14  57.0  62.1  12:10a  49.4   6:10a   8.0   0.0  0.00   1.1  12.0   1:20p    NW
15  61.4  71.6   5:00p  52.3  12:00m   5.0   1.4  0.00   0.6   9.0  12:40p   NNW
16  67.3  84.8   3:00p  48.5   3:40a   4.8   7.1  0.00   0.5   8.0   8:50a   NNE
17  74.6  86.5   3:30p  61.4   5:40a   0.4  10.0  0.19   1.4  20.0   9:20p     S
18  68.0  74.2   3:10p  64.1  12:00m   0.0   3.0  0.01   1.2  12.0   2:40a    NW
19  65.9  74.3   2:20p  51.8  12:00m   2.2   3.1  0.00   1.5  14.0   2:10p   NNW
20  59.5  70.0   2:20p  45.4   5:30a   6.8   1.2  0.00   1.3  16.0  12:30p   NNW
21  61.9  74.6   3:20p  47.6   6:00a   5.8   2.8  0.00   0.7  10.0   4:00p     N
22  63.8  77.9   4:00p  48.0   4:20a   5.5   4.3  0.00   0.7  11.0   5:30p   NNE
23  70.1  84.3   4:00p  51.3   3:20a   3.8   8.9  0.00   1.6  14.0   2:30p     S
24  74.8  85.0   4:40p  67.3   6:40a   0.0   9.8  0.83   2.9  21.0  12:40p     S
25  70.2  74.9   2:50p  66.5  11:40p   0.0   5.2  0.62   0.4  11.0  12:10a   WSW
26  70.7  79.8   3:00p  62.5  12:00m   0.1   5.8  0.00   1.4  13.0   4:10p    NW
27  70.3  83.6   4:00p  57.0   5:50a   1.8   7.1  0.00   0.5   8.0   2:40p     N
28  72.3  85.0   4:30p  57.9   4:30a   1.6   9.0  0.00   0.6   9.0   6:00p   ENE
29  76.6  89.0   3:40p  63.0   5:10a   0.2  11.8  0.01   1.7  15.0   7:30p    SE
30  78.3  86.6   5:00p  69.4   5:50a   0.0  13.3  0.00   1.0  10.0  12:00m     S
-------------------------------------------------------------------------------------
    67.6  89.0    29    45.4    20    80.3 157.6  2.83   1.1  21.0    24      NW

Max >=  90.0:  0
Max <=  32.0:  0
Min <=  32.0:  0
Min <=   0.0:  0
Max Rain: 0.83 ON 06/24/14
Days of Rain: 9 (>.01 in) 6 (>.1 in) 0 (>1 in)
Heat Base:  65.0  Cool Base:  65.0  Method: Integration