NOAA-Style Climate Reports


NOAA Climate Reports are updated by Weatherlink v6.0.3 once per hour from this station.
2007-2017 Summary

Report for 2014 August
                   MONTHLY CLIMATOLOGICAL SUMMARY for AUG. 2014

NAME: CW6839   CITY: Country Meadow, Clay   STATE: New York 
ELEV:   410 ft  LAT:  43° 10' 16" N  LONG:  76° 09' 44" W

                   TEMPERATURE (°F), RAIN  (in), WIND SPEED (mph)

                                      HEAT  COOL        AVG
    MEAN                              DEG   DEG         WIND                 DOM
DAY TEMP  HIGH   TIME   LOW    TIME   DAYS  DAYS  RAIN  SPEED HIGH   TIME    DIR
------------------------------------------------------------------------------------
 1  69.5  84.3   4:00p  55.8   6:10a   2.5   6.9  0.10   0.6  10.0   1:30p   ENE
 2  70.8  82.3   1:30p  61.4   5:50a   0.6   6.4  0.38   0.6  10.0   5:40p   ENE
 3  67.8  79.7   1:50p  61.3   5:30a   0.7   3.4  0.96   0.4  11.0   3:10p     N
 4  71.1  81.6   4:20p  64.4  12:20a   0.1   6.2  0.00   0.4   8.0   5:10p   WSW
 5  69.4  80.2  12:50p  61.5   5:30a   0.5   4.9  0.00   0.4   9.0   1:20p   WSW
 6  68.0  76.1  12:50p  59.7  10:40p   0.7   3.7  0.00   0.9  11.0   3:50p    NW
 7  66.0  75.5   2:20p  57.6   6:40a   2.5   3.6  0.00   0.9  13.0  12:30p    NW
 8  65.4  77.6   2:20p  54.1   6:00a   3.7   4.1  0.00   0.7  10.0  12:30p    NW
 9  66.1  80.9   3:40p  53.2   6:10a   3.9   5.0  0.00   0.5  10.0   5:40p   NNW
10  67.9  82.4   5:00p  53.6   6:10a   3.2   6.1  0.00   0.4   7.0   1:50p    SE
11  71.8  84.7   1:10p  59.9   5:30a   1.3   8.1  0.00   1.3  18.0   2:00p    SE
12  67.4  70.1   3:00p  63.6   7:20a   0.1   2.5  1.22   1.9  17.0   4:20p   SSE
13  67.7  75.8   3:10p  60.2  12:00m   0.4   3.1  0.78   1.3  15.0   8:50p    NW
14  59.5  68.1   2:10p  54.8   5:50a   5.6   0.1  0.02   1.2  14.0  12:10p    NW
15  58.6  66.3   5:20p  52.9   6:30a   6.5   0.1  0.06   1.2  15.0   9:20a   WSW
16  62.6  73.2   2:10p  52.4   6:40a   4.0   1.6  0.43   1.4  12.0  12:00p    SW
17  63.6  70.5   5:20p  56.2  11:10p   2.5   1.1  0.06   0.8  13.0   2:50p    NW
18  61.5  71.4   2:40p  50.6  12:00m   4.6   1.2  0.00   0.8  10.0   2:50p    NW
19  63.0  77.8   4:00p  47.4   3:50a   5.8   3.8  0.00   0.7  10.0   2:30p   ENE
20  68.9  78.6  12:10p  60.5   6:10a   1.0   4.9  0.16   0.3   7.0   1:40p   ENE
21  69.9  79.8   1:50p  65.0   6:10a   0.0   4.9  0.29   0.6   9.0   3:10p   ENE
22  68.8  78.1   3:50p  63.3   5:50a   0.2   3.9  0.01   1.2  14.0   6:00p   ENE
23  66.6  71.9  12:40p  61.1  11:40p   0.4   1.9  0.01   1.1  11.0  12:20a   ENE
24  67.3  80.6   4:50p  56.3   4:30a   2.7   5.0  0.00   0.4   9.0  12:10p   ENE
25  68.5  81.7   2:30p  56.4   7:00a   2.4   5.9  0.00   0.3   8.0   2:50p   ENE
26  70.7  84.3   4:10p  55.7   6:20a   2.4   8.1  0.00   0.9  12.0   1:00p    SW
27  70.5  77.5   2:00p  60.3  11:50p   0.4   5.9  0.00   0.6  11.0   4:20p    NW
28  63.1  69.8   4:50p  57.6   6:50a   2.9   1.0  0.00   0.9  18.0   3:00p    NW
29  61.6  73.3   3:30p  48.4   6:40a   5.6   2.2  0.00   0.6   9.0   2:40p   NNW
30  69.3  82.9   3:20p  55.8   2:30a   2.7   7.0  0.00   2.5  14.0   6:00p   SSE
31  73.8  78.8   5:30p  68.0  12:00m   0.0   8.8  0.30   1.8  14.0   1:10a     S
-------------------------------------------------------------------------------------
    67.0  84.7    11    47.4    19    69.9 131.4  4.78   0.9  18.0    11      NW

Max >=  90.0:  0
Max <=  32.0:  0
Min <=  32.0:  0
Min <=   0.0:  0
Max Rain: 1.22 ON 08/12/14
Days of Rain: 12 (>.01 in) 8 (>.1 in) 1 (>1 in)
Heat Base:  65.0  Cool Base:  65.0  Method: Integration