NOAA-Style Climate Reports


NOAA Climate Reports are updated by Weatherlink v6.0.3 once per hour from this station.
2007-2017 Summary

Report for 2014 November
                   MONTHLY CLIMATOLOGICAL SUMMARY for NOV. 2014

NAME: CW6839   CITY: Country Meadow, Clay   STATE: New York 
ELEV:   410 ft  LAT:  43° 10' 16" N  LONG:  76° 09' 44" W

                   TEMPERATURE (°F), RAIN  (in), WIND SPEED (mph)

                                      HEAT  COOL        AVG
    MEAN                              DEG   DEG         WIND                 DOM
DAY TEMP  HIGH   TIME   LOW    TIME   DAYS  DAYS  RAIN  SPEED HIGH   TIME    DIR
------------------------------------------------------------------------------------
 1  40.1  45.8   2:20p  37.3  10:10a  24.9   0.0  0.04   2.6  18.0   5:10p     N
 2  38.2  43.4   2:40p  34.4   9:40p  26.8   0.0  0.00   4.0  21.0  11:50a   NNW
 3  48.3  57.5   3:00p  41.4   8:00a  16.7   0.0  0.00   1.4  15.0   9:50a   WNW
 4  58.1  67.8   3:30p  49.4   2:00a   7.1   0.2  0.00   2.0  16.0   3:30p    SW
 5  48.5  58.0   1:00p  34.7  12:00m  16.5   0.0  0.03   2.0  18.0   4:50a   WNW
 6  41.1  47.6  12:30p  34.3  12:40a  23.9   0.0  0.51   0.7  10.0  11:00a   ENE
 7  37.2  40.6   2:10p  33.7   5:00p  27.8   0.0  0.15   1.7  16.0   1:20p    NW
 8  39.8  46.5  12:00m  33.7   6:30a  25.2   0.0  0.02   1.9  17.0   9:50p    SW
 9  43.0  47.1   3:40p  40.1   6:40p  22.0   0.0  0.01   1.5  15.0  12:20p    SW
10  48.1  55.5   3:40p  41.1   6:50a  16.9   0.0  0.00   1.2  18.0  11:40p   ENE
11  56.8  65.9   1:20p  46.3   2:30a   8.2   0.0  0.00   3.9  15.0  12:20p   SSE
12  46.3  60.3   1:00a  36.2  12:00m  18.7   0.0  0.06   3.2  17.0  12:10p   WNW
13  34.3  37.5  10:50a  30.9  11:20p  30.7   0.0  0.01   1.6  11.0  10:10a   WSW
14  29.9  34.3  10:10a  25.9   7:40a  35.1   0.0  0.16   1.7  13.0  12:50p     W
15  29.1  36.2   2:20p  17.9   5:50a  35.9   0.0  0.05   0.6  14.0  11:20a     W
16  36.6  40.4   2:10p  31.6   8:00a  28.4   0.0  0.00   2.3  14.0   7:10a     S
17  34.5  39.0  12:10a  32.4   4:50a  30.5   0.0  0.71   1.4  22.0  11:50p     W
18  24.1  32.7  12:10a  21.3   8:30p  40.9   0.0  0.00   6.3  29.0  11:30a    SW
19  24.6  30.2  11:40p  19.1   7:10a  40.4   0.0  0.00   5.0  22.0  12:40a     S
20  28.1  32.6   1:50a  24.6  12:00m  36.9   0.0  0.00   4.3  23.0   1:10p     W
21  24.8  31.3   1:50p  20.8   6:50a  40.2   0.0  0.01   2.9  18.0   4:40a     W
22  33.9  44.5  10:50p  21.0  12:20a  31.1   0.0  0.17   1.9  14.0  11:50p     S
23  48.4  54.2  12:20p  42.9   7:30p  16.6   0.0  0.07   1.5  15.0  11:20p    SW
24  59.7  70.4  12:30p  45.8   5:10a   6.3   1.0  0.26   5.7  27.0   1:10p     S
25  43.2  48.9   2:40p  36.5  12:00m  21.8   0.0  0.00   2.8  20.0   9:20a   WNW
26  32.7  36.6  12:10a  27.2  10:50p  32.3   0.0  0.00   0.3   7.0  10:20a    SW
27  28.4  30.6   1:10p  24.3  12:00m  36.6   0.0  0.12   0.1   5.0   9:00p   WSW
28  24.8  26.7  11:30a  22.0   3:50a  40.2   0.0  0.00   1.8  16.0  11:00a     W
29  28.9  36.1  12:00m  22.6   5:40a  36.1   0.0  0.04   2.3  17.0   9:30p    SE
30  47.5  58.6  10:30p  36.0  12:10a  17.5   0.0  0.24   3.7  18.0   9:40p     S
-------------------------------------------------------------------------------------
    38.6  70.4    24    17.9    15   792.2   1.2  2.66   2.4  29.0    18       W

Max >=  90.0:  0
Max <=  32.0:  4
Min <=  32.0: 13
Min <=   0.0:  0
Max Rain: 0.71 ON 11/17/14
Days of Rain: 15 (>.01 in) 8 (>.1 in) 0 (>1 in)
Heat Base:  65.0  Cool Base:  65.0  Method: Integration