NOAA-Style Climate Reports


NOAA Climate Reports are updated by Weatherlink v6.0.3 once per hour from this station.
2007-2017 Summary

Report for 2015 January
                   MONTHLY CLIMATOLOGICAL SUMMARY for JAN. 2015

NAME: CW6839   CITY: Country Meadow, Clay   STATE: New York 
ELEV:   410 ft  LAT:  43° 10' 16" N  LONG:  76° 09' 44" W

                   TEMPERATURE (°F), RAIN  (in), WIND SPEED (mph)

                                      HEAT  COOL        AVG
    MEAN                              DEG   DEG         WIND                 DOM
DAY TEMP  HIGH   TIME   LOW    TIME   DAYS  DAYS  RAIN  SPEED HIGH   TIME    DIR
------------------------------------------------------------------------------------
 1  25.8  32.9   3:20p  20.6   4:20a  39.2   0.0  0.01   3.0  22.0   9:10p     W
 2  26.6  31.4   7:00a  18.3  10:40p  38.4   0.0  0.00   2.0  17.0  12:40a     W
 3  24.7  36.5  11:10p  14.3   3:30a  40.3   0.0  0.00   1.8  16.0   4:50p     E
 4  40.9  55.1   1:00p  33.5  12:10a  24.1   0.0  0.38   3.5  22.0   8:20p     W
 5  19.3  34.5  12:10a  10.9  12:00m  45.7   0.0  0.00   5.6  28.0  10:00a     W
 6  15.9  19.0   2:40p  10.7  12:10a  49.1   0.0  0.00   2.8  17.0   5:20a    SW
 7   9.3  17.8   2:50a  -3.3  12:00m  55.7   0.0  0.00   4.3  22.0   4:40a    NW
 8  10.0  19.5   3:10p  -4.1  12:50a  55.0   0.0  0.00   3.3  22.0   9:20a     S
 9  19.8  24.8   2:30p  14.7  11:50p  45.2   0.0  0.00   5.5  24.0  11:10a     W
10  13.3  18.0   3:50p   8.5   9:30p  51.7   0.0  0.00   3.7  21.0  12:00p     W
11  23.7  34.6  11:00p  12.1   3:00a  41.3   0.0  0.00   1.2  11.0  12:50p    SE
12  29.8  36.1  12:30a  12.9  12:00m  35.2   0.0  0.12   2.0  22.0  12:30a    NW
13   1.4  12.8  12:10a  -7.3   8:00a  63.6   0.0  0.00   1.4  15.0  12:10a   NNW
14   2.6  20.2   3:10p -11.4   7:10a  62.4   0.0  0.00   0.8  11.0   9:50a     E
15  11.1  26.6   3:40p  -5.7   4:00a  53.9   0.0  0.03   0.4  10.0   2:40p   WSW
16  21.3  30.5   4:10a   8.8  11:50p  43.7   0.0  0.00   3.7  24.0  11:00a    NW
17  11.2  29.2  12:00m  -5.2   5:30a  53.8   0.0  0.00   2.3  23.0  10:50p     E
18  35.5  42.5   2:30p  29.0  12:10a  29.5   0.0  0.13   3.0  23.0   1:50a   SSE
19  30.9  35.2   2:10a  24.9  12:00m  34.1   0.0  0.01   3.8  25.0  12:20p   WNW
20  16.8  25.0  12:10a   2.7  12:00m  48.2   0.0  0.00   0.9  10.0   2:00a   WNW
21  12.1  23.1   1:50p  -2.6   7:10a  52.9   0.0  0.00   0.6   9.0   3:20p     E
22  23.0  29.0   1:30p  16.9   7:10p  42.0   0.0  0.02   1.2  14.0   2:50p   WNW
23  24.9  33.3   4:10p  15.3  10:40p  40.1   0.0  0.01   2.0  14.0   8:30a    SW
24  26.0  33.0  12:20p  18.5  12:10a  39.0   0.0  0.00   1.2  11.0  11:00p     W
25  18.3  33.4   3:20a   2.6  11:00p  46.7   0.0  0.00   3.2  20.0   4:50a   WNW
26  11.0  18.1   9:20p   0.5   4:30a  54.0   0.0  0.00   2.2  16.0   1:00p   ENE
27  12.0  16.1   3:10p   4.8   8:40a  53.0   0.0  0.00   2.7  18.0   7:10p   NNW
28  10.0  24.9   2:00p  -3.4   7:40a  55.0   0.0  0.00   0.7  10.0   1:10p   NNW
29  17.9  36.9   5:10p   0.9   1:10a  47.1   0.0  0.00   2.5  23.0   5:30p   SSE
30  20.9  29.3   4:00a   7.6  11:30p  44.1   0.0  0.00   3.8  18.0   1:50p    NW
31   7.6  16.1   1:40p  -9.2   8:00a  57.4   0.0  0.03   0.7  12.0   1:00a     W
-------------------------------------------------------------------------------------
    18.5  55.1     4   -11.4    14  1441.4   0.0  0.74   2.4  28.0     5       W

Max >=  90.0:  0
Max <=  32.0: 19
Min <=  32.0: 30
Min <=   0.0:  9
Max Rain: 0.38 ON 01/04/15
Days of Rain: 6 (>.01 in) 3 (>.1 in) 0 (>1 in)
Heat Base:  65.0  Cool Base:  65.0  Method: Integration