NOAA-Style Climate Reports


NOAA Climate Reports are updated by Weatherlink v6.0.3 once per hour from this station.
2007-2017 Summary

Report for 2015 February
                   MONTHLY CLIMATOLOGICAL SUMMARY for FEB. 2015

NAME: CW6839   CITY: Country Meadow, Clay   STATE: New York 
ELEV:   410 ft  LAT:  43° 10' 16" N  LONG:  76° 09' 44" W

                   TEMPERATURE (°F), RAIN  (in), WIND SPEED (mph)

                                      HEAT  COOL        AVG
    MEAN                              DEG   DEG         WIND                 DOM
DAY TEMP  HIGH   TIME   LOW    TIME   DAYS  DAYS  RAIN  SPEED HIGH   TIME    DIR
------------------------------------------------------------------------------------
 1  17.3  25.2   4:00a  11.6   7:30p  47.7   0.0  0.02   1.4  13.0  11:40p   NNW
 2   9.1  16.0  12:50p   0.5  11:30p  55.9   0.0  0.00   4.4  22.0   1:30a    NW
 3  11.2  22.4   4:00p   0.2   5:30a  53.8   0.0  0.01   1.4  16.0  12:10p     W
 4  26.4  32.9   3:50p  12.2  12:10a  38.6   0.0  0.00   2.3  12.0   5:30p     S
 5  14.5  24.3  12:10a   8.7  11:50p  50.5   0.0  0.00   2.7  15.0  12:50p    NW
 6  15.8  24.7   1:50p   5.3   3:20a  49.2   0.0  0.00   3.2  19.0   2:20p     W
 7  25.7  29.2   2:50p  21.4  12:10a  39.3   0.0  0.00   1.4  14.0  12:10a    SW
 8  21.1  26.4   6:00a  12.4  11:50p  43.9   0.0  0.00   1.8  14.0   9:10a   ENE
 9  18.1  24.2   1:00p  12.1   3:00a  46.9   0.0  0.00   0.5   7.0  12:20p   WNW
10  16.8  22.2   2:50p   4.7  12:00m  48.2   0.0  0.00   0.7   8.0  11:40a   WNW
11  14.9  30.0   2:50p  -4.1   6:20a  50.1   0.0  0.01   0.8  10.0   3:00p   ENE
12  19.2  28.3  12:20p   2.6  11:40p  45.8   0.0  0.00   3.5  24.0   4:40p     W
13   1.0   8.5   3:30p -11.3   7:50a  64.0   0.0  0.00   1.2  13.0   1:20p   WNW
14  15.6  24.5   1:40p   2.0  12:10a  49.4   0.0  0.00   2.6  16.0  11:30a     S
15   2.7  13.5  12:20a  -3.4  12:00m  62.3   0.0  0.00   5.0  21.0   7:10a    NW
16  -2.5  10.1   1:50p -16.8   7:10a  67.5   0.0  0.00   0.9  10.0   2:50p   WNW
17   2.7  19.3   3:30p -10.5   3:30a  62.3   0.0  0.00   0.3   7.0   8:20a   WNW
18  11.3  25.4   1:40p  -8.4   1:20a  53.7   0.0  0.00   1.1  14.0  10:10p   ENE
19   9.0  14.2  12:10a   0.8  12:00m  56.0   0.0  0.00   4.2  21.0  12:40p   WNW
20  -0.6   9.1   1:50p -13.3  12:00m  65.6   0.0  0.00   2.9  17.0   7:50a     W
21  10.9  20.8  11:50a -13.7  12:20a  54.1   0.0  0.00   2.1  21.0  12:00p   SSE
22  22.7  28.4   3:30p  15.7  12:00m  42.3   0.0  0.01   1.0  23.0  11:30p   WSW
23   5.7  15.7  12:10a  -3.4  12:00m  59.3   0.0  0.00   3.3  15.0   1:00a   WNW
24   8.0  22.7   6:00p -16.7   6:20a  57.0   0.0  0.00   3.2  20.0  10:30p     S
25  16.8  23.2   9:30a   7.4   2:30a  48.2   0.0  0.00   2.8  25.0  10:50a   WNW
26   9.5  17.8   1:50p   3.7   6:40a  55.5   0.0  0.00   1.0  10.0   4:50p   NNW
27   8.8  17.4   3:10p  -2.9   7:10a  56.2   0.0  0.00   1.5  13.0  11:50a   WNW
28  10.1  23.5   3:40p  -3.0  12:00m  54.9   0.0  0.00   1.0  13.0   2:30p   WSW
-------------------------------------------------------------------------------------
    12.2  32.9     4   -16.8    16  1478.2   0.0  0.05   2.1  25.0    25     WNW

Max >=  90.0:  0
Max <=  32.0: 27
Min <=  32.0: 28
Min <=   0.0: 12
Max Rain: 0.02 ON 02/01/15
Days of Rain: 1 (>.01 in) 0 (>.1 in) 0 (>1 in)
Heat Base:  65.0  Cool Base:  65.0  Method: Integration