NOAA-Style Climate Reports


NOAA Climate Reports are updated by Weatherlink v6.0.3 once per hour from this station.
2007-2017 Summary

Report for 2015 April
                   MONTHLY CLIMATOLOGICAL SUMMARY for APR. 2015

NAME: CW6839   CITY: Country Meadow, Clay   STATE: New York 
ELEV:   410 ft  LAT:  43° 10' 16" N  LONG:  76° 09' 44" W

                   TEMPERATURE (°F), RAIN  (in), WIND SPEED (mph)

                                      HEAT  COOL        AVG
    MEAN                              DEG   DEG         WIND                 DOM
DAY TEMP  HIGH   TIME   LOW    TIME   DAYS  DAYS  RAIN  SPEED HIGH   TIME    DIR
------------------------------------------------------------------------------------
 1  29.8  39.9   4:30p  20.1   6:50a  35.2   0.0  0.00   1.5  15.0   4:40p   NNW
 2  46.8  64.9   2:40p  25.6   1:10a  18.2   0.0  0.25   3.1  18.0   2:20p     S
 3  50.0  58.5   3:30p  38.8   7:10a  15.0   0.0  0.17   1.1  11.0  12:30a   WNW
 4  35.9  42.5  12:10a  30.9   9:40a  29.1   0.0  0.38   4.1  20.0   1:20p   WNW
 5  33.3  35.6  12:00p  29.9  11:50p  31.7   0.0  0.00   1.6  13.0   1:30a     W
 6  39.8  58.0   3:20p  29.7  12:50a  25.2   0.0  0.04   1.7  12.0  12:10p   ENE
 7  41.5  50.3   6:00p  34.9   7:10a  23.5   0.0  0.00   0.7   8.0  10:30a    NW
 8  36.2  39.4   2:10a  34.3  10:20a  28.8   0.0  0.54   3.7  19.0   2:30p     E
 9  40.4  50.0   3:30p  34.6   3:50a  24.6   0.0  0.22   4.5  21.0   5:50p     E
10  49.5  57.5   2:30p  41.9  12:50a  15.5   0.0  0.27   4.9  24.0   8:20p   SSE
11  41.7  47.3  12:10a  36.0  11:20p  23.3   0.0  0.00   4.8  23.0   2:50p   WNW
12  49.6  65.9   6:30p  30.8   6:50a  15.4   0.0  0.00   1.0  11.0   4:40p     W
13  59.8  80.0   3:40p  38.6   4:00a   9.8   4.6  0.46   4.1  26.0   8:50p   ENE
14  50.2  62.9   1:00p  37.0   6:40a  14.8   0.0  0.06   1.4  15.0   2:00p   WNW
15  48.3  58.8   2:50p  36.6   7:00a  16.7   0.0  0.00   1.9  16.0   2:50p    NW
16  52.8  72.4   4:00p  30.1   6:20a  13.4   1.3  0.00   2.6  17.0  10:00p   SSE
17  53.3  61.4   6:20p  46.2  12:00m  11.7   0.0  0.21   1.0  14.0  12:40a   WNW
18  54.5  69.5  12:50p  41.0   5:10a  10.9   0.4  0.00   2.3  19.0   3:00p   WNW
19  49.8  62.0   5:10p  36.6   5:30a  15.2   0.0  0.00   3.2  19.0   3:20p     E
20  50.5  57.4   6:00p  44.1   6:00a  14.5   0.0  0.64   5.0  25.0   2:20a     E
21  49.9  56.8   3:10p  43.4  10:40a  15.1   0.0  0.17   2.1  20.0  10:20a   WSW
22  43.6  48.8  12:50p  35.9  11:10p  21.4   0.0  0.16   2.4  17.0  10:20a     S
23  34.8  38.1   1:10p  31.1  10:10a  30.2   0.0  0.06   4.2  22.0   4:30p   WNW
24  35.1  39.2   6:10p  31.9   4:20a  29.9   0.0  0.02   4.2  19.0  10:00a   WNW
25  39.4  49.5   4:40p  28.1   4:10a  25.6   0.0  0.00   1.7  14.0   1:10p   WNW
26  44.1  52.5   2:10p  35.6   3:40a  20.9   0.0  0.00   1.6  16.0   1:40p    NW
27  45.1  50.9   2:00p  40.7   6:30a  19.9   0.0  0.00   2.0  14.0   1:00p    NW
28  51.5  62.7   4:30p  41.2   6:40a  13.5   0.0  0.00   2.0  17.0   1:30p   WNW
29  55.1  67.9   4:40p  44.6   6:10a  10.2   0.3  0.00   1.7  13.0   2:20p    NW
30  55.7  69.5   1:40p  40.5   6:10a   9.7   0.4  0.00   2.3  14.0   2:30p   NNW
-------------------------------------------------------------------------------------
    45.6  80.0    13    20.1     1   588.9   7.0  3.65   2.6  26.0    13     WNW

Max >=  90.0:  0
Max <=  32.0:  0
Min <=  32.0: 10
Min <=   0.0:  0
Max Rain: 0.64 ON 04/20/15
Days of Rain: 15 (>.01 in) 11 (>.1 in) 0 (>1 in)
Heat Base:  65.0  Cool Base:  65.0  Method: Integration