NOAA-Style Climate Reports


NOAA Climate Reports are updated by Weatherlink v6.0.3 once per hour from this station.
2007-2017 Summary

Report for 2015 May
                   MONTHLY CLIMATOLOGICAL SUMMARY for MAY. 2015

NAME: CW6839   CITY: Country Meadow, Clay   STATE: New York 
ELEV:   410 ft  LAT:  43° 10' 16" N  LONG:  76° 09' 44" W

                   TEMPERATURE (°F), RAIN  (in), WIND SPEED (mph)

                                      HEAT  COOL        AVG
    MEAN                              DEG   DEG         WIND                 DOM
DAY TEMP  HIGH   TIME   LOW    TIME   DAYS  DAYS  RAIN  SPEED HIGH   TIME    DIR
------------------------------------------------------------------------------------
 1  57.1  68.4   2:20p  46.8   2:20a   8.1   0.2  0.00   1.3  12.0   3:00p   NNW
 2  56.8  71.1   2:40p  40.1   6:00a   9.6   1.4  0.00   1.3  15.0   4:40p    NW
 3  60.7  77.7   3:30p  42.8   5:50a   7.9   3.6  0.00   0.7  13.0   4:00p    NW
 4  65.1  82.7   2:50p  47.6   4:00a   5.2   5.3  0.00   1.7  20.0   3:50p    SW
 5  61.2  70.5   3:30p  52.2  12:00m   4.8   1.0  0.00   0.9   8.0   2:00p   NNW
 6  60.9  76.9   5:10p  42.5   6:20a   7.0   2.9  0.00   1.3  14.0  11:40a   ENE
 7  64.2  81.8   5:00p  46.8   6:00a   5.7   4.9  0.00   1.2  13.0   2:30p   NNW
 8  69.6  88.6   4:40p  50.5   5:50a   3.7   8.4  0.00   0.6   8.0   8:20a   ENE
 9  74.6  88.1   4:30p  61.8   3:10a   0.3   9.9  0.00   2.1  16.0   3:10p   SSE
10  72.7  84.4   3:40p  65.0  11:50p   0.0   7.7  0.21   1.7  14.0   1:20a   SSW
11  71.2  86.0   2:40p  63.3   6:10a   0.1   6.3  0.27   1.0  19.0   3:40p     E
12  63.5  73.0  12:10p  53.6  11:40p   2.8   1.4  0.13   2.7  20.0   6:30p    NW
13  49.5  57.2   4:30p  40.4  11:30p  15.5   0.0  0.00   2.2  15.0   4:00a    NW
14  50.0  64.4   3:10p  34.4   6:10a  15.0   0.0  0.00   0.7  11.0  11:40a    NW
15  57.8  73.6   5:10p  41.3  12:40a   9.2   1.9  0.15   1.5  13.0   2:20p     E
16  65.5  77.5   2:30p  55.3   6:20a   3.1   3.6  0.10   0.7  10.0   2:10p   ENE
17  65.9  78.4   4:10p  55.1   4:40a   3.3   4.2  0.00   0.8   9.0   1:10p    NW
18  70.6  85.1   2:20p  57.3   6:00a   1.9   7.5  1.42   0.9  15.0   6:00p     E
19  63.7  74.6  10:50a  49.9  11:40p   3.0   1.8  0.01   1.9  19.0   5:40p    NW
20  47.1  54.5   5:00p  39.7  11:40p  17.9   0.0  0.00   2.5  17.0  10:40a    NW
21  53.4  65.3   3:40p  41.0   1:10a  11.6   0.0  0.00   0.9  13.0  12:40p     W
22  53.3  60.1   3:50p  44.2  11:50p  11.7   0.0  0.00   2.2  18.0   1:50p    NW
23  49.2  63.9   4:40p  31.3   5:30a  15.8   0.0  0.00   1.0  12.0  12:30p   WSW
24  64.0  79.9   4:00p  43.6   6:20a   6.0   5.0  0.00   0.9  12.0  10:20a   WSW
25  71.5  85.8   4:40p  58.7   5:50a   1.7   8.2  0.00   1.5  14.0   6:00p     S
26  77.8  83.8   2:20p  68.5   3:10a   0.0  12.8  0.00   2.5  20.0   2:30p    SW
27  76.7  83.3   4:40p  67.3   2:40a   0.0  11.7  0.00   2.8  17.0   1:40p    SW
28  66.3  72.9   4:00p  56.2  11:50p   1.0   2.3  0.03   1.5  15.0   9:30a    NW
29  67.6  80.7   3:10p  52.3   6:00a   3.5   6.2  0.00   0.8  14.0  10:40a     E
30  76.0  86.3   1:50p  65.2  12:50a   0.0  11.0  1.23   3.3  18.0  11:40a     S
31  54.6  67.7  12:10a  49.7   9:40a  10.7   0.3  0.34   1.8  12.0   3:00a   NNW
-------------------------------------------------------------------------------------
    63.2  88.6     8    31.3    23   186.1 129.5  3.89   1.5  20.0     4      NW

Max >=  90.0:  0
Max <=  32.0:  0
Min <=  32.0:  1
Min <=   0.0:  0
Max Rain: 1.42 ON 05/18/15
Days of Rain: 9 (>.01 in) 7 (>.1 in) 2 (>1 in)
Heat Base:  65.0  Cool Base:  65.0  Method: Integration