NOAA-Style Climate Reports


NOAA Climate Reports are updated by Weatherlink v6.0.3 once per hour from this station.
2007-2017 Summary

Report for 2015 June
                   MONTHLY CLIMATOLOGICAL SUMMARY for JUN. 2015

NAME: CW6839   CITY: Country Meadow, Clay   STATE: New York 
ELEV:   410 ft  LAT:  43° 10' 16" N  LONG:  76° 09' 44" W

                   TEMPERATURE (°F), RAIN  (in), WIND SPEED (mph)

                                      HEAT  COOL        AVG
    MEAN                              DEG   DEG         WIND                 DOM
DAY TEMP  HIGH   TIME   LOW    TIME   DAYS  DAYS  RAIN  SPEED HIGH   TIME    DIR
------------------------------------------------------------------------------------
 1  52.3  54.3   2:20p  50.4   2:30a  12.7   0.0  0.49   2.0  18.0   1:10a   ENE
 2  55.0  63.1   5:10p  47.2  12:00m  10.0   0.0  0.02   1.2  11.0   2:30p   NNW
 3  56.6  71.0   4:10p  40.7   6:00a   9.6   1.2  0.00   1.2  11.0  12:20p   NNE
 4  65.0  76.5   4:30p  49.8   5:40a   4.4   4.4  0.00   1.7  13.0  12:50p   SSE
 5  68.9  79.2   4:40p  60.7   6:30a   0.6   4.5  0.02   1.4  12.0  10:20p   SSE
 6  60.2  67.0   4:10p  45.8  12:00m   5.0   0.1  0.05   2.5  16.0   1:50p    NW
 7  63.3  79.5   5:10p  42.0   6:10a   7.2   5.5  0.00   3.8  24.0   7:20p   SSE
 8  69.9  74.5   9:30a  66.1  11:00p   0.0   4.9  0.59   4.0  22.0  12:10a     S
 9  63.9  72.9  10:30a  58.5  10:40p   1.9   0.9  1.79   0.8  13.0   1:00p    NW
10  68.7  79.7   2:20p  55.2   6:10a   2.2   5.9  0.29   2.1  17.0   9:20p     S
11  66.4  75.3   3:50p  57.5   6:20a   1.6   3.0  0.00   1.0  10.0   8:50a    NW
12  66.7  80.1   3:10p  57.5   3:00a   2.5   4.1  0.33   1.0  14.0  10:00p   ENE
13  65.9  76.3   4:30p  58.1  12:00m   2.5   3.5  0.00   1.0   9.0   5:00p    NW
14  68.4  82.0   2:40p  55.8   3:10a   2.5   5.8  0.40   0.7  12.0  11:20a   SSE
15  70.5  80.4   4:30p  62.8   7:30a   0.1   5.6  0.23   0.8   9.0   2:10p    NW
16  70.2  76.6   5:40p  63.0  12:00m   0.1   5.2  0.63   1.3  18.0  10:50a    NW
17  65.6  75.1   2:50p  54.8   5:50a   2.3   2.9  0.00   0.7   9.0  11:00a   ENE
18  71.1  80.7   4:40p  60.5   5:00a   1.1   7.1  0.00   1.7  12.0  10:40a   SSE
19  64.8  73.0  12:10a  52.0  11:50p   2.0   1.8  0.00   1.6  12.0   7:10a    NW
20  64.5  80.0   4:10p  47.6   4:20a   5.0   4.5  0.00   1.3  12.0   4:10p   SSE
21  71.3  78.7   1:30p  66.2   4:20a   0.0   6.3  0.86   0.6  12.0   8:40p    NW
22  70.5  80.2   4:30p  60.4   5:40a   0.8   6.3  0.00   0.7  11.0   3:20p   WNW
23  72.5  84.5   2:30p  61.6  12:00m   0.2   7.7  0.16   3.2  30.0   2:10p    NW
24  64.2  74.2   4:30p  55.4  12:00m   3.2   2.3  0.00   0.8  11.0   3:30p    NW
25  66.2  77.7   2:10p  54.6  12:40a   2.5   3.7  0.00   0.6   8.0  10:00a    NW
26  67.3  76.5   2:40p  57.3  12:00m   1.9   4.2  0.00   1.2  15.0   4:50p    NW
27  60.1  66.6   1:30p  55.2  10:30p   5.1   0.2  0.55   1.5  17.0   4:20p   ENE
28  58.5  63.9   5:00p  53.7   4:20a   6.5   0.0  0.77   2.0  15.0   1:00a    SE
29  61.6  70.4   5:00p  56.2  12:00m   4.2   0.8  0.03   0.9  12.0   4:50p    NW
30  62.7  70.7   4:50p  56.0  12:40a   3.2   0.9  0.92   1.3  20.0   6:30p   ENE
-------------------------------------------------------------------------------------
    65.1  84.5    23    40.7     3   100.9 103.3  8.13   1.5  30.0    23      NW

Max >=  90.0:  0
Max <=  32.0:  0
Min <=  32.0:  0
Min <=   0.0:  0
Max Rain: 1.79 ON 06/09/15
Days of Rain: 17 (>.01 in) 13 (>.1 in) 1 (>1 in)
Heat Base:  65.0  Cool Base:  65.0  Method: Integration