NOAA-Style Climate Reports


NOAA Climate Reports are updated by Weatherlink v6.0.3 once per hour from this station.
2007-2017 Summary

Report for 2015 July
                   MONTHLY CLIMATOLOGICAL SUMMARY for JUL. 2015

NAME: CW6839   CITY: Country Meadow, Clay   STATE: New York 
ELEV:   410 ft  LAT:  43° 10' 16" N  LONG:  76° 09' 44" W

                   TEMPERATURE (°F), RAIN  (in), WIND SPEED (mph)

                                      HEAT  COOL        AVG
    MEAN                              DEG   DEG         WIND                 DOM
DAY TEMP  HIGH   TIME   LOW    TIME   DAYS  DAYS  RAIN  SPEED HIGH   TIME    DIR
------------------------------------------------------------------------------------
 1  65.9  72.8  12:10p  60.8  12:00m   0.8   1.7  0.61   1.2  14.0   5:30p    NW
 2  62.9  71.9   3:20p  51.2  12:00m   3.6   1.6  0.00   0.9  14.0   1:50p   WSW
 3  62.4  76.1   3:50p  47.3   6:00a   5.8   3.2  0.00   0.5   8.0   1:30p   NNW
 4  67.8  78.5   5:00p  59.5  12:10a   1.7   4.5  0.00   0.9  11.0  12:30p   ESE
 5  67.4  79.6   3:30p  55.3   5:50a   2.7   5.1  0.00   0.6  10.0  12:10p    SW
 6  71.4  83.3   5:20p  58.2   5:40a   1.8   8.2  0.00   1.5  15.0   5:20p   SSE
 7  77.7  87.9   3:00p  68.8   3:20a   0.0  12.7  0.58   2.2  19.0   8:30p     S
 8  65.9  73.0   2:40p  59.3   6:50a   1.5   2.5  0.11   1.4  14.0   4:40a   NNW
 9  63.7  70.9  11:50a  58.1   5:30a   2.3   1.0  0.23   0.5   7.0   8:20p   NNW
10  67.2  78.6   3:40p  57.5   5:30a   2.1   4.3  0.00   0.8  11.0   3:20p    NW
11  68.6  81.5   3:20p  54.7   5:50a   2.7   6.3  0.00   0.7  12.0   4:50p    NW
12  71.1  83.1   4:00p  58.6   5:50a   1.4   7.5  0.00   0.4   7.0  10:50a    SW
13  74.6  87.2   4:50p  62.0   5:20a   0.5  10.1  0.00   1.1  13.0   5:00p   SSE
14  71.7  79.9   1:10p  64.8   3:20a   0.0   6.7  0.11   1.3  14.0   2:40p   SSE
15  62.8  71.3  12:10a  52.8  12:00m   3.3   1.1  0.01   2.4  15.0   2:50p    NW
16  61.6  75.0   4:30p  48.2   5:30a   5.9   2.6  0.00   0.7   9.0   6:40p     N
17  67.0  77.4   2:20p  52.9   5:10a   3.5   5.5  0.04   1.8  13.0  10:30p   SSE
18  76.7  85.7   3:50p  69.5  11:50p   0.0  11.7  0.04   1.5  16.0  12:30a   SSW
19  78.4  90.9   3:30p  67.6   5:50a   0.0  13.4  0.11   0.7  13.0   3:10p    SW
20  75.6  83.2   2:50p  66.7  12:00m   0.0  10.6  0.00   0.6  10.0   1:30p    NW
21  69.7  76.8   2:50p  60.3  12:00m   0.3   5.0  0.00   1.1  17.0   2:50p    NW
22  66.3  75.7   4:30p  57.5   3:40a   2.3   3.6  0.00   1.2  17.0  10:10a    NW
23  66.5  77.4   4:00p  56.6  11:50p   2.7   4.2  0.00   1.0  14.0   1:00p   WSW
24  67.0  81.2   2:50p  52.2   4:50a   3.8   5.8  0.00   0.7   9.0  10:30a    NW
25  69.2  80.0   6:00p  55.7   6:10a   2.3   6.4  0.01   0.9  12.0   9:30p   SSE
26  73.5  83.4   2:50p  65.2  11:40p   0.0   8.5  0.54   1.1  11.0   1:10a    NW
27  72.9  86.4   3:40p  59.3   5:50a   1.1   9.0  0.00   0.4   8.0   3:00p    NW
28  74.9  88.3   3:30p  63.1   5:50a   0.2  10.2  0.00   0.5  10.0   2:30p    NW
29  76.2  91.3   4:50p  61.7   5:40a   0.5  11.7  0.00   0.5  12.0   1:20p   WSW
30  77.2  84.3   2:20p  70.8  12:10a   0.0  12.2  0.27   1.1  10.0   8:10a   WSW
31  72.8  83.6   4:10p  65.7   6:30a   0.0   7.8  0.00   0.9  14.0   2:00p   WSW
-------------------------------------------------------------------------------------
    69.9  91.3    29    47.3     3    52.8 204.7  2.66   1.0  19.0     7      NW

Max >=  90.0:  2
Max <=  32.0:  0
Min <=  32.0:  0
Min <=   0.0:  0
Max Rain: 0.61 ON 07/01/15
Days of Rain: 10 (>.01 in) 8 (>.1 in) 0 (>1 in)
Heat Base:  65.0  Cool Base:  65.0  Method: Integration