NOAA-Style Climate Reports


NOAA Climate Reports are updated by Weatherlink v6.0.3 once per hour from this station.
2007-2017 Summary

Report for 2015 August
                   MONTHLY CLIMATOLOGICAL SUMMARY for AUG. 2015

NAME: CW6839   CITY: Country Meadow, Clay   STATE: New York 
ELEV:   410 ft  LAT:  43° 10' 16" N  LONG:  76° 09' 44" W

                   TEMPERATURE (°F), RAIN  (in), WIND SPEED (mph)

                                      HEAT  COOL        AVG
    MEAN                              DEG   DEG         WIND                 DOM
DAY TEMP  HIGH   TIME   LOW    TIME   DAYS  DAYS  RAIN  SPEED HIGH   TIME    DIR
------------------------------------------------------------------------------------
 1  69.2  78.5   1:00p  60.3  12:00m   0.7   4.9  0.09   1.0  13.0  12:50p    NW
 2  71.5  83.7   4:30p  57.4   6:40a   1.9   8.4  0.00   1.4  15.0   3:00p    SW
 3  74.5  81.7   3:40p  64.1  11:30p   0.0   9.5  0.00   2.3  18.0   3:00a   SSW
 4  67.5  77.1  12:00p  60.9   4:20a   1.0   3.5  0.10   0.5  12.0   2:30p    SW
 5  65.9  74.8   3:20p  57.6  12:00m   1.9   2.8  0.00   1.1  15.0  12:30p    NW
 6  64.4  76.1   3:20p  54.3   6:10a   4.0   3.4  0.00   0.8  10.0  11:20a    NW
 7  64.6  77.7   5:00p  51.5   6:10a   4.3   3.9  0.00   0.9  10.0   3:00p     N
 8  64.3  76.1   2:40p  51.6   6:30a   3.8   3.0  0.00   0.6  10.0   2:00p   NNW
 9  67.3  81.6   5:20p  53.7   6:10a   3.2   5.5  0.00   0.8  10.0   1:20p     N
10  70.7  83.0  12:40p  58.5   5:00a   1.5   7.2  0.07   3.0  18.0   5:10p   SSE
11  70.2  77.3   5:10p  65.3  12:00m   0.0   5.2  0.82   1.3  11.0  12:20p    NW
12  68.0  75.0  11:20a  62.7   6:40a   0.4   3.5  0.00   1.1  16.0   3:50p    NW
13  66.7  77.2   4:20p  57.7   6:40a   2.0   3.7  0.00   0.9  11.0   8:40a   WSW
14  71.5  84.0   1:00p  59.1   4:10a   1.5   8.1  0.04   1.1  16.0  12:30p    SW
15  73.2  83.8   3:20p  66.4   6:00a   0.0   8.2  0.01   0.6  11.0   1:40p   SSE
16  74.4  86.6   5:10p  63.8   6:20a   0.1   9.4  0.00   0.5   9.0   1:50p     N
17  75.9  89.5   3:00p  63.0   6:30a   0.2  11.1  0.00   0.5   8.0  11:00a    SW
18  73.7  88.5   1:20p  66.5   6:40a   0.0   8.7  0.22   0.7  17.0   2:40p   WSW
19  77.1  87.9   4:20p  68.7   2:50a   0.0  12.1  0.24   1.9  17.0   4:50p   SSE
20  75.9  85.1   1:50p  65.7  10:10p   0.0  10.9  0.62   3.2  22.0   2:40p   SSE
21  66.6  76.0   3:40p  58.4   6:30a   1.9   3.5  0.01   1.0  16.0  12:10p   WSW
22  65.5  76.8   3:20p  56.4  12:00m   2.7   3.2  0.00   0.6   9.0   3:00p     N
23  66.2  79.8   4:50p  54.8   6:30a   3.2   4.4  0.00   0.5   7.0   1:50p   NNE
24  66.1  75.7  10:00a  58.2   4:10a   2.2   3.3  0.02   0.4  11.0   4:40p   NNE
25  64.3  76.3   1:40p  55.7   4:10a   3.1   2.4  0.00   0.6  12.0  12:30p    NW
26  63.9  72.0   1:50p  57.5   6:20a   2.3   1.2  0.00   0.6   9.0  10:00a   WSW
27  61.6  71.0   4:00p  53.7  11:50p   4.1   0.7  0.20   1.0  13.0   3:30p   WSW
28  62.9  74.8   2:00p  53.2   1:40a   4.5   2.3  0.00   0.6   7.0   8:40a   WSW
29  65.5  81.1   2:20p  53.1   4:50a   3.9   4.5  0.00   0.4  11.0   2:10p    NW
30  69.4  80.6   4:20p  62.2  12:10a   0.7   5.0  0.00   0.4   7.0   2:00p   NNE
31  70.4  82.9   3:40p  59.8   5:50a   1.1   6.6  0.00   0.7  12.0  10:00a    NW
-------------------------------------------------------------------------------------
    68.7  89.5    17    51.5     7    56.2 170.1  2.44   1.0  22.0    20      NW

Max >=  90.0:  0
Max <=  32.0:  0
Min <=  32.0:  0
Min <=   0.0:  0
Max Rain: 0.82 ON 08/11/15
Days of Rain: 10 (>.01 in) 5 (>.1 in) 0 (>1 in)
Heat Base:  65.0  Cool Base:  65.0  Method: Integration