NOAA-Style Climate Reports


NOAA Climate Reports are updated by Weatherlink v6.0.3 once per hour from this station.
2007-2017 Summary

Report for 2015 September
                   MONTHLY CLIMATOLOGICAL SUMMARY for SEP. 2015

NAME: CW6839   CITY: Country Meadow, Clay   STATE: New York 
ELEV:   410 ft  LAT:  43° 10' 16" N  LONG:  76° 09' 44" W

                   TEMPERATURE (°F), RAIN  (in), WIND SPEED (mph)

                                      HEAT  COOL        AVG
    MEAN                              DEG   DEG         WIND                 DOM
DAY TEMP  HIGH   TIME   LOW    TIME   DAYS  DAYS  RAIN  SPEED HIGH   TIME    DIR
------------------------------------------------------------------------------------
 1  69.3  80.5   5:10p  61.7   5:30a   0.5   4.8  0.00   0.3   7.0   1:10p   WSW
 2  71.3  84.2   3:30p  59.4   6:30a   1.1   7.5  0.00   0.4   9.0   1:20p     N
 3  73.5  86.6   3:50p  64.6   6:20a   0.0   8.5  0.00   0.6  10.0   4:40p    NW
 4  72.3  84.5   4:30p  62.6   6:30a   0.3   7.6  0.00   0.9  10.0  10:50a   NNE
 5  74.4  85.4   2:30p  65.8   6:40a   0.0   9.4  0.00   0.9  10.0  10:10a   ENE
 6  74.1  87.4   5:10p  62.2   6:20a   0.3   9.5  0.00   0.4   8.0   9:50a   NNE
 7  77.7  91.9   3:20p  65.2   7:10a   0.0  12.7  0.00   0.5  11.0   3:50p   WSW
 8  79.4  92.6   3:30p  70.3  11:50p   0.0  14.4  0.12   0.5  15.0   8:20p   WSW
 9  74.5  88.7  12:30p  66.5  11:00p   0.0   9.5  0.79   1.0  15.0   1:50p    SW
10  64.7  72.4   2:40p  59.9   6:10a   1.8   1.6  0.00   0.1   5.0   2:30p   NNE
11  64.5  77.6   2:10p  54.0   5:40a   4.3   3.7  0.00   0.5   9.0   2:20p    NW
12  60.7  64.5   2:50p  55.7   1:00a   4.3   0.0  0.47   0.4   6.0  12:00p    NE
13  58.4  62.4   4:10a  53.9  11:40p   6.6   0.0  0.07   3.1  22.0   6:30p    SW
14  59.6  71.2   4:20p  53.5   3:50a   6.6   1.2  0.79   1.9  18.0   2:30a   WSW
15  64.8  79.8   3:20p  51.0   7:20a   4.6   4.3  0.00   0.3  10.0   4:20p   WSW
16  66.8  83.2   3:40p  53.0   6:30a   3.9   5.7  0.00   0.3   6.0  12:20p     N
17  68.7  84.1   5:00p  56.8   5:50a   2.4   6.1  0.00   0.2   7.0   1:20p   SSE
18  69.8  84.8   2:40p  56.4   7:00a   2.3   7.1  0.00   0.6  10.0   1:00p   SSE
19  72.0  81.4  11:30a  60.0  11:50p   0.3   7.3  0.43   2.8  20.0   7:20p     S
20  57.5  65.8   2:20p  48.1  11:50p   7.5   0.0  0.00   1.2  13.0  12:40p    NW
21  53.7  66.9   4:20p  40.3   6:40a  11.4   0.1  0.00   1.0  14.0   5:30p   ENE
22  58.7  73.4   4:10p  46.7   5:00a   8.3   1.9  0.00   0.8  10.0   3:20p   NNE
23  58.5  76.1   3:40p  45.1   6:00a   8.8   2.4  0.00   0.5   9.0   4:30p   NNW
24  61.7  78.0   4:00p  48.7   6:30a   6.4   3.1  0.00   0.5   9.0   4:10p     N
25  62.0  74.0   4:30p  53.7   6:20a   4.8   1.8  0.00   0.7  10.0  12:40p   ENE
26  58.5  70.3   2:50p  48.5   5:10a   7.4   0.9  0.00   1.2  12.0   4:40p   ENE
27  60.8  75.8   4:00p  49.3   6:50a   6.4   2.3  0.00   1.2  14.0   9:30a    SE
28  65.2  73.3   1:50p  57.0   3:50a   2.1   2.3  0.04   0.9  13.0   1:50p   SSE
29  68.2  73.4   9:50a  65.0   6:50a   0.0   3.2  1.74   0.3   8.0   9:40a   SSE
30  55.3  65.9  12:10a  46.5  12:00m   9.7   0.0  1.23   2.2  13.0   8:50a     N
-------------------------------------------------------------------------------------
    65.9  92.6     8    40.3    21   112.1 138.9  5.68   0.9  22.0    13     WSW

Max >=  90.0:  2
Max <=  32.0:  0
Min <=  32.0:  0
Min <=   0.0:  0
Max Rain: 1.74 ON 09/29/15
Days of Rain: 9 (>.01 in) 7 (>.1 in) 2 (>1 in)
Heat Base:  65.0  Cool Base:  65.0  Method: Integration