NOAA-Style Climate Reports


NOAA Climate Reports are updated by Weatherlink v6.0.3 once per hour from this station.
2007-2017 Summary

Report for 2015 October
                   MONTHLY CLIMATOLOGICAL SUMMARY for OCT. 2015

NAME: CW6839   CITY: Country Meadow, Clay   STATE: New York 
ELEV:   410 ft  LAT:  43° 10' 16" N  LONG:  76° 09' 44" W

                   TEMPERATURE (°F), RAIN  (in), WIND SPEED (mph)

                                      HEAT  COOL        AVG
    MEAN                              DEG   DEG         WIND                 DOM
DAY TEMP  HIGH   TIME   LOW    TIME   DAYS  DAYS  RAIN  SPEED HIGH   TIME    DIR
------------------------------------------------------------------------------------
 1  49.0  61.1   3:30p  41.0   7:50a  16.0   0.0  0.00   1.6  12.0   5:20p     N
 2  46.3  53.3   2:30p  39.0   5:10a  18.7   0.0  0.00   2.4  14.0   1:10p     N
 3  47.7  55.4   3:10p  37.0   6:50a  17.3   0.0  0.00   2.0  16.0  10:40a   ENE
 4  53.9  61.8   3:40p  46.7  12:00m  11.1   0.0  0.00   2.0  14.0   3:10p   ENE
 5  52.7  64.4   2:40p  41.8   7:50a  12.3   0.0  0.00   0.7   9.0  11:20a     E
 6  56.3  64.6   1:50p  51.8   8:00a   8.7   0.0  0.00   0.4   7.0  11:30a   WNW
 7  58.1  68.7   2:40p  51.7  12:00m   7.1   0.3  0.00   0.5  10.0  11:20a   WSW
 8  53.6  65.7   3:40p  45.4   7:50a  11.4   0.0  0.00   0.5   8.0  11:20a     N
 9  55.9  62.8  12:30p  47.0  12:00m   9.1   0.0  1.71   1.5  17.0   7:00p    NW
10  46.0  57.2   3:50p  37.7   7:20a  19.0   0.0  0.00   0.5  10.0   2:20p    SW
11  53.6  72.2   4:50p  38.3   2:50a  12.7   1.2  0.00   1.2  15.0  10:00a    SW
12  62.0  78.7   3:40p  46.7   6:20a   6.6   3.6  0.00   1.4  13.0  11:50p     S
13  60.3  68.5   1:00p  56.2   8:30p   4.0   0.1  0.30   2.3  18.0   1:30p   SSE
14  51.3  56.8  12:10a  41.1  10:30p  13.7   0.0  0.02   1.6  16.0  11:20a    NW
15  51.4  64.7   4:30p  37.7   4:20a  13.6   0.0  0.15   2.3  19.0   7:50p    SW
16  48.5  57.2   3:20p  42.8  12:00m  16.5   0.0  0.39   1.5  17.0   6:00p   WSW
17  39.1  43.5   3:00p  31.7  10:10p  25.9   0.0  0.05   1.3  12.0   1:50a    NW
18  34.2  42.3   4:20p  27.5   7:20a  30.8   0.0  0.02   0.9  14.0   3:00p     N
19  42.9  53.3  10:30p  28.8   6:30a  22.1   0.0  0.00   2.0  15.0   8:10p   SSW
20  54.7  66.2   3:50p  45.7   2:50a  10.3   0.0  0.20   0.7  13.0   1:30p    SW
21  55.8  60.5   4:00p  52.4   6:50a   9.2   0.0  0.11   0.2   5.0   4:10p   ENE
22  55.2  65.7  10:30a  43.3  10:10p   9.9   0.0  0.11   1.3  14.0   2:00p    NW
23  42.1  50.3  12:10a  32.8  11:30p  22.9   0.0  0.00   2.0  14.0   2:00a     N
24  43.4  52.1   7:10p  32.1   1:50a  21.6   0.0  0.51   2.7  20.0   9:50p   SSE
25  48.3  55.1   6:10a  36.8  12:00m  16.7   0.0  0.39   2.0  18.0  11:10a    NW
26  39.6  51.1   3:00p  29.5   8:10a  25.4   0.0  0.00   0.8  10.0  10:50a     N
27  40.4  54.5   3:50p  27.5   6:00a  24.6   0.0  0.00   0.7  11.0   3:20p   ENE
28  46.3  53.1  12:00m  42.4   1:40a  18.7   0.0  0.59   4.0  21.0   1:50p   ENE
29  52.1  56.9   3:00p  46.0   9:10p  12.9   0.0  0.20   2.2  22.0  10:10p   WSW
30  42.9  49.0  12:30p  32.3  11:40p  22.1   0.0  0.01   2.3  18.0   2:40a    NW
31  40.0  51.4   4:20p  27.9   6:30a  25.0   0.0  0.00   0.3   7.0   1:10p     E
-------------------------------------------------------------------------------------
    49.1  78.7    12    27.5    18   495.9   5.2  4.76   1.5  22.0    29      NW

Max >=  90.0:  0
Max <=  32.0:  0
Min <=  32.0:  6
Min <=   0.0:  0
Max Rain: 1.71 ON 10/09/15
Days of Rain: 14 (>.01 in) 11 (>.1 in) 1 (>1 in)
Heat Base:  65.0  Cool Base:  65.0  Method: Integration