NOAA-Style Climate Reports


NOAA Climate Reports are updated by Weatherlink v6.0.3 once per hour from this station.
2007-2017 Summary

Report for 2015 November
                   MONTHLY CLIMATOLOGICAL SUMMARY for NOV. 2015

NAME: CW6839   CITY: Country Meadow, Clay   STATE: New York 
ELEV:   410 ft  LAT:  43° 10' 16" N  LONG:  76° 09' 44" W

                   TEMPERATURE (°F), RAIN  (in), WIND SPEED (mph)

                                      HEAT  COOL        AVG
    MEAN                              DEG   DEG         WIND                 DOM
DAY TEMP  HIGH   TIME   LOW    TIME   DAYS  DAYS  RAIN  SPEED HIGH   TIME    DIR
------------------------------------------------------------------------------------
 1  54.6  64.7   2:00p  44.9   2:00a  10.4   0.0  0.26   2.7  26.0   2:10p    SW
 2  49.4  60.5   2:40p  40.4   6:40a  15.6   0.0  0.00   0.4   9.0   1:10p   NNW
 3  51.3  68.9   1:30p  38.8   2:30a  14.2   0.5  0.00   0.7  13.0  11:50a    NW
 4  54.9  72.9   2:50p  40.4   3:50a  11.1   1.0  0.00   0.8   8.0   9:10a   ENE
 5  59.7  73.8  12:10p  47.2   3:00a   6.9   1.6  0.00   0.4   9.0   1:20p   SSE
 6  64.5  72.1  12:00p  53.8  12:00m   2.3   1.8  0.01   3.7  30.0   1:50p     S
 7  48.0  53.8  12:10a  39.1  11:50p  17.0   0.0  0.06   1.6  13.0   5:50p   WNW
 8  41.5  51.0   1:30p  31.9  12:00m  23.5   0.0  0.05   1.2  12.0  12:20p     W
 9  40.2  57.5   2:50p  28.0   6:10a  24.8   0.0  0.00   0.5  10.0  12:10p   ENE
10  48.5  56.8   1:10p  37.2  12:10a  16.5   0.0  0.18   0.8   9.0  10:30a   ENE
11  50.4  56.3  12:10p  47.6   6:50a  14.6   0.0  0.02   0.5   9.0   1:10p     W
12  53.0  60.8   1:20p  48.5  12:10a  12.0   0.0  0.16   4.6  29.0  12:50p    SW
13  47.0  52.2  12:10a  40.0   7:10p  18.0   0.0  0.04   5.9  25.0   5:00a     W
14  37.8  40.4   5:50p  33.2   5:00a  27.2   0.0  0.08   3.1  23.0   4:30a   WNW
15  42.9  58.4   2:40p  30.3   7:10a  22.1   0.0  0.00   1.1  16.0  12:20p   WSW
16  43.9  56.5   2:10p  31.3  12:00m  21.1   0.0  0.00   0.8   9.0   3:20p   NNW
17  37.1  48.1   1:50p  26.2   4:30a  27.9   0.0  0.00   2.0  15.0   2:50p     E
18  48.7  58.4  12:00m  35.2   3:30a  16.3   0.0  0.00   5.2  27.0   2:00p   SSE
19  60.8  66.7  12:30p  52.4  12:00m   4.2   0.0  0.05   6.4  29.0   2:20a   SSE
20  41.8  52.4  12:10a  27.4  11:30p  23.2   0.0  0.00   2.1  18.0   9:50a     W
21  39.2  47.2  12:00m  27.6  12:50a  25.8   0.0  0.00   2.7  25.0  11:50p     E
22  40.3  49.7   3:10a  29.9  12:00m  24.7   0.0  0.00   3.7  30.0   3:50a     W
23  30.1  36.5   1:50p  24.2   7:30a  34.9   0.0  0.02   0.7  10.0  12:30p     W
24  32.7  37.1  10:50a  25.6   3:20a  32.3   0.0  0.01   0.5   9.0   9:50a     S
25  37.8  48.9   1:40p  25.6   7:20a  27.2   0.0  0.00   2.0  18.0  12:30p    SE
26  50.4  59.8   1:40p  39.3  12:10a  14.6   0.0  0.00   4.2  21.0  10:50p   SSE
27  56.5  64.3  12:00p  40.6  12:00m   8.5   0.0  0.11   3.7  19.0   3:40a     S
28  34.4  40.7  12:10a  30.5   6:00p  30.6   0.0  0.08   1.3  10.0   1:00p   NNW
29  32.9  39.1  12:50p  26.5  12:00m  32.1   0.0  0.00   1.1  11.0   3:10p   WNW
30  30.6  42.2   1:50p  19.2   6:20a  34.4   0.0  0.01   1.0  13.0  10:10a     E
-------------------------------------------------------------------------------------
    45.4  73.8     5    19.2    30   594.0   4.9  1.14   2.2  30.0     6       W

Max >=  90.0:  0
Max <=  32.0:  0
Min <=  32.0: 14
Min <=   0.0:  0
Max Rain: 0.26 ON 11/01/15
Days of Rain: 12 (>.01 in) 4 (>.1 in) 0 (>1 in)
Heat Base:  65.0  Cool Base:  65.0  Method: Integration