NOAA-Style Climate Reports


NOAA Climate Reports are updated by Weatherlink v6.0.3 once per hour from this station.
2007-2017 Summary

Report for 2016
                            ANNUAL CLIMATOLOGICAL SUMMARY

NAME: CW6839  CITY: Country Meadow, Clay   STATE: New York  
ELEV:   410 ft  LAT:  43° 10' 16" N  LONG:  76° 09' 44" W

               TEMPERATURE (°F), HEAT BASE 65.0, COOL BASE 65.0
                          DEP.  HEAT  COOL                                          
        MEAN  MEAN        FROM  DEG   DEG                        MAX  MAX  MIN  MIN 
 YR MO  MAX   MIN   MEAN  NORM  DAYS  DAYS  HI  DATE  LOW  DATE  >=90 <=32 <=32 <=0 
------------------------------------------------------------------------------------
 16  1  33.9  17.2  25.6   0.0  1220     0  54.8  31  -1.5   22    0   13   29    1
 16  2  36.9  18.9  28.4   0.0  1060     0  63.1  28 -24.8   14    0   10   25    3
 16  3  50.4  28.8  39.4   0.0   798     4  75.9   9   7.6    3    0    2   20    0
 16  4  53.7  31.5  43.0   0.0   665     7  77.7  21   7.0    5    0    2   14    0
 16  5  69.7  46.4  58.1   0.0   296    80  91.4  28  31.5   10    1    0    1    0
 16  6  77.5  54.2  66.2   0.0   113   149  91.0  20  40.9   14    2    0    0    0
 16  7  83.5  61.8  72.6   0.0    28   264  93.6  13  52.8    4    1    0    0    0
 16  8  84.7  63.4  73.7   0.0    23   291  92.6  11  51.4   23    6    0    0    0
 16  9  77.3  52.6  64.3   0.0   145   123  90.2   8  37.9   25    1    0    0    0
 16 10  62.3  44.6  53.1   0.0   394    25  84.3  18  32.4   28    0    0    0    0
 16 11  51.7  33.2  42.1   0.0   685     0  70.5  19  26.3   14    0    2   17    0
 16 12  36.7  22.9  30.2   0.0  1079     0  51.9  26  -2.1   16    0    7   28    1
------------------------------------------------------------------------------------
        59.9  39.7  49.8   0.0  6506   943  93.6 JUL -24.8  FEB   11   36  134    5

                                PRECIPITATION (in)

               DEP.   MAX        DAYS OF RAIN 
               FROM   OBS.          OVER
 YR MO  TOTAL  NORM   DAY  DATE .01   .1   1
---------------------------------------------
 16  1  1.70   0.00  0.63   10   14    4    0
 16  2  3.44   0.00  1.61   24   13    4    1
 16  3  3.01   0.00  0.89   10   15    7    0
 16  4  2.08   0.00  0.68   26   11    5    0
 16  5  1.54   0.00  0.59    2   11    5    0
 16  6  3.17   0.00  1.08   20    8    6    1
 16  7  2.61   0.00  1.67    8    6    4    1
 16  8  4.47   0.00  1.38   13    8    5    2
 16  9  3.20   0.00  1.65   18    6    4    2
 16 10  7.28   0.00  1.56   21   17   12    2
 16 11  2.90   0.00  0.77    3   14    9    0
 16 12  3.50   0.00  0.94   18   18   10    0
---------------------------------------------
       38.90  0.00  1.67  JUL  141   75    9

                                WIND SPEED (mph)
                          DOM
 YR MO   AVG.  HI   DATE  DIR
---------------------------------
 16  1   2.3  33.0   10     W
 16  2   2.7  28.0   19   WNW
 16  3   2.4  28.0    2   WNW
 16  4   2.1  24.0    3   WNW
 16  5   1.5  24.0   29    NW
 16  6   1.2  23.0    2    NW
 16  7   1.1  20.0    2    NW
 16  8   1.3  26.0   16    SW
 16  9   1.2  21.0   29   ENE
 16 10   1.3  25.0   27    NW
 16 11   1.7  23.0   29   WNW
 16 12   2.7  28.0   15     W
---------------------------------
         1.8  33.0  JAN   NW