NOAA-Style Climate Reports


NOAA Climate Reports are updated by Weatherlink v6.0.3 once per hour from this station.
2007-2017 Summary

Report for 2016 March
                   MONTHLY CLIMATOLOGICAL SUMMARY for MAR. 2016

NAME: CW6839   CITY: Country Meadow, Clay   STATE: New York 
ELEV:   410 ft  LAT:  43° 10' 16" N  LONG:  76° 09' 44" W

                   TEMPERATURE (°F), RAIN  (in), WIND SPEED (mph)

                                      HEAT  COOL        AVG
    MEAN                              DEG   DEG         WIND                 DOM
DAY TEMP  HIGH   TIME   LOW    TIME   DAYS  DAYS  RAIN  SPEED HIGH   TIME    DIR
------------------------------------------------------------------------------------
 1  25.6  35.3  11:40p  17.0   7:00a  39.4   0.0  0.00   4.2  23.0   6:30p   ENE
 2  24.2  48.8   2:20a  19.0   9:30a  40.8   0.0  0.08   5.1  28.0   4:20a   WNW
 3  18.5  25.2   3:00p   7.6   7:00a  46.5   0.0  0.03   1.4  13.0   2:00a     E
 4  23.5  32.9   2:30p  16.1  12:00m  41.5   0.0  0.00   1.7  11.0   5:10p     E
 5  22.7  30.1   3:30p  12.1   4:20a  42.3   0.0  0.00   0.5   7.0   2:00p   SSE
 6  28.7  40.6   3:40p  15.6   6:10a  36.3   0.0  0.00   0.5   9.0   3:30p    SE
 7  40.6  52.4   1:50p  27.3  12:10a  24.4   0.0  0.00   1.3  17.0  11:00a    SE
 8  46.5  61.1   2:40p  31.2   1:50a  18.5   0.0  0.00   0.3   6.0   9:10a   WSW
 9  62.3  75.9   3:10p  40.3   2:40a   5.5   2.7  0.04   2.1  20.0  12:30p    SW
10  55.3  60.1   1:50p  45.7  11:50p   9.7   0.0  0.89   0.8  10.0   3:40p   SSW
11  36.7  45.9  12:10a  27.4  12:00m  28.3   0.0  0.02   1.8  13.0   1:30p    NW
12  42.7  61.0   2:40p  25.7   6:20a  22.3   0.0  0.00   0.8  11.0   1:10p   WNW
13  45.0  53.4   4:40p  32.6   7:30a  19.1   0.0  0.00   1.5  13.0  12:00p     E
14  41.6  49.6  12:20a  39.3   8:40p  23.4   0.0  0.36   2.9  16.0  11:40p     E
15  44.4  49.1   5:30p  39.4  12:10a  20.6   0.0  0.02   2.4  15.0   2:50a     E
16  47.2  56.6   3:10p  42.1   7:00a  17.8   0.0  0.45   1.1  14.0   1:20p   WNW
17  46.0  57.7   2:10p  36.6   7:10a  19.0   0.0  0.09   2.8  26.0   5:20p     W
18  37.2  41.0  10:40a  29.6  12:00m  27.8   0.0  0.06   3.0  16.0   5:20a   WNW
19  27.5  35.7   3:20p  20.3   7:30a  37.5   0.0  0.00   1.9  15.0   2:30p   NNW
20  27.9  40.4   5:10p  16.5   7:40a  37.1   0.0  0.00   0.9  11.0   9:50a   ENE
21  32.7  41.1   3:20p  25.5  12:20a  32.3   0.0  0.00   3.4  19.0   5:20p   WNW
22  39.6  52.5  10:30p  26.6   6:50a  25.4   0.0  0.01   2.0  17.0  11:00p     W
23  41.2  47.6   7:50a  33.9  12:00m  23.8   0.0  0.12   1.1   9.0   2:10a   NNW
24  44.8  65.3   8:10p  33.7  12:20a  20.2   0.0  0.07   4.6  21.0   8:20p   ENE
25  42.0  60.5  12:10a  31.7  10:30p  23.0   0.0  0.17   3.2  19.0  12:10a   WNW
26  37.0  48.4   4:50p  27.8   7:10a  28.0   0.0  0.00   1.2  11.0   2:00p     E
27  47.9  64.1   2:40p  29.9   3:20a  17.1   0.0  0.00   2.9  17.0   3:20p   SSE
28  48.2  55.0   1:40a  36.4   8:40p  16.8   0.0  0.48   4.8  26.0   4:00p    SE
29  36.0  41.3   5:00p  28.8  12:00m  29.0   0.0  0.01   4.5  23.0  12:40a   WNW
30  45.9  63.0   5:10p  26.3   7:10a  19.1   0.0  0.00   3.3  24.0   6:50p     S
31  60.5  69.7   6:10p  49.5   9:10a   5.6   1.1  0.11   4.9  25.0   6:40p     S
-------------------------------------------------------------------------------------
    39.4  75.9     9     7.6     3   798.1   3.8  3.01   2.4  28.0     2     WNW

Max >=  90.0:  0
Max <=  32.0:  2
Min <=  32.0: 20
Min <=   0.0:  0
Max Rain: 0.89 ON 03/10/16
Days of Rain: 15 (>.01 in) 7 (>.1 in) 0 (>1 in)
Heat Base:  65.0  Cool Base:  65.0  Method: Integration