NOAA-Style Climate Reports


NOAA Climate Reports are updated by Weatherlink v6.0.3 once per hour from this station.
2007-2017 Summary

Report for 2016 June
                   MONTHLY CLIMATOLOGICAL SUMMARY for JUN. 2016

NAME: CW6839   CITY: Country Meadow, Clay   STATE: New York 
ELEV:   410 ft  LAT:  43° 10' 16" N  LONG:  76° 09' 44" W

                   TEMPERATURE (°F), RAIN  (in), WIND SPEED (mph)

                                      HEAT  COOL        AVG
    MEAN                              DEG   DEG         WIND                 DOM
DAY TEMP  HIGH   TIME   LOW    TIME   DAYS  DAYS  RAIN  SPEED HIGH   TIME    DIR
------------------------------------------------------------------------------------
 1  64.7  77.7   6:50p  48.0   5:40a   4.5   4.2  0.00   1.1  10.0   1:50p   ENE
 2  71.2  74.9   6:00p  65.5  12:10p   0.0   6.2  0.16   3.2  23.0   4:00a   SSE
 3  69.7  80.2   4:40p  57.8  12:00m   1.0   5.7  0.00   1.0  11.0   3:50p     N
 4  67.9  81.2   3:50p  52.4   5:50a   3.2   6.1  0.00   0.5   8.0   2:10p   ENE
 5  68.1  75.4  12:20p  65.0   3:30a   0.0   3.1  0.87   1.8  19.0   1:40p   SSE
 6  69.0  76.8   4:30p  59.8  12:00m   0.5   4.5  0.00   2.7  18.0  10:20a   WSW
 7  61.7  70.3  10:20a  55.3   1:30a   3.9   0.6  0.30   1.6  14.0   5:40p    NW
 8  54.6  59.3   2:50p  52.6   9:10p  10.4   0.0  0.00   2.5  19.0   3:40p    NW
 9  56.1  63.1   4:20p  47.3   6:10a   8.9   0.0  0.00   2.4  19.0   2:30p    NW
10  57.5  67.8   4:10p  43.3   5:50a   7.9   0.4  0.00   1.2  15.0  12:10p    NW
11  60.3  79.2   5:40p  44.4   3:40a   7.8   3.1  0.38   1.1  16.0   4:30p    NW
12  60.9  74.1   1:10a  53.7  10:20p   5.2   1.1  0.00   2.7  18.0  11:50a    NW
13  55.9  63.1   6:20p  52.3   3:10a   9.1   0.0  0.00   1.6  15.0   1:30a    NW
14  57.0  69.7   3:50p  40.9   5:40a   8.7   0.7  0.00   0.8  10.0  11:30a    NW
15  63.5  80.0   4:10p  43.6   4:20a   6.3   4.9  0.00   0.6   9.0   1:40p   NNE
16  71.4  83.7   4:20p  58.6   5:50a   1.4   7.8  0.00   1.1  11.0   1:30p   NNE
17  70.0  83.5   3:10p  55.3   5:40a   2.0   7.0  0.00   0.8  10.0   2:40p   NNE
18  69.6  84.8   3:10p  52.0   5:30a   3.3   7.9  0.00   0.5   7.0   1:50p   SSE
19  72.5  88.0   3:10p  54.2   5:30a   2.5  10.0  0.00   0.6  11.0   2:00p    NW
20  77.3  91.0   3:30p  59.8   4:30a   1.0  13.2  1.08   2.8  22.0   7:40p    SW
21  67.2  75.5   3:00p  57.0  12:00m   1.7   3.9  0.24   1.2  15.0   2:30p    NW
22  62.5  71.2  12:10p  53.8  12:00m   4.5   2.0  0.06   1.2  17.0   2:20p    NW
23  62.7  76.9   2:00p  48.3   5:10a   5.8   3.5  0.00   0.6  10.0   1:30p   NNW
24  64.9  79.6   4:00p  48.0   5:10a   5.2   5.1  0.00   0.8   9.0   4:10p   NNE
25  70.3  85.2  12:10p  53.0   6:10a   3.0   8.3  0.00   0.0   5.0   8:00a   SSE
26  76.9  90.7   4:30p  60.4   4:40a   0.9  12.3  0.00   0.0  16.0   1:50p     N
27  76.5  86.9   4:20p  68.0   9:50a   0.0  11.5  0.08   0.0  14.0  12:50a     N
28  71.6  81.0   1:00p  63.4  12:00m   0.0   6.6  0.00   0.0  16.0   3:40p     N
29  66.9  75.6   4:20p  57.6  12:00m   1.5   3.4  0.00   0.6  14.0  10:00a    NW
30  67.5  79.1   3:40p  53.8   4:50a   3.0   5.4  0.00   0.9  12.0   2:20p   NNW
-------------------------------------------------------------------------------------
    66.2  91.0    20    40.9    14   113.2 148.5  3.17   1.2  23.0     2      NW

Max >=  90.0:  2
Max <=  32.0:  0
Min <=  32.0:  0
Min <=   0.0:  0
Max Rain: 1.08 ON 06/20/16
Days of Rain: 8 (>.01 in) 6 (>.1 in) 1 (>1 in)
Heat Base:  65.0  Cool Base:  65.0  Method: Integration