NOAA-Style Climate Reports


NOAA Climate Reports are updated by Weatherlink v6.0.3 once per hour from this station.
2007-2017 Summary

Report for 2016 July
                   MONTHLY CLIMATOLOGICAL SUMMARY for JUL. 2016

NAME: CW6839   CITY: Country Meadow, Clay   STATE: New York 
ELEV:   410 ft  LAT:  43° 10' 16" N  LONG:  76° 09' 44" W

                   TEMPERATURE (°F), RAIN  (in), WIND SPEED (mph)

                                      HEAT  COOL        AVG
    MEAN                              DEG   DEG         WIND                 DOM
DAY TEMP  HIGH   TIME   LOW    TIME   DAYS  DAYS  RAIN  SPEED HIGH   TIME    DIR
------------------------------------------------------------------------------------
 1  67.7  80.7  12:00p  54.3   5:40a   2.6   5.4  0.02   1.7  18.0   3:00p   NNW
 2  66.3  75.7   3:20p  58.2   6:00a   1.9   3.2  0.00   1.9  20.0  12:30p    NW
 3  67.8  80.5   3:40p  53.7   6:10a   2.6   5.4  0.00   0.9  14.0   2:00p   NNW
 4  70.6  84.7   2:10p  52.8   6:00a   3.1   8.7  0.00   0.9  11.0   2:30p    NE
 5  75.8  86.6   3:50p  65.0   6:00a   0.0  10.8  0.00   1.0  13.0   2:10p    NW
 6  77.5  89.6   4:20p  63.4   6:00a   0.1  12.5  0.00   0.9  10.0  12:10p    SW
 7  77.1  87.5   2:10p  69.2   5:40a   0.0  12.1  0.00   0.7  11.0   4:10p   NNW
 8  73.2  86.1   2:40p  65.5   5:50a   0.0   8.2  1.67   0.7  16.0   4:50p   ENE
 9  73.3  83.2  12:20p  67.8   2:30a   0.0   8.3  0.01   1.0  14.0   4:20p    NW
10  65.6  69.9  12:10a  59.0  12:00m   0.7   1.4  0.03   1.3  13.0  12:50p   NNW
11  66.3  78.0   4:40p  53.9   5:40a   3.3   4.6  0.00   0.6   9.0  12:50p   SSE
12  72.8  89.7   4:40p  56.1   4:10a   2.1  10.0  0.00   0.7  10.0   3:50p   ENE
13  78.7  93.6   3:00p  69.1   1:30a   0.0  13.7  0.01   1.5  13.0   1:50p   SSE
14  78.1  87.3   2:30p  68.5  12:00m   0.0  13.1  0.28   1.7  15.0  10:40a     S
15  74.5  86.5   2:00p  65.0   5:50a   0.0   9.5  0.00   1.1  17.0   2:20p   WSW
16  69.5  78.4   3:40p  61.2   5:00a   0.4   4.9  0.00   1.0  11.0   2:30p    NW
17  69.9  80.5   4:00p  58.9   6:10a   1.2   6.1  0.17   0.6   7.0  12:40p     N
18  75.9  82.2   5:30p  65.7   2:10a   0.0  10.9  0.00   2.0  20.0  12:40p    SW
19  68.4  77.8   3:30p  57.3  11:50p   1.2   4.5  0.00   1.0  12.0  10:50a    NW
20  66.6  79.7   4:10p  53.1   6:10a   3.5   5.1  0.00   0.7   9.0  12:00p     N
21  72.2  88.4   4:00p  54.3   4:40a   2.6   9.8  0.00   0.8  12.0   5:10p   SSW
22  82.7  89.5   4:00p  74.0  10:00p   0.0  17.7  0.00   1.8  13.0   7:40a   WSW
23  78.3  87.0   4:00p  67.1   6:40a   0.0  13.3  0.00   1.0  13.0  12:00p    NW
24  73.6  87.5   3:40p  60.6   6:00a   0.5   9.0  0.00   0.5   8.0   2:50p     N
25  72.6  80.1   6:40p  64.7   5:10a   0.0   7.6  0.41   0.9  12.0   5:40p   WSW
26  73.3  82.6   4:20p  63.3  12:00m   0.1   8.3  0.00   0.8  10.0  12:40p    NW
27  73.8  87.9   4:10p  59.6   5:50a   1.1   9.9  0.00   0.5   8.0   9:20a   WSW
28  75.1  87.1   2:50p  65.6   6:20a   0.0  10.1  0.00   0.6  11.0   3:40p   NNW
29  74.3  86.4   3:00p  63.6  12:00m   0.0   9.3  0.00   1.2  13.0   2:00p   NNW
30  69.9  80.4   1:40p  58.7   5:00a   1.4   6.3  0.00   0.7   8.0  12:00p    SE
31  69.3  73.5   3:50p  65.3   4:30a   0.0   4.3  0.01   2.0  14.0   9:20a   ENE
-------------------------------------------------------------------------------------
    72.6  93.6    13    52.8     4    28.4 264.0  2.61   1.1  20.0     2      NW

Max >=  90.0:  1
Max <=  32.0:  0
Min <=  32.0:  0
Min <=   0.0:  0
Max Rain: 1.67 ON 07/08/16
Days of Rain: 6 (>.01 in) 4 (>.1 in) 1 (>1 in)
Heat Base:  65.0  Cool Base:  65.0  Method: Integration