NOAA-Style Climate Reports


NOAA Climate Reports are updated by Weatherlink v6.0.3 once per hour from this station.
2007-2017 Summary

Report for 2016 August
                   MONTHLY CLIMATOLOGICAL SUMMARY for AUG. 2016

NAME: CW6839   CITY: Country Meadow, Clay   STATE: New York 
ELEV:   410 ft  LAT:  43° 10' 16" N  LONG:  76° 09' 44" W

                   TEMPERATURE (°F), RAIN  (in), WIND SPEED (mph)

                                      HEAT  COOL        AVG
    MEAN                              DEG   DEG         WIND                 DOM
DAY TEMP  HIGH   TIME   LOW    TIME   DAYS  DAYS  RAIN  SPEED HIGH   TIME    DIR
------------------------------------------------------------------------------------
 1  72.2  81.2   3:30p  67.0  11:50p   0.0   7.2  0.01   0.9   9.0   5:10p   ENE
 2  72.4  84.0   4:00p  61.4   6:00a   0.4   7.8  0.00   1.3  13.0   1:00p   ENE
 3  74.0  85.4   4:00p  62.8   6:20a   0.2   9.2  0.00   1.5  12.0  11:20a     E
 4  77.1  90.4   3:20p  63.3   6:20a   0.2  12.2  0.00   1.3  10.0  12:00p   SSE
 5  80.0  90.7   3:10p  67.7   6:20a   0.0  15.0  0.00   3.3  19.0   1:40p     S
 6  76.3  83.4   3:10p  65.8  12:00m   0.0  11.3  0.04   1.6  15.0   1:10a    NW
 7  72.2  83.0   4:00p  59.4   6:00a   0.7   7.8  0.00   0.9  13.0  12:00p    NW
 8  69.9  84.5   3:50p  55.2   6:10a   2.3   7.2  0.00   0.9  11.0  10:20a   NNW
 9  74.4  90.8   3:00p  53.7   6:00a   2.8  12.2  0.00   2.0  15.0   7:50p   SSE
10  78.3  89.7   3:50p  71.1   6:30a   0.0  13.3  0.75   1.3  14.0   2:10a     S
11  80.7  92.6   3:20p  68.9   5:50a   0.0  15.7  0.00   1.0  12.0   9:40p    SW
12  79.3  90.6   2:20p  72.7   3:10a   0.0  14.3  0.60   1.1  18.0   2:50p     S
13  78.6  90.2  11:30a  73.2   3:50a   0.0  13.6  1.38   1.1  14.0   3:50p    SW
14  76.0  81.7   4:00p  68.1  11:30p   0.0  11.0  0.00   1.5  13.0   1:30p    SW
15  71.8  79.4   4:40p  66.4   5:30a   0.0   6.8  0.00   0.3   8.0  11:50a    NW
16  75.4  87.3   6:00p  68.1  12:40a   0.0  10.4  0.41   2.5  26.0   5:50p   SSE
17  72.1  80.7   2:10p  66.3  12:00m   0.0   7.1  0.00   1.2  21.0   1:00a   NNW
18  72.1  83.8   4:00p  64.6   4:10a   0.0   7.1  0.06   0.5  10.0   3:20p   NNW
19  72.9  86.8   3:40p  62.6   6:00a   0.3   8.2  0.00   0.3   6.0  12:30p   NNW
20  76.5  88.4   2:20p  63.3   6:30a   0.2  11.7  0.00   2.1  17.0   5:50p   SSE
21  72.4  79.1  12:10a  62.9  11:50p   0.1   7.6  1.17   3.5  22.0   4:00a   SSE
22  63.3  71.9   5:30p  54.8  11:40p   3.3   1.5  0.00   1.0  13.0  10:30a   NNW
23  64.4  80.4   3:30p  51.4   7:00a   4.5   3.9  0.00   0.7  12.0  11:40a    SW
24  72.7  86.8   4:20p  56.3   6:40a   2.2   9.9  0.00   1.8  14.0   5:30p     S
25  76.6  84.1   5:40p  72.8   9:30a   0.0  11.6  0.05   1.3  11.0   1:40p   WSW
26  75.8  83.6   2:10p  63.7  12:00m   0.0  10.8  0.00   0.8   9.0  11:40a    NW
27  71.7  84.5   4:20p  61.9   5:30a   0.7   7.4  0.00   0.3   7.0   1:30p    SW
28  77.0  89.9   4:00p  66.2   2:10a   0.0  12.0  0.00   0.9  15.0  11:40a   NNW
29  71.5  79.7   1:30p  59.3  12:00m   0.5   7.0  0.00   1.1  12.0   4:00p    NW
30  67.6  83.1   4:30p  53.5   6:50a   3.2   5.8  0.00   0.5   8.0  11:30a    SW
31  68.8  78.3   4:30p  60.8   5:20a   0.9   4.7  0.00   0.5  13.0   4:20p   WSW
-------------------------------------------------------------------------------------
    73.7  92.6    11    51.4    23    22.5 291.3  4.47   1.3  26.0    16      SW

Max >=  90.0:  6
Max <=  32.0:  0
Min <=  32.0:  0
Min <=   0.0:  0
Max Rain: 1.38 ON 08/13/16
Days of Rain: 8 (>.01 in) 5 (>.1 in) 2 (>1 in)
Heat Base:  65.0  Cool Base:  65.0  Method: Integration