NOAA-Style Climate Reports


NOAA Climate Reports are updated by Weatherlink v6.0.3 once per hour from this station.
2007-2017 Summary

Report for 2016 November
                   MONTHLY CLIMATOLOGICAL SUMMARY for NOV. 2016

NAME: CW6839   CITY: Country Meadow, Clay   STATE: New York 
ELEV:   410 ft  LAT:  43° 10' 16" N  LONG:  76° 09' 44" W

                   TEMPERATURE (°F), RAIN  (in), WIND SPEED (mph)

                                      HEAT  COOL        AVG
    MEAN                              DEG   DEG         WIND                 DOM
DAY TEMP  HIGH   TIME   LOW    TIME   DAYS  DAYS  RAIN  SPEED HIGH   TIME    DIR
------------------------------------------------------------------------------------
 1  46.9  61.4   2:40p  30.8   3:30a  18.1   0.0  0.00   2.6  18.0   6:10p   SSE
 2  55.0  62.4   3:00p  48.9   4:10a  10.0   0.0  0.15   0.4   7.0   3:00p   ENE
 3  54.7  60.6   1:10p  50.1  11:40p  10.3   0.0  0.77   1.2  15.0   9:10a    NW
 4  44.8  50.6   3:30p  35.7   9:20p  20.2   0.0  0.05   1.6  13.0   3:00a    NW
 5  50.2  59.5   4:00p  41.9  12:10a  14.8   0.0  0.00   1.3  13.0   4:30p   WSW
 6  42.9  53.2  12:10a  30.4  12:00m  22.1   0.0  0.00   2.0  13.0  11:50a    NW
 7  39.8  60.3   3:10p  28.4   7:00a  25.2   0.0  0.00   0.4   8.0  12:40p   SSE
 8  47.0  65.2   1:20p  30.8   5:50a  18.0   0.0  0.00   0.4   8.0  11:30a   ENE
 9  44.8  52.6  12:10a  29.5  12:00m  20.2   0.0  0.17   2.0  16.0   7:40a    NW
10  45.3  58.7   3:00p  27.9   4:30a  19.7   0.0  0.00   2.0  16.0   1:20p    SW
11  46.0  55.9   4:20a  37.0  12:00m  19.0   0.0  0.00   5.1  22.0   7:30a   NNW
12  38.6  46.5   2:40p  30.1   7:40a  26.4   0.0  0.00   1.3  13.0   2:20p   WSW
13  43.5  58.9   3:30p  30.2   2:50a  21.5   0.0  0.00   1.6  16.0  10:50a   WSW
14  41.8  59.8   2:50p  26.3   7:00a  23.2   0.0  0.00   0.5  10.0  11:10a   SSW
15  44.7  56.5   1:40p  34.6   4:10a  20.3   0.0  0.00   0.3   6.0  12:40p     N
16  49.4  56.6   2:00p  43.9   7:20a  15.6   0.0  0.00   1.0  11.0   2:30p   WNW
17  47.3  54.7   2:40p  34.7  11:50p  17.7   0.0  0.00   0.7   8.0  12:10a   WNW
18  42.8  62.9   3:10p  30.7   7:20a  19.3   0.0  0.00   0.6   8.0   8:20p   ENE
19  46.2  70.5   1:20p  34.3  10:40p  19.1   0.3  0.24   2.4  19.0   5:30p   ENE
20  31.0  35.3  12:40a  27.0  11:40p  34.0   0.0  0.34   4.7  22.0   1:10p   WNW
21  27.4  28.5   8:50p  26.5   4:10a  37.6   0.0  0.00   5.3  21.0  10:30a   WNW
22  29.8  31.6   7:30p  28.2  12:20a  35.2   0.0  0.08   3.6  18.0  12:20a   WNW
23  29.7  33.4   3:10p  27.4   7:40a  35.3   0.0  0.15   0.7  11.0  12:10a   WNW
24  32.9  35.3  10:50a  29.9   2:00a  32.1   0.0  0.13   1.7  11.0   5:50a     E
25  37.9  44.7   2:10p  33.7   2:20a  27.1   0.0  0.03   0.1   7.0  10:50p   WSW
26  37.7  40.2  12:50a  34.8  11:20p  27.3   0.0  0.22   0.6   9.0  11:40p   WSW
27  34.6  38.3  11:50a  31.0  10:30p  30.4   0.0  0.43   0.4   9.0  11:10a   WSW
28  37.9  48.5   2:40p  28.8   7:00a  27.1   0.0  0.00   1.8  14.0  12:40p     E
29  46.2  56.6  12:40p  36.9  12:00m  18.8   0.0  0.05   2.5  23.0  10:00a   SSE
30  45.6  52.7   8:30p  34.7   2:30a  19.4   0.0  0.09   1.5  11.0  10:20p   ENE
-------------------------------------------------------------------------------------
    42.1  70.5    19    26.3    14   685.0   0.3  2.90   1.7  23.0    29     WNW

Max >=  90.0:  0
Max <=  32.0:  2
Min <=  32.0: 17
Min <=   0.0:  0
Max Rain: 0.77 ON 11/03/16
Days of Rain: 14 (>.01 in) 9 (>.1 in) 0 (>1 in)
Heat Base:  65.0  Cool Base:  65.0  Method: Integration