NOAA-Style Climate Reports


NOAA Climate Reports are updated by Weatherlink v6.0.3 once per hour from this station.
2007-2017 Summary

Report for 2016 December
                   MONTHLY CLIMATOLOGICAL SUMMARY for DEC. 2016

NAME: CW6839   CITY: Country Meadow, Clay   STATE: New York 
ELEV:   410 ft  LAT:  43° 10' 16" N  LONG:  76° 09' 44" W

                   TEMPERATURE (°F), RAIN  (in), WIND SPEED (mph)

                                      HEAT  COOL        AVG
    MEAN                              DEG   DEG         WIND                 DOM
DAY TEMP  HIGH   TIME   LOW    TIME   DAYS  DAYS  RAIN  SPEED HIGH   TIME    DIR
------------------------------------------------------------------------------------
 1  43.1  49.8  12:50a  38.6   8:50p  21.9   0.0  0.68   3.8  23.0   5:20a     W
 2  39.9  43.6  12:30p  33.0   7:50p  25.1   0.0  0.13   3.9  20.0   7:50a     W
 3  36.2  38.2  11:50a  34.9  12:10a  28.8   0.0  0.03   2.7  15.0   5:40a   WNW
 4  32.3  38.6   2:30p  28.6   8:50p  32.7   0.0  0.00   1.3  11.0  10:50p     N
 5  36.1  39.9   2:30p  29.3   2:40a  28.9   0.0  0.13   2.7  16.0  10:50a     W
 6  35.6  40.6  12:50p  27.1   7:40a  29.4   0.0  0.16   1.5  15.0   2:40p   ENE
 7  36.5  43.2   1:10p  29.0  10:40p  28.5   0.0  0.24   1.6  15.0  10:30a     W
 8  33.6  36.4   2:10p  29.8  10:40p  31.4   0.0  0.01   3.7  22.0   6:30p     W
 9  26.2  30.7  12:10a  23.5  11:00p  38.8   0.0  0.01   3.1  19.0  11:30a   WNW
10  21.3  27.6  12:00p  11.9   6:10a  43.7   0.0  0.01   0.3  11.0  12:10a   WNW
11  23.7  29.9   1:20p  11.5   5:30a  41.3   0.0  0.01   2.1  21.0  11:40p   SSE
12  33.3  37.3   2:30p  27.3   1:30a  31.7   0.0  0.03   2.9  22.0   9:00p     W
13  32.8  36.8  11:50a  29.5   6:10a  32.2   0.0  0.06   2.6  15.0   5:30p    SW
14  26.0  33.5  12:10a  20.5   8:10a  39.0   0.0  0.00   4.6  22.0   7:30a     W
15  15.2  22.1  12:10a   9.4  12:00m  49.8   0.0  0.00   5.5  28.0   3:00p     W
16  11.9  21.8   3:50p  -2.1   7:40a  53.1   0.0  0.00   1.6  16.0   8:50p   ENE
17  24.5  32.5  11:30p  17.9   3:00a  40.5   0.0  0.00   1.7  13.0   6:20a     E
18  28.5  36.4   7:10a  14.4  12:00m  36.5   0.0  0.94   3.2  20.0  11:40a     W
19  15.0  26.1   1:40p   7.5  10:00p  50.0   0.0  0.00   0.8  11.0  11:30a    SE
20  20.2  34.2   8:40p   3.5   6:20a  44.8   0.0  0.00   2.0  20.0   8:00p    SW
21  31.0  36.4   2:20p  26.5   9:10p  34.0   0.0  0.05   1.7  14.0   2:30a    SW
22  32.7  36.0  11:00a  28.0  12:10a  32.3   0.0  0.09   1.5  14.0  12:00p   WSW
23  34.9  41.1   1:50p  28.0   7:40a  30.1   0.0  0.19   1.3  14.0   1:10p    SW
24  37.5  42.6   8:50a  30.3   2:40a  27.5   0.0  0.11   2.4  19.0   8:40a     W
25  31.7  36.8  12:10a  21.0  10:30p  33.3   0.0  0.01   1.7  18.0  10:00a   NNW
26  34.4  51.9  11:20p  22.6   5:10a  30.6   0.0  0.10   5.5  26.0   1:20p     E
27  39.0  50.3  12:10a  31.0  11:50p  26.0   0.0  0.13   3.8  21.0   3:20a   WNW
28  30.3  31.7  12:50p  27.7   7:00a  34.7   0.0  0.04   2.4  14.0   7:50a     W
29  32.2  38.3   3:10p  28.6   3:10a  32.8   0.0  0.05   2.7  19.0   9:10p    SE
30  29.2  32.7  12:40a  25.9  11:10p  35.8   0.0  0.00   4.3  22.0  12:00p   WNW
31  31.4  39.7   5:20p  15.8   4:00a  33.6   0.0  0.29   4.0  24.0   5:40p     S
-------------------------------------------------------------------------------------
    30.2  51.9    26    -2.1    16  1078.8   0.0  3.50   2.7  28.0    15       W

Max >=  90.0:  0
Max <=  32.0:  7
Min <=  32.0: 28
Min <=   0.0:  1
Max Rain: 0.94 ON 12/18/16
Days of Rain: 18 (>.01 in) 10 (>.1 in) 0 (>1 in)
Heat Base:  65.0  Cool Base:  65.0  Method: Integration