NOAA-Style Climate Reports


NOAA Climate Reports are updated by Weatherlink v6.0.3 once per hour from this station.
2007-2017 Summary

Report for 2017
                            ANNUAL CLIMATOLOGICAL SUMMARY

NAME: CW6839  CITY: Country Meadow, Clay   STATE: New York  
ELEV:   410 ft  LAT:  43° 10' 16" N  LONG:  76° 09' 44" W

               TEMPERATURE (°F), HEAT BASE 65.0, COOL BASE 65.0
                          DEP.  HEAT  COOL                                          
        MEAN  MEAN        FROM  DEG   DEG                        MAX  MAX  MIN  MIN 
 YR MO  MAX   MIN   MEAN  NORM  DAYS  DAYS  HI  DATE  LOW  DATE  >=90 <=32 <=32 <=0 
------------------------------------------------------------------------------------
 17  1  35.3  23.4  30.0   0.0  1079     0  55.5  12   7.3    8    0    9   23    0
 17  2  41.9  24.2  32.9   0.0   898     0  69.7  23  10.3    9    0    9   23    0
 17  3  38.0  21.8  29.8   0.0  1089     0  68.2   1   3.0    5    0   10   22    0
 17  4  60.4  40.2  50.4   0.0   461    23  81.7  27  27.7   14    0    0    7    0
 17  5  65.5  45.9  55.3   0.0   338    39  88.3  17  29.5   10    0    0    1    0
 17  6  74.9  55.4  65.3   0.0   116   127  90.5  18  44.6    3    2    0    0    0
 17  7  78.7  60.5  69.4   0.0    33   170  85.8  19  50.2   30    0    0    0    0
 17  8  78.2  56.8  66.9   0.0    84   144  87.7  22  44.4   27    0    0    0    0
 17  9  75.2  52.6  62.7   0.0   164    94  90.4  27  38.7   30    1    0    0    0
 17 10  67.1  46.7  56.2   0.0   310    37  83.2   4  31.3   17    0    0    1    0
 17 11  47.4  29.0  38.6   0.0   791     0  64.9   2  14.1   11    0    1   20    0
 17 12  30.9  17.7  24.8   0.0  1245     0  53.7   5  -8.0   28    0   15   28    3
------------------------------------------------------------------------------------
        57.9  39.6  48.6   0.0  6609   634  90.5 JUN  -8.0  DEC    3   44  125    3

                                PRECIPITATION (in)

               DEP.   MAX        DAYS OF RAIN 
               FROM   OBS.          OVER
 YR MO  TOTAL  NORM   DAY  DATE .01   .1   1
---------------------------------------------
 17  1  3.73   0.00  0.82   17   13    9    0
 17  2  2.53   0.00  0.57   14   12    6    0
 17  3  3.65   0.00  1.14   31   14    9    1
 17  4  5.43   0.00  1.47    4   15    9    2
 17  5  6.78   0.00  1.02    5   19   15    1
 17  6  5.05   0.00  0.97   30   17   13    0
 17  7  4.27   0.00  0.95    1   10    8    0
 17  8  3.83   0.00  1.58   22    7    5    2
 17  9  1.38   0.00  0.58    5    8    3    0
 17 10  6.57   0.00  1.86   29   14    9    2
 17 11  3.71   0.00  0.81    5   16    8    0
 17 12  1.01   0.00  0.39    5    6    3    0
---------------------------------------------
       47.94  0.00  1.86  OCT  151   97    8

                                WIND SPEED (mph)
                          DOM
 YR MO   AVG.  HI   DATE  DIR
---------------------------------
 17  1   2.5  33.0   11     W
 17  2   2.5  26.0   25   WNW
 17  3   2.9  34.0    8   WNW
 17  4   2.4  28.0   16   WNW
 17  5   1.7  27.0    2   ENE
 17  6   1.4  22.0   18   WSW
 17  7   0.9  18.0    8   WSW
 17  8   1.0  23.0   22   WSW
 17  9   0.8  20.0    4    NW
 17 10   1.8  28.0   24    SW
 17 11   2.3  30.0   19   WNW
 17 12   2.2  32.0   25   WSW
---------------------------------
         1.9  34.0  MAR   NW