NOAA-Style Climate Reports


NOAA Climate Reports are updated by Weatherlink v6.0.3 once per hour from this station.
2007-2017 Summary

Report for 2017 August
                   MONTHLY CLIMATOLOGICAL SUMMARY for AUG. 2017

NAME: CW6839   CITY: Country Meadow, Clay   STATE: New York 
ELEV:   410 ft  LAT:  43° 10' 16" N  LONG:  76° 09' 44" W

                   TEMPERATURE (°F), RAIN  (in), WIND SPEED (mph)

                                      HEAT  COOL        AVG
    MEAN                              DEG   DEG         WIND                 DOM
DAY TEMP  HIGH   TIME   LOW    TIME   DAYS  DAYS  RAIN  SPEED HIGH   TIME    DIR
------------------------------------------------------------------------------------
 1  72.6  84.9   2:50p  60.7   6:20a   0.7   8.3  0.00   0.4   8.0   3:40p   NNW
 2  74.1  85.4   4:00p  63.1   6:10a   0.2   9.3  0.00   0.6  12.0  11:10p    SW
 3  73.4  85.1   3:40p  63.4   6:30a   0.1   8.5  1.06   0.7  20.0   8:10p     N
 4  72.7  86.3   1:30p  63.8   6:00a   0.2   7.9  0.27   1.6  21.0   2:00p     N
 5  65.8  70.2   1:20p  60.9  12:00m   0.7   1.5  0.61   2.2  21.0  12:40a   WSW
 6  64.5  76.3   4:20p  53.0   4:40a   3.8   3.3  0.00   0.9  12.0   1:00p   WSW
 7  64.5  77.7  12:40p  55.1   5:40a   3.2   2.6  0.05   0.7  10.0  12:00p   SSE
 8  65.4  75.4   1:30p  56.2  12:00m   2.8   3.2  0.01   0.8  10.0  12:10p    NW
 9  68.1  80.3   2:20p  55.6   1:00a   2.5   5.6  0.00   0.5  12.0   4:00p    SW
10  68.9  80.9  12:20p  57.3   6:10a   2.0   5.9  0.00   0.4   8.0   3:10p     E
11  69.3  77.9   2:00p  59.1   5:20a   1.5   5.7  0.00   1.4  13.0  11:10a     S
12  70.5  81.7   1:40p  64.1   6:20a   0.1   5.6  0.17   0.9  16.0   2:50p   NNW
13  67.6  78.0   2:50p  56.9  12:00m   1.7   4.2  0.00   0.8   9.0  12:00p   WSW
14  67.0  80.5   2:40p  54.3   2:30a   3.4   5.4  0.00   0.8  11.0   3:30p   SSE
15  70.2  82.3   1:30p  61.7   6:30a   0.8   6.0  0.00   0.7  10.0   4:10p    SW
16  66.0  76.3   1:30p  53.7  12:00m   2.2   3.2  0.00   0.8  11.0   3:00p   NNW
17  64.9  77.7   2:40p  49.3   6:00a   4.9   4.8  0.00   1.0  11.0  11:00a   ENE
18  77.1  87.6   4:10p  67.8  11:30p   0.0  12.1  0.06   1.6  13.0   2:10a    SW
19  71.8  79.7   4:40p  65.8   3:10a   0.0   6.8  0.00   1.3  13.0  12:20p   WSW
20  69.9  80.5   4:00p  61.8   6:50a   0.6   5.5  0.01   0.8  11.0  12:20p   WSW
21  71.9  85.4   1:50p  58.9   5:20a   1.3   8.2  0.00   0.6  12.0  12:50p    SW
22  72.4  87.7   1:50p  64.1   4:50a   0.1   7.5  1.58   2.7  23.0  11:00a    SW
23  66.1  74.8   3:50p  59.3   7:00a   1.7   2.8  0.01   1.5  18.0   7:50p   WSW
24  61.4  70.9   2:10p  55.8   4:50a   4.5   1.0  0.00   0.8  13.0   1:40p   WSW
25  61.0  70.1   3:20p  50.4  12:00m   5.2   1.1  0.00   0.7  14.0  12:10p   NNW
26  58.1  71.2   2:50p  48.0   6:40a   8.1   1.2  0.00   0.7  12.0   2:50p    NW
27  58.3  72.2   4:10p  44.4   6:00a   8.4   1.7  0.00   1.2  13.0   2:50p    NE
28  61.6  72.5   2:30p  51.2   6:30a   5.3   1.9  0.00   0.7   8.0  11:50a   ENE
29  60.1  71.2   1:30p  52.0   6:40a   5.9   1.0  0.00   1.3  13.0   1:40p   ENE
30  60.0  74.5   4:00p  46.9   6:10a   7.3   2.3  0.00   0.5   9.0   5:40p     E
31  60.0  68.1  12:20p  45.9  11:30p   5.1   0.1  0.00   2.0  15.0   9:20a    NW
-------------------------------------------------------------------------------------
    66.9  87.7    22    44.4    27    84.3 144.2  3.83   1.0  23.0    22     WSW

Max >=  90.0:  0
Max <=  32.0:  0
Min <=  32.0:  0
Min <=   0.0:  0
Max Rain: 1.58 ON 08/22/17
Days of Rain: 7 (>.01 in) 5 (>.1 in) 2 (>1 in)
Heat Base:  65.0  Cool Base:  65.0  Method: Integration