NOAA-Style Climate Reports


NOAA Climate Reports are updated by Weatherlink v6.0.3 once per hour from this station.
2007-2017 Summary

Report for 2017 December
                   MONTHLY CLIMATOLOGICAL SUMMARY for DEC. 2017

NAME: CW6839   CITY: Country Meadow, Clay   STATE: New York 
ELEV:   410 ft  LAT:  43° 10' 16" N  LONG:  76° 09' 44" W

                   TEMPERATURE (°F), RAIN  (in), WIND SPEED (mph)

                                      HEAT  COOL        AVG
    MEAN                              DEG   DEG         WIND                 DOM
DAY TEMP  HIGH   TIME   LOW    TIME   DAYS  DAYS  RAIN  SPEED HIGH   TIME    DIR
------------------------------------------------------------------------------------
 1  37.7  42.3   2:30a  26.8  12:00m  27.3   0.0  0.04   1.1  13.0   6:50a   WSW
 2  33.2  41.2   1:00p  26.8  12:10a  31.8   0.0  0.00   0.4   7.0  11:30a   ESE
 3  35.4  48.2   2:00p  28.9  12:00m  29.6   0.0  0.00   0.3   7.0   2:30p   ESE
 4  39.1  50.9   2:10p  26.0   7:30a  25.9   0.0  0.00   2.2  22.0  11:40p   SSE
 5  49.6  53.7   6:40p  39.6  12:00m  15.3   0.0  0.39   6.7  30.0   6:30a   SSE
 6  36.7  39.6  12:10a  33.8   8:00a  28.3   0.0  0.00   4.0  21.0   8:50a    SW
 7  33.0  36.4  12:10a  28.1  11:50p  32.0   0.0  0.00   3.3  18.0  12:20a    SW
 8  29.4  33.2   2:20p  26.8  12:00m  35.6   0.0  0.00   2.3  13.0  12:20a    SW
 9  26.8  34.0   1:30p  21.7  11:00p  38.2   0.0  0.00   0.5  10.0   1:50p     E
10  29.1  33.7  12:30p  23.6  12:10a  35.9   0.0  0.00   2.9  18.0  12:40p   WSW
11  25.7  30.0   3:20a  23.8  10:00a  39.3   0.0  0.00   1.8  13.0   4:30a   ENE
12  26.3  32.8  12:40p  14.4  12:00m  38.7   0.0  0.00   2.9  21.0   7:10p   ENE
13  15.7  19.2   1:40p  13.2   7:10a  49.3   0.0  0.00   2.9  19.0  12:50p   WSW
14  14.7  19.0  12:00m   8.3   8:30a  50.3   0.0  0.00   1.9  18.0   2:10p   WSW
15  19.0  26.3  12:50p   6.5   6:20a  46.0   0.0  0.00   1.4  13.0  11:50p    SW
16  21.8  26.3  10:10a   7.1  11:40p  43.2   0.0  0.00   2.1  20.0   2:00a   WSW
17  14.6  22.8  12:10p   2.4   3:50a  50.4   0.0  0.07   0.4   8.0  11:40p     N
18  30.3  39.1  11:00p  21.9  12:10a  34.7   0.0  0.31   0.6   9.0   3:40a     E
19  42.6  49.0   1:20p  38.2   4:00a  22.4   0.0  0.17   3.8  23.0   2:40p     W
20  32.4  39.6  12:10a  27.2  12:00m  32.6   0.0  0.00   3.6  19.0   3:10a   WNW
21  23.6  29.4   2:50p  16.6   8:00a  41.4   0.0  0.02   1.1  10.0  12:40a   NNW
22  23.7  27.6  12:00m  21.6   3:40a  41.3   0.0  0.00   3.1  17.0   9:20a   ENE
23  30.7  32.9  12:20p  27.6  12:10a  34.3   0.0  0.01   1.4  10.0  11:20a   WNW
24  29.4  31.3   3:00p  26.0  11:50p  35.6   0.0  0.00   1.7  17.0  11:10p   ENE
25  26.1  33.5   6:00a  19.4  12:00m  38.9   0.0  0.00   5.5  32.0  12:00p     W
26  14.3  19.4  12:10a   7.3  12:00m  50.7   0.0  0.00   5.8  24.0  11:20a     W
27   9.0  15.0  12:20p   2.9   6:20p  56.0   0.0  0.00   1.6  14.0  12:20p   WSW
28   2.6   8.9   2:00p  -8.0   4:30a  62.4   0.0  0.00   0.9  13.0   2:00p   WNW
29   5.2  14.1   2:50p  -2.8   8:50p  59.8   0.0  0.00   0.2   5.0  12:40p   ENE
30  11.3  20.8   2:20p   0.1  12:00m  53.7   0.0  0.00   2.2  15.0   2:50p   ESE
31   1.1   7.3   1:30p  -6.3   8:30a  63.9   0.0  0.00   0.7  14.0  12:20a   NNW
-------------------------------------------------------------------------------------
    24.8  53.7     5    -8.0    28  1244.8   0.0  1.01   2.2  32.0    25     WSW

Max >=  90.0:  0
Max <=  32.0: 15
Min <=  32.0: 28
Min <=   0.0:  3
Max Rain: 0.39 ON 12/05/17
Days of Rain: 6 (>.01 in) 3 (>.1 in) 0 (>1 in)
Heat Base:  65.0  Cool Base:  65.0  Method: Integration