NOAA-Style Climate Reports


NOAA Climate Reports are updated by Weatherlink v6.0.3 once per hour from this station.
2007-2017 Summary

Report for 2018
                            ANNUAL CLIMATOLOGICAL SUMMARY

NAME: CW6839  CITY: Country Meadow, Clay   STATE: New York  
ELEV:   410 ft  LAT:  43° 10' 16" N  LONG:  76° 09' 44" W

               TEMPERATURE (°F), HEAT BASE 65.0, COOL BASE 65.0
                          DEP.  HEAT  COOL                                          
        MEAN  MEAN        FROM  DEG   DEG                        MAX  MAX  MIN  MIN 
 YR MO  MAX   MIN   MEAN  NORM  DAYS  DAYS  HI  DATE  LOW  DATE  >=90 <=32 <=32 <=0 
------------------------------------------------------------------------------------
 18  1  31.3  11.7  22.5   0.0  1318     0  59.3  12 -16.3   14    0   15   28    8
 18  2  41.2  22.4  31.7   0.0   933     1  73.2  21   5.8    7    0    7   25    0
 18  3  38.1  24.7  31.2   0.0  1046     0  53.2  31   7.4   20    0    4   27    0
 18  4  48.3  30.6  38.9   0.0   783     2  71.4  24  19.3    9    0    0   20    0
 18  5  74.6  50.2  62.6   0.0   174   101  89.4  30  33.6    1    0    0    0    0
 18  6  75.4  53.7  64.9   0.0   116   112  91.7  30  44.9    7    2    0    0    0
 18  7  83.6  61.7  72.6   0.0    34   269  94.7   2  48.7    7    5    0    0    0
 18  8  80.8  63.6  71.6   0.0    18   223  91.2  29  51.8   23    3    0    0    0
 18  9  75.0  55.9  64.8   0.0   132   126  92.4   5  39.1   23    2    0    0    0
 18 10  66.6  50.0  57.8   0.0   131    27  85.0   9  37.0   14    0    0    0    0
 18 11
 18 12
------------------------------------------------------------------------------------
        61.4  42.2  51.7   0.0  4683   861  94.7 JUL -16.3  JAN   12   26  100    8

                                PRECIPITATION (in)

               DEP.   MAX        DAYS OF RAIN 
               FROM   OBS.          OVER
 YR MO  TOTAL  NORM   DAY  DATE .01   .1   1
---------------------------------------------
 18  1  2.54   0.00  1.21   12   13    5    1
 18  2  1.71   0.00  0.38   25   12    6    0
 18  3  2.85   0.00  0.36   29   17   12    0
 18  4  2.83   0.00  0.71   16   18    9    0
 18  5  1.97   0.00  0.55   22    8    5    0
 18  6  2.76   0.00  1.03   27    9    7    1
 18  7  6.03   0.00  2.45   25    8    7    2
 18  8  5.27   0.00  1.42    3   11    8    1
 18  9  3.90   0.00  1.05   25    9    8    1
 18 10  1.93   0.00  0.61   11    9    4    0
 18 11
 18 12
---------------------------------------------
       31.79  0.00  2.45  JUL  114   71    6

                                WIND SPEED (mph)
                          DOM
 YR MO   AVG.  HI   DATE  DIR
---------------------------------
 18  1   2.1  24.0    2   WNW
 18  2   2.1  24.0   28   WNW
 18  3   2.3  30.0   31   WNW
 18  4   2.1  37.0    4   WNW
 18  5   1.7  30.0    4    NW
 18  6   1.2  24.0    3    NW
 18  7   0.9  23.0   22   SSE
 18  8   0.7  22.0   29    SW
 18  9   0.9  28.0   21   ENE
 18 10   0.8  17.0   10   ENE
 18 11
 18 12
---------------------------------
         1.5  37.0  APR   NW