NOAA-Style Climate Reports


NOAA Climate Reports are updated by Weatherlink v6.0.3 once per hour from this station.
2007-2017 Summary

Report for 2018 January
                   MONTHLY CLIMATOLOGICAL SUMMARY for JAN. 2018

NAME: CW6839   CITY: Country Meadow, Clay   STATE: New York 
ELEV:   410 ft  LAT:  43° 10' 16" N  LONG:  76° 09' 44" W

                   TEMPERATURE (°F), RAIN  (in), WIND SPEED (mph)

                                      HEAT  COOL        AVG
    MEAN                              DEG   DEG         WIND                 DOM
DAY TEMP  HIGH   TIME   LOW    TIME   DAYS  DAYS  RAIN  SPEED HIGH   TIME    DIR
------------------------------------------------------------------------------------
 1   3.8  14.5   3:40p -14.8   8:00a  61.2   0.0  0.00   1.8  16.0   5:50p     W
 2  13.6  21.9   3:00p   2.2   8:00a  51.4   0.0  0.00   3.4  24.0   3:30p     W
 3  15.8  24.3   3:40p  -0.6   7:50a  49.2   0.0  0.00   1.5  13.0  10:50a     S
 4  16.1  20.8   2:10p   8.9  12:00m  48.9   0.0  0.00   1.3  13.0  11:10p    NW
 5   4.6   8.9  12:10a   1.8   7:50a  60.4   0.0  0.00   3.3  16.0  10:30p   WNW
 6   2.6   5.4   2:50p  -0.6   6:40a  62.4   0.0  0.00   2.2  11.0  12:10a    NW
 7   7.1  25.9  12:00m -10.1   4:50a  57.9   0.0  0.00   1.4  14.0   8:20p   ENE
 8  32.1  38.0   4:50p  25.2   1:10a  32.9   0.0  0.10   2.6  18.0   4:40p   SSW
 9  31.9  36.4  12:50a  28.1  11:40p  33.1   0.0  0.05   2.2  17.0  12:50a   WNW
10  33.8  41.9   3:10p  21.1   8:10a  31.2   0.0  0.24   2.4  21.0   6:10p   SSE
11  47.9  54.6  10:40p  38.0   7:50a  17.1   0.0  0.09   2.7  22.0   7:00p     S
12  45.4  59.3   2:50p  17.5  12:00m  19.6   0.0  1.21   3.5  20.0  11:40p     S
13  10.1  17.5  12:10a  -1.2  12:00m  54.9   0.0  0.00   3.4  24.0   5:10a   NNW
14  -2.3  13.3   3:20p -16.3   7:40a  67.3   0.0  0.03   0.2   6.0  10:30a     W
15   7.8  16.9   8:50p  -6.7  12:10a  57.2   0.0  0.00   2.1  13.0  11:10a   ENE
16  21.7  27.8   2:10p  15.5   5:20a  43.3   0.0  0.00   0.6   9.0   2:10a   ENE
17  16.1  23.8   3:20a   1.6  12:00m  48.9   0.0  0.00   1.5  12.0   6:00p   WSW
18  11.0  21.4   2:00p  -6.7   7:10a  54.0   0.0  0.00   1.7  17.0  12:40p   WSW
19  22.8  33.6   3:40p   8.1   6:40a  42.2   0.0  0.01   1.2  15.0  11:20a    SW
20  38.5  45.2   2:20p  26.1  12:10a  26.5   0.0  0.27   2.7  17.0   9:30a   WSW
21  35.1  42.8  12:30p  26.3   8:10a  29.9   0.0  0.04   0.6   7.0   2:30p   ENE
22  35.5  37.0  12:30p  34.1   3:20a  29.5   0.0  0.07   2.9  13.0   1:20p   ENE
23  40.1  52.8   1:50p  32.4  11:50p  24.9   0.0  0.13   2.8  21.0   2:40p   WSW
24  22.0  32.4  12:10a  18.5   8:50p  43.0   0.0  0.00   3.6  18.0   1:30a   WNW
25  17.2  23.8   2:50p   7.5   7:50a  47.8   0.0  0.00   0.7  10.0   1:40a     N
26  23.3  38.9   4:00p  11.1   7:30a  41.7   0.0  0.03   2.0  14.0   1:50p   ENE
27  38.9  50.3   3:10p  22.9   1:20a  26.1   0.0  0.24   3.0  18.0  10:10a   SSW
28  37.0  47.2   2:10p  27.4   9:20p  28.0   0.0  0.00   1.0  12.0   4:30p   NNW
29  28.4  34.8   1:10p  23.7   8:00a  36.6   0.0  0.00   0.4   8.0   3:50p   NNW
30  19.2  24.5  12:10a  14.5  12:00m  45.8   0.0  0.00   2.6  15.0   8:50a   WNW
31  20.0  32.9  11:50p   7.7   8:20a  45.0   0.0  0.03   2.9  18.0   8:10p    SE
-------------------------------------------------------------------------------------
    22.5  59.3    12   -16.3    14  1317.9   0.0  2.54   2.1  24.0     2     WNW

Max >=  90.0:  0
Max <=  32.0: 15
Min <=  32.0: 28
Min <=   0.0:  8
Max Rain: 1.21 ON 01/12/18
Days of Rain: 13 (>.01 in) 5 (>.1 in) 1 (>1 in)
Heat Base:  65.0  Cool Base:  65.0  Method: Integration