NOAA-Style Climate Reports


NOAA Climate Reports are updated by Weatherlink v6.0.3 once per hour from this station.
2007-2017 Summary

Report for 2018 February
                   MONTHLY CLIMATOLOGICAL SUMMARY for FEB. 2018

NAME: CW6839   CITY: Country Meadow, Clay   STATE: New York 
ELEV:   410 ft  LAT:  43° 10' 16" N  LONG:  76° 09' 44" W

                   TEMPERATURE (°F), RAIN  (in), WIND SPEED (mph)

                                      HEAT  COOL        AVG
    MEAN                              DEG   DEG         WIND                 DOM
DAY TEMP  HIGH   TIME   LOW    TIME   DAYS  DAYS  RAIN  SPEED HIGH   TIME    DIR
------------------------------------------------------------------------------------
 1  36.3  46.7   2:20p  23.1  11:40p  28.7   0.0  0.08   4.1  20.0   1:50p     S
 2  14.0  23.9  12:10a  10.4  12:00p  51.0   0.0  0.00   3.3  17.0   3:20a   WNW
 3  19.6  30.2  12:00m   9.3   2:00a  45.4   0.0  0.01   3.1  18.0  10:10a    SW
 4  32.0  35.8   6:30a  29.9  11:10p  33.0   0.0  0.00   3.6  19.0   4:50a     S
 5  17.8  32.1   1:50a   6.3   8:20p  47.2   0.0  0.00   2.5  19.0  10:00a   WNW
 6  18.6  27.7  11:50a   9.0  12:00m  46.4   0.0  0.00   1.1  14.0  11:00a     W
 7  17.7  23.6   8:30p   5.8   1:30a  47.3   0.0  0.00   1.7  15.0  12:00p   ENE
 8  19.5  23.1   1:40p  15.4  12:00m  45.5   0.0  0.01   1.5  15.0   9:50p   WSW
 9  19.3  24.4  12:00m  10.4   5:20a  45.7   0.0  0.00   2.0  12.0  11:20a   ENE
10  29.6  37.0   1:00p  24.4  12:10a  35.4   0.0  0.00   0.7  12.0   5:40p   ENE
11  31.1  39.1   8:40p  24.2   5:40a  33.9   0.0  0.13   1.9  17.0  11:00p   WNW
12  27.5  34.2  12:10a  21.1   9:40p  37.5   0.0  0.01   3.1  17.0  12:50a   WNW
13  22.3  27.4   2:00p  12.6   8:00a  42.7   0.0  0.00   1.3   9.0   2:10p   ENE
14  34.3  48.0   2:50p  22.3  12:10a  30.7   0.0  0.00   0.8  15.0   1:30p   WSW
15  43.3  57.7   1:30p  25.1   1:40a  21.7   0.0  0.02   1.3  18.0  12:40p   WSW
16  34.0  44.3  12:10a  23.7  12:00m  31.0   0.0  0.12   3.2  18.0   2:20p   WNW
17  28.1  35.2   4:50p  18.3   4:40a  36.9   0.0  0.00   1.8  16.0   5:00p     S
18  31.0  37.9   4:10p  25.8   9:00p  34.0   0.0  0.07   1.6  12.0   1:20p   WSW
19  37.8  44.6   1:00p  25.4   3:30a  27.2   0.0  0.36   3.8  20.0   8:00a   SSE
20  50.3  65.4   3:30p  40.8   5:50a  14.7   0.0  0.22   0.7  10.0   4:00p   ESE
21  50.8  73.2  10:40a  33.3  12:00m  14.7   0.5  0.02   3.3  20.0  10:30a   WNW
22  33.1  35.1  11:10a  30.7   8:40p  31.9   0.0  0.17   0.2   6.0  10:10a   WNW
23  36.6  48.0   9:50p  29.4   5:10a  28.4   0.0  0.08   2.8  21.0   2:20p   ENE
24  38.5  44.0  12:10a  29.8   8:30p  26.6   0.0  0.01   1.5  14.0   1:50a    NW
25  39.4  49.2   3:00p  33.2  12:10a  25.6   0.0  0.38   2.5  19.0  11:50a   ENE
26  38.7  46.5   1:50p  30.6  10:10p  26.3   0.0  0.00   2.5  16.0   3:40p     W
27  40.3  55.2   3:10p  24.9   6:30a  24.7   0.0  0.00   1.2  19.0   2:20p     W
28  46.1  62.8   2:20p  31.2   7:00a  18.9   0.0  0.02   1.9  24.0   4:30p    SW
-------------------------------------------------------------------------------------
    31.7  73.2    21     5.8     7   933.0   0.5  1.71   2.1  24.0    28     WNW

Max >=  90.0:  0
Max <=  32.0:  7
Min <=  32.0: 25
Min <=   0.0:  0
Max Rain: 0.38 ON 02/25/18
Days of Rain: 12 (>.01 in) 6 (>.1 in) 0 (>1 in)
Heat Base:  65.0  Cool Base:  65.0  Method: Integration