NOAA-Style Climate Reports


NOAA Climate Reports are updated by Weatherlink v6.0.3 once per hour from this station.
2007-2017 Summary

Report for 2018 March
                   MONTHLY CLIMATOLOGICAL SUMMARY for MAR. 2018

NAME: CW6839   CITY: Country Meadow, Clay   STATE: New York 
ELEV:   410 ft  LAT:  43° 10' 16" N  LONG:  76° 09' 44" W

                   TEMPERATURE (°F), RAIN  (in), WIND SPEED (mph)

                                      HEAT  COOL        AVG
    MEAN                              DEG   DEG         WIND                 DOM
DAY TEMP  HIGH   TIME   LOW    TIME   DAYS  DAYS  RAIN  SPEED HIGH   TIME    DIR
------------------------------------------------------------------------------------
 1  37.2  48.0  12:10a  33.5   5:30a  27.8   0.0  0.11   1.2  14.0  11:20p   WNW
 2  29.5  35.2  12:10a  28.0   5:20p  35.5   0.0  0.08   0.3   8.0  12:20a   NNE
 3  31.0  33.9   9:10p  28.2  12:10a  34.0   0.0  0.21   1.6  15.0   9:00p   NNW
 4  31.2  34.3  12:00p  28.1  11:50p  33.8   0.0  0.24   3.1  16.0   9:50a    NW
 5  29.7  35.4   2:50p  26.4   7:00a  35.3   0.0  0.02   2.6  16.0   3:10p   NNW
 6  34.1  40.8   4:30p  27.9   6:30a  30.9   0.0  0.09   2.2  15.0   2:40p   ENE
 7  32.8  34.2   4:40a  31.6  11:50a  32.2   0.0  0.07   2.4  14.0  12:20p     E
 8  30.7  35.2  12:20p  26.7  11:40p  34.3   0.0  0.00   2.1  14.0  11:00a   WNW
 9  30.5  36.1   2:20p  26.7  12:10a  34.5   0.0  0.16   3.6  21.0   1:00p   WNW
10  29.5  34.5   1:40p  26.1   5:40a  35.5   0.0  0.15   2.9  17.0   3:40p     W
11  27.5  31.9   2:30p  19.0  10:50p  35.9   0.0  0.03   1.8  12.0  10:00a   WNW
12  26.7  35.4   3:10p  14.9   5:30a  38.3   0.0  0.00   1.0  10.0  11:10a    SE
13  29.6  32.7   4:10p  27.6   6:50a  35.4   0.0  0.20   1.7  13.0   2:10p   WNW
14  29.1  31.1   1:00p  27.4   2:20a  35.9   0.0  0.14   3.1  19.0  12:00m   WNW
15  30.4  37.3   4:20p  22.6   8:10a  34.6   0.0  0.30   3.9  17.0   1:00p   WNW
16  26.1  31.1   1:30a  22.3  10:40a  38.9   0.0  0.01   4.4  21.0   5:40p   WNW
17  27.3  35.9   4:30p  16.7  12:00m  37.7   0.0  0.01   4.1  22.0   1:40p   WNW
18  22.3  35.2   5:00p   7.6   7:40a  42.7   0.0  0.00   0.7  10.0   2:50p   NNE
19  22.8  30.7   4:00p  14.3   7:20a  42.2   0.0  0.00   1.6  12.0  12:50p     N
20  23.0  38.2   4:50p   7.4   7:20a  42.0   0.0  0.00   1.1  10.0  11:20a    NW
21  28.0  39.0   3:40p  17.6   4:20a  37.0   0.0  0.00   1.7  13.0   5:10p   NNW
22  32.5  38.5   4:50p  26.6   7:00a  32.5   0.0  0.00   3.0  14.0   1:30p   WNW
23  33.0  38.8   2:40p  27.0   7:40a  32.0   0.0  0.00   2.1  13.0   9:00a   WNW
24  28.4  33.3   1:50p  23.2  12:00m  36.6   0.0  0.00   2.9  13.0  11:30a   NNW
25  29.8  43.0   4:20p  18.5   7:30a  35.2   0.0  0.00   1.4  13.0  12:40p     N
26  35.0  45.6   2:50p  22.8   5:30a  30.0   0.0  0.00   2.1  15.0   3:10p   ENE
27  37.5  45.2   3:30p  31.3   5:00a  27.5   0.0  0.22   3.9  25.0   1:20p   SSE
28  38.8  43.6   5:40p  35.1   5:20a  26.3   0.0  0.17   0.5   7.0  12:10a   ENE
29  42.6  46.4   2:20p  38.6   1:30a  22.4   0.0  0.36   1.8  13.0   3:20p   ENE
30  39.3  46.4   2:10a  34.0  12:00m  25.7   0.0  0.28   3.0  14.0   3:40p   WNW
31  41.8  53.2   3:50p  28.4   7:00a  23.2   0.0  0.00   4.2  30.0   8:40p   WSW
-------------------------------------------------------------------------------------
    31.2  53.2    31     7.4    20  1045.8   0.0  2.85   2.3  30.0    31     WNW

Max >=  90.0:  0
Max <=  32.0:  4
Min <=  32.0: 27
Min <=   0.0:  0
Max Rain: 0.36 ON 03/29/18
Days of Rain: 17 (>.01 in) 12 (>.1 in) 0 (>1 in)
Heat Base:  65.0  Cool Base:  65.0  Method: Integration