NOAA-Style Climate Reports


NOAA Climate Reports are updated by Weatherlink v6.0.3 once per hour from this station.
2007-2017 Summary

Report for 2018 May
                   MONTHLY CLIMATOLOGICAL SUMMARY for MAY. 2018

NAME: CW6839   CITY: Country Meadow, Clay   STATE: New York 
ELEV:   410 ft  LAT:  43° 10' 16" N  LONG:  76° 09' 44" W

                   TEMPERATURE (°F), RAIN  (in), WIND SPEED (mph)

                                      HEAT  COOL        AVG
    MEAN                              DEG   DEG         WIND                 DOM
DAY TEMP  HIGH   TIME   LOW    TIME   DAYS  DAYS  RAIN  SPEED HIGH   TIME    DIR
------------------------------------------------------------------------------------
 1  56.5  78.1   4:30p  33.6   6:20a  11.1   2.6  0.00   0.8  11.0   2:00p    SW
 2  69.1  84.8   4:10p  48.1   4:10a   3.3   7.4  0.09   2.4  21.0   1:20p   WSW
 3  66.6  79.6   1:00p  58.5   5:20a   1.9   3.5  0.05   1.4  17.0  12:40p    NW
 4  65.8  82.9   4:10p  50.4  12:00m   3.1   3.8  0.19   4.0  30.0   6:40p    SW
 5  60.7  74.9   5:10p  43.5   6:10a   6.6   2.3  0.00   1.9  22.0  12:10a   WSW
 6  62.4  70.6   3:00p  55.3  12:00m   3.6   0.9  0.02   1.1   9.0   9:00a   SSW
 7  55.4  64.7   2:40p  41.7  12:00m   9.6   0.0  0.01   1.8  13.0  12:40p     N
 8  56.9  75.0   5:00p  35.3   5:40a  10.6   2.5  0.00   0.9  10.0   1:40p   ENE
 9  67.2  81.8   4:10p  48.7   5:50a   4.4   6.6  0.00   1.5  13.0  12:30p     S
10  65.4  72.6   1:20p  53.6  12:00m   1.1   1.5  0.00   4.7  21.0   6:20a     S
11  48.2  53.6  12:10a  43.3   7:00a  16.8   0.0  0.00   1.9  13.0   8:20a    NW
12  47.2  53.1   6:20p  42.6  12:40a  17.8   0.0  0.01   1.4  13.0   1:10p   ENE
13  54.5  71.3   4:00p  40.1   3:40a  11.3   0.8  0.00   2.6  17.0   4:40p     S
14  63.0  75.9   4:30p  47.9   6:00a   5.1   3.1  0.00   0.8  10.0   3:30p   SSE
15  60.2  70.2  11:40a  54.1  11:10p   5.0   0.2  0.44   0.9  18.0  12:00p   NNW
16  62.3  76.4   4:20p  52.8   6:20a   4.9   2.2  0.00   2.0  14.0   5:40p   WSW
17  64.3  77.1   2:00p  54.1   6:00a   4.0   3.3  0.00   1.0  12.0   2:50p    NW
18  59.0  70.4   4:30p  44.3   5:40a   7.1   1.1  0.00   1.9  14.0  11:10a   ENE
19  55.0  63.5   5:30p  46.4  11:00a  10.0   0.0  0.48   2.7  19.0   6:10p   ENE
20  60.8  65.5   6:50a  49.6  12:00m   4.2   0.0  0.13   1.3  10.0   1:00p    NW
21  59.2  73.7   4:40p  43.6   6:20a   7.8   2.1  0.00   0.6   8.0   2:10p   NNW
22  59.2  66.9   4:00p  55.5   9:30a   5.9   0.1  0.55   0.9  11.0   2:50p     E
23  63.4  74.5   3:00p  54.4   5:50a   4.0   2.5  0.00   1.1  14.0   3:10p    NW
24  63.8  78.9   4:20p  46.2   5:50a   5.5   4.3  0.00   0.6  11.0   5:50p    NW
25  70.7  84.1   4:20p  53.1   5:40a   2.2   7.9  0.00   1.3  18.0   3:10p   WSW
26  72.0  82.4   3:40p  58.9   6:00a   0.8   7.9  0.00   0.6  11.0   1:00p   WNW
27  65.8  71.6  11:10a  59.0  12:00m   1.0   1.8  0.00   1.8  12.0   4:30p   ENE
28  68.1  84.1   3:50p  56.2   5:30a   2.7   5.8  0.00   1.7  10.0  12:10a   ENE
29  70.5  84.3   2:10p  57.8   5:30a   1.7   7.2  0.00   0.9  11.0   4:20p   NNW
30  75.0  89.4   3:10p  59.8   3:00a   0.9  10.9  0.00   3.4  19.0   9:40p   SSE
31  73.9  80.0   3:20p  67.4   4:40a   0.0   8.9  0.00   3.9  17.0   2:20p   SSE
-------------------------------------------------------------------------------------
    62.6  89.4    30    33.6     1   174.0 101.2  1.97   1.7  30.0     4      NW

Max >=  90.0:  0
Max <=  32.0:  0
Min <=  32.0:  0
Min <=   0.0:  0
Max Rain: 0.55 ON 05/22/18
Days of Rain: 8 (>.01 in) 5 (>.1 in) 0 (>1 in)
Heat Base:  65.0  Cool Base:  65.0  Method: Integration