NOAA-Style Climate Reports


NOAA Climate Reports are updated by Weatherlink v6.0.3 once per hour from this station.
2007-2018 Summary

Report for 2018 July
                   MONTHLY CLIMATOLOGICAL SUMMARY for JUL. 2018

NAME: CW6839   CITY: Country Meadow, Clay   STATE: New York 
ELEV:   410 ft  LAT:  43° 10' 16" N  LONG:  76° 09' 44" W

                   TEMPERATURE (°F), RAIN  (in), WIND SPEED (mph)

                                      HEAT  COOL        AVG
    MEAN                              DEG   DEG         WIND                 DOM
DAY TEMP  HIGH   TIME   LOW    TIME   DAYS  DAYS  RAIN  SPEED HIGH   TIME    DIR
------------------------------------------------------------------------------------
 1  82.3  93.3   4:10p  70.7   4:40a   0.0  17.3  0.00   0.4   8.0  11:30a   WSW
 2  79.4  94.7   2:30p  71.5   5:40a   0.0  14.4  0.34   1.1  19.0   3:20p    SW
 3  76.3  86.3   3:00p  66.1  12:00m   0.0  11.3  0.00   0.6   9.0   1:40p   NNW
 4  77.2  90.1   4:30p  60.9   6:00a   0.6  12.8  0.00   1.0  10.0   7:10p   ENE
 5  79.1  90.2   3:40p  69.5   5:30a   0.0  14.1  1.26   1.7  15.0   4:00p    SW
 6  69.9  75.2  12:10p  54.9  12:00m   0.9   5.8  0.00   2.0  16.0  11:50a    NW
 7  63.9  77.8   3:00p  48.7   5:50a   5.2   4.0  0.00   0.5   8.0   1:40p     N
 8  68.6  82.2   4:00p  52.3   5:50a   3.3   6.8  0.00   0.4   9.0   1:30p     W
 9  72.4  87.4   3:50p  56.2   6:00a   2.0   9.4  0.00   0.7  12.0   2:20p   WSW
10  73.3  84.0   3:30p  61.7   1:30a   0.4   8.6  0.00   0.6  13.0   2:30p   WNW
11  68.8  78.0   3:10p  56.8   6:00a   1.5   5.3  0.00   1.6  15.0   5:10p     N
12  67.8  82.8   4:00p  52.3   5:50a   3.6   6.4  0.00   0.3   8.0   5:40p   NNW
13  71.7  85.8   4:10p  55.7   5:50a   2.3   9.0  0.00   0.4   8.0   2:30p     E
14  78.1  86.6   3:30p  72.9  10:50p   0.0  13.1  0.00   0.8   9.0   9:20a    SW
15  76.8  88.5   4:10p  66.8  12:00m   0.0  11.8  0.00   0.5  10.0   4:40p    NW
16  77.4  93.9   4:20p  64.2   3:50a   0.1  12.4  0.01   0.6  13.0   7:40p   SSE
17  73.6  81.9   3:40p  66.7  11:40p   0.0   8.6  0.27   0.8  13.0   5:40p    NW
18  65.8  73.6   1:50p  53.2  12:00m   2.1   2.8  0.00   1.0  13.0  11:50a    NW
19  65.2  79.3   3:40p  49.2   5:20a   4.8   5.0  0.00   0.5  10.0   3:10p   ENE
20  72.9  86.9   4:20p  55.8   4:50a   2.1  10.0  0.00   1.8  15.0   2:30p   SSE
21  72.6  82.6   2:30p  62.4   4:40a   0.3   7.9  0.00   1.9  16.0  12:30p   SSE
22  73.6  86.7   4:10p  62.5   5:10a   0.3   8.9  0.25   3.8  23.0   9:30a   ENE
23  75.4  87.6   3:10p  69.7   4:10a   0.0  10.4  0.74   1.5  18.0   3:50p   ENE
24  73.5  76.4   6:00p  71.3   5:40a   0.0   8.5  0.65   0.8  16.0   2:00p    SE
25  71.7  75.1  12:50p  68.7  11:50p   0.0   6.7  2.45   0.4  12.0   1:00p   WSW
26  74.0  83.7   4:00p  66.1   7:50a   0.0   9.0  0.00   0.4  16.0  10:00p   WSW
27  71.5  81.6   4:50p  62.0  12:00m   0.1   6.6  0.06   0.7  11.0   1:50p    SW
28  68.8  79.4   3:10p  61.0   5:40a   1.1   4.9  0.00   0.4   9.0   3:30p    NW
29  68.8  78.2   3:50p  60.7  11:50p   0.8   4.7  0.00   0.4   9.0  11:10a    NW
30  68.4  81.2   1:50p  56.8   5:40a   2.1   5.5  0.00   0.2  11.0   8:20p    SW
31  71.9  79.8   4:00p  64.6   5:30a   0.0   6.9  0.00   0.6  11.0   1:20p   SSE
-------------------------------------------------------------------------------------
    72.6  94.7     2    48.7     7    33.6 268.9  6.03   0.9  23.0    22     SSE

Max >=  90.0:  5
Max <=  32.0:  0
Min <=  32.0:  0
Min <=   0.0:  0
Max Rain: 2.45 ON 07/25/18
Days of Rain: 8 (>.01 in) 7 (>.1 in) 2 (>1 in)
Heat Base:  65.0  Cool Base:  65.0  Method: Integration