NOAA-Style Climate Reports


NOAA Climate Reports are updated by Weatherlink v6.0.3 once per hour from this station.
2007-2018 Summary

Report for 2018 August
                   MONTHLY CLIMATOLOGICAL SUMMARY for AUG. 2018

NAME: CW6839   CITY: Country Meadow, Clay   STATE: New York 
ELEV:   410 ft  LAT:  43° 10' 16" N  LONG:  76° 09' 44" W

                   TEMPERATURE (°F), RAIN  (in), WIND SPEED (mph)

                                      HEAT  COOL        AVG
    MEAN                              DEG   DEG         WIND                 DOM
DAY TEMP  HIGH   TIME   LOW    TIME   DAYS  DAYS  RAIN  SPEED HIGH   TIME    DIR
------------------------------------------------------------------------------------
 1  75.1  83.3   5:20p  69.5   5:30a   0.0  10.1  0.35   1.1  14.0  10:20a   SSE
 2  73.3  80.2   4:40p  67.4   6:00a   0.0   8.3  0.01   0.3   8.0  10:00a   WSW
 3  72.0  79.0   2:20p  68.0   6:10a   0.0   7.0  1.42   0.2  12.0   7:20p     E
 4  74.0  85.6   3:20p  64.4   6:40a   0.0   9.1  0.01   0.1   7.0   2:40p   NNW
 5  75.5  88.3   4:30p  63.1   6:30a   0.1  10.6  0.00   0.3  11.0   5:10p    SW
 6  75.8  90.5   3:10p  66.3   6:00a   0.0  10.8  0.39   0.7  21.0   5:30p    SW
 7  72.2  79.6   3:50p  66.6  12:00m   0.0   7.2  0.30   0.1   7.0  12:30p   NNW
 8  71.2  79.7   4:40p  64.5   6:20a   0.0   6.2  0.59   0.4  13.0   4:10p     E
 9  72.7  80.3   4:20p  66.8  10:40p   0.0   7.7  0.01   0.4  10.0   9:30a    NW
10  70.5  79.8   2:20p  61.2  11:50p   0.3   5.8  0.00   0.7   9.0   9:50a     N
11  66.7  77.8   3:40p  57.9   4:00a   2.2   3.9  0.00   0.3   8.0   3:40p   ENE
12  71.2  81.1   2:10p  62.2   6:20a   0.3   6.5  0.00   0.5   9.0   3:10p   NNW
13  70.6  76.2   1:40p  65.1   4:10a   0.0   5.6  0.01   0.3   9.0  12:50p   NNW
14  69.8  74.9   1:30p  66.4   5:40a   0.0   4.8  0.83   0.1  12.0  12:40p     W
15  74.5  86.0   4:40p  65.4   6:00a   0.0   9.5  0.00   0.2  10.0   1:00p   WSW
16  75.9  84.7   4:20p  68.3   6:30a   0.0  10.9  0.00   0.2  10.0   2:20a    SW
17  74.1  85.1   2:40p  67.9   8:20a   0.0   9.1  0.56   0.8  17.0   7:20a    SW
18  67.6  74.1  12:10a  63.1  12:00m   0.1   2.8  0.02   0.9  13.0   3:40p   NNW
19  66.5  77.7   4:00p  56.7   6:20a   2.4   3.9  0.00   0.7  11.0  12:50p   ENE
20  68.9  78.2   3:00p  60.4   1:00a   1.0   4.9  0.00   0.7  12.0   2:10p     E
21  69.6  74.8   1:00p  62.7   4:10a   0.2   4.9  0.00   2.5  19.0  11:50p   SSE
22  69.6  74.2   4:20p  60.4  12:00m   0.3   4.8  0.10   1.8  19.0   5:40a    NW
23  64.3  76.4   3:10p  51.8   6:30a   3.7   2.9  0.00   0.6  14.0  12:20p    NW
24  69.8  81.3   3:00p  58.2   6:30a   1.1   5.9  0.00   0.5   9.0   3:30p    SW
25  70.1  81.6   3:50p  58.1   6:10a   1.5   6.6  0.00   2.0  16.0   1:30p   SSE
26  73.0  81.4   5:00p  66.2   5:00a   0.0   8.0  0.05   0.9  11.0  11:10a   SSE
27  74.2  83.2   1:00p  66.0   2:50a   0.0   9.2  0.00   0.3   9.0  11:20a   WSW
28  81.2  90.8   3:10p  71.5   5:10a   0.0  16.2  0.00   1.7  21.0   1:40p    SW
29  78.7  91.2   2:40p  71.6  12:00m   0.0  13.7  0.61   1.3  22.0   1:40p   WSW
30  67.9  73.7  12:10p  58.0  11:30p   0.9   3.9  0.01   0.9  12.0   1:30p    NW
31  63.9  73.2   2:50p  54.5   6:10a   3.4   2.3  0.00   0.8  10.0  10:40a   ENE
-------------------------------------------------------------------------------------
    71.6  91.2    29    51.8    23    17.5 223.1  5.27   0.7  22.0    29      SW

Max >=  90.0:  3
Max <=  32.0:  0
Min <=  32.0:  0
Min <=   0.0:  0
Max Rain: 1.42 ON 08/03/18
Days of Rain: 11 (>.01 in) 8 (>.1 in) 1 (>1 in)
Heat Base:  65.0  Cool Base:  65.0  Method: Integration