NOAA-Style Climate Reports


NOAA Climate Reports are updated by Weatherlink v6.0.3 once per hour from this station.
2007-2018 Summary

Report for 2018 September
                   MONTHLY CLIMATOLOGICAL SUMMARY for SEP. 2018

NAME: CW6839   CITY: Country Meadow, Clay   STATE: New York 
ELEV:   410 ft  LAT:  43° 10' 16" N  LONG:  76° 09' 44" W

                   TEMPERATURE (°F), RAIN  (in), WIND SPEED (mph)

                                      HEAT  COOL        AVG
    MEAN                              DEG   DEG         WIND                 DOM
DAY TEMP  HIGH   TIME   LOW    TIME   DAYS  DAYS  RAIN  SPEED HIGH   TIME    DIR
------------------------------------------------------------------------------------
 1  72.7  80.7   3:50p  65.7  12:20a   0.0   7.7  0.00   2.7  15.0   3:20a   SSE
 2  75.8  85.8   3:30p  65.9   3:10a   0.0  10.8  0.00   1.2  15.0  11:20a    SW
 3  75.7  90.4   2:40p  69.4   5:20a   0.0  10.7  0.66   0.6  14.0   5:00p    SW
 4  74.5  84.4   3:50p  68.6  11:50p   0.0   9.5  0.00   0.1   6.0  11:40a     N
 5  79.5  92.4   3:20p  66.7   5:20a   0.0  14.5  0.00   0.5  12.0   5:10p    SW
 6  75.2  81.0  12:30p  66.3  12:00m   0.0  10.1  0.00   0.7  12.0   2:10p    SW
 7  64.5  74.7   1:20p  57.4   6:40a   2.6   2.1  0.00   0.4  10.0   2:10p     N
 8  57.0  62.6   1:00p  48.3  12:00m   8.0   0.0  0.00   0.5   8.0   5:00p     N
 9  52.8  58.5   4:10p  47.3   5:20a  12.2   0.0  0.00   0.9  13.0  10:40a   ENE
10  53.8  57.7   6:20p  49.9   8:20a  11.2   0.0  0.96   1.9  14.0   1:30p   ENE
11  62.2  69.0   3:20p  56.2   6:20a   3.8   0.9  0.11   0.1   8.0  12:30a     W
12  66.0  75.3   4:30p  59.5   6:30a   2.0   3.0  0.00   0.4  10.0   1:30p     N
13  69.8  81.8   4:30p  61.1   4:10a   0.7   5.5  0.00   0.8   9.0  11:20a    NE
14  72.4  82.5   5:10p  65.8   3:00a   0.0   7.4  0.00   0.5  10.0  11:40a     E
15  72.1  85.3   5:20p  64.5   6:10a   0.0   6.6  0.00   0.1   7.0   2:10p   ENE
16  73.1  86.6   4:40p  62.3   7:10a   0.3   8.4  0.00   0.3   8.0  12:40p   NNE
17  71.6  80.9   1:00p  62.0   7:10a   0.3   6.9  0.16   1.3  14.0   3:00p     S
18  70.5  80.2   2:10p  63.2  11:50p   0.1   5.6  0.07   0.2  11.0   2:40p    NW
19  63.6  72.1   2:20p  51.9  12:00m   2.7   1.4  0.00   0.6  12.0   2:40p    NW
20  60.1  78.6  11:30a  47.3   6:00a   6.3   1.6  0.00   0.6   8.0  10:50a   ENE
21  73.1  80.7   3:50p  64.9   2:20a   0.0   8.1  0.17   5.3  28.0   1:10p     S
22  56.7  70.2  12:10a  44.6  12:00m   8.4   0.1  0.00   1.3  15.0   3:20a    NW
23  52.5  67.2   4:50p  39.1   6:30a  12.6   0.1  0.00   0.4   8.0   2:30p    NE
24  55.8  67.9   4:10p  43.5   4:20a   9.5   0.3  0.00   1.8  15.0   2:50p   ENE
25  57.2  68.5   5:20p  50.6   5:40a   8.0   0.1  1.05   1.3  11.0   5:30a   ENE
26  66.6  76.4  11:50a  51.2  12:00m   2.0   3.6  0.49   2.0  21.0  11:50a     S
27  54.5  62.6  12:00p  45.4   7:10a  10.5   0.0  0.00   0.2   6.0  10:10a    SE
28  59.0  71.5   4:20p  52.7   4:40a   6.9   0.9  0.21   0.7  11.0  12:00p     S
29  54.8  65.1   2:00p  44.6  12:00m  10.2   0.0  0.01   0.6  13.0  12:50p    NW
30  51.5  60.9   1:40p  41.9   5:30a  13.5   0.0  0.01   0.4   9.0   1:10p    SW
-------------------------------------------------------------------------------------
    64.8  92.4     5    39.1    23   131.8 125.9  3.90   0.9  28.0    21     ENE

Max >=  90.0:  2
Max <=  32.0:  0
Min <=  32.0:  0
Min <=   0.0:  0
Max Rain: 1.05 ON 09/25/18
Days of Rain: 9 (>.01 in) 8 (>.1 in) 1 (>1 in)
Heat Base:  65.0  Cool Base:  65.0  Method: Integration