NOAA-Style Climate Reports


NOAA Climate Reports are updated by Weatherlink v6.0.3 once per hour from this station.
2007-2018 Summary

Report for 2018 December
                   MONTHLY CLIMATOLOGICAL SUMMARY for DEC. 2018

NAME: CW6839   CITY: Country Meadow, Clay   STATE: New York 
ELEV:   410 ft  LAT:  43° 10' 16" N  LONG:  76° 09' 44" W

                   TEMPERATURE (°F), RAIN  (in), WIND SPEED (mph)

                                      HEAT  COOL        AVG
    MEAN                              DEG   DEG         WIND                 DOM
DAY TEMP  HIGH   TIME   LOW    TIME   DAYS  DAYS  RAIN  SPEED HIGH   TIME    DIR
------------------------------------------------------------------------------------
 1  33.8  37.4  12:40p  31.4   2:00a  31.2   0.0  0.41   1.5  15.0   9:50p   ENE
 2  37.7  46.3   3:00p  32.9  12:10a  27.3   0.0  0.35   2.5  16.0  11:40p   ENE
 3  38.4  46.2   4:20a  29.9  10:40p  26.6   0.0  0.08   2.3  17.0   4:20a   WNW
 4  24.7  30.6  12:20a  18.7  12:00m  40.3   0.0  0.05   1.1  14.0   4:00a   WNW
 5  21.4  30.0   2:30p  14.0   7:20a  43.6   0.0  0.01   0.1   6.0  11:10a     S
 6  31.3  37.1   1:20p  24.7  12:10a  33.7   0.0  0.03   2.2  17.0  11:30a    SW
 7  23.8  30.5  12:10a  19.1   6:30p  41.2   0.0  0.00   1.5  17.0   6:00a   WNW
 8  22.2  27.8   1:50p  15.2   1:20a  42.8   0.0  0.01   0.6  11.0   3:40p   WSW
 9  26.1  32.4   3:10p  18.5   8:00p  38.9   0.0  0.00   1.6  13.0   2:10a    SW
10  26.6  32.6   1:00p  18.0   9:00p  38.4   0.0  0.01   0.3   8.0  11:20a   WSW
11  28.0  31.3   1:00p  22.8  12:10a  37.0   0.0  0.00   1.3  11.0   8:00a   WSW
12  28.3  32.8  11:40a  24.5   6:50p  36.7   0.0  0.00   0.4  10.0   9:10p   NNW
13  26.8  32.0   1:40p  22.7   7:00a  38.2   0.0  0.00   3.7  15.0   1:40a   ENE
14  37.5  46.1   5:00p  25.4   3:50a  27.5   0.0  0.01   0.7   8.0   1:00a   ENE
15  35.2  40.1  11:50a  28.9  11:50p  29.8   0.0  0.00   0.4   8.0  10:20a    NE
16  33.5  36.0  12:20p  29.1  12:10a  31.5   0.0  0.03   1.6  14.0   6:30a   ENE
17  34.1  36.8  10:20a  25.3  12:00m  30.9   0.0  0.07   3.3  25.0  10:20p   WNW
18  22.6  25.4  12:10a  19.9   8:30a  42.4   0.0  0.00   2.5  19.0   1:40a   NNW
19  26.8  41.0   2:20p  16.5   6:20a  38.2   0.0  0.01   0.3   7.0   9:30a     E
20  34.1  43.8  12:20p  24.5   4:30a  30.9   0.0  0.38   1.8  15.0  11:30p   ENE
21  46.1  65.2   2:10p  36.5  12:10a  18.9   0.0  0.93   3.5  18.0   2:20a   ENE
22  31.5  37.7  12:10a  29.4  10:00a  33.5   0.0  0.05   4.0  19.0   8:50a   WNW
23  27.6  29.5  12:10a  25.6   8:20a  37.4   0.0  0.00   0.8   9.0  12:10a   ENE
24  31.9  37.2  12:20p  28.3  12:00m  33.1   0.0  0.08   1.6  16.0   5:20p   WSW
25  23.9  30.6   1:20p  16.8   7:50p  41.1   0.0  0.23   0.1   5.0   1:00p    NW
26  27.9  33.1   1:30p  21.9  12:10a  37.1   0.0  0.02   0.6  14.0  11:40p    NW
27  23.8  32.6  11:30p  11.8   8:00a  41.2   0.0  0.01   2.4  15.0   5:40p   ENE
28  45.3  51.7   3:20p  31.7  12:10a  19.7   0.0  0.45   2.5  25.0   1:40a   SSE
29  32.6  48.7  12:20a  21.1  11:40p  32.4   0.0  0.00   3.7  24.0   1:40a   WNW
30  24.7  29.3   3:30p  20.8  12:40a  40.3   0.0  0.00   0.3   7.0   1:10p     E
31  31.2  45.3  12:00m  21.7   3:20a  33.8   0.0  0.45   1.3  15.0  11:40p     E
-------------------------------------------------------------------------------------
    30.3  65.2    21    11.8    27  1075.6   0.0  3.67   1.6  25.0    17     ENE

Max >=  90.0:  0
Max <=  32.0: 10
Min <=  32.0: 29
Min <=   0.0:  0
Max Rain: 0.93 ON 12/21/18
Days of Rain: 15 (>.01 in) 7 (>.1 in) 0 (>1 in)
Heat Base:  65.0  Cool Base:  65.0  Method: Integration