NOAA-Style Climate Reports


NOAA Climate Reports are updated by Weatherlink v6.0.3 once per hour from this station.
2007-2018 Summary

Report for 2019
                            ANNUAL CLIMATOLOGICAL SUMMARY

NAME: CW6839  CITY: Country Meadow, Clay   STATE: New York  
ELEV:   410 ft  LAT:  43° 10' 16" N  LONG:  76° 09' 44" W

               TEMPERATURE (°F), HEAT BASE 65.0, COOL BASE 65.0
                          DEP.  HEAT  COOL                                          
        MEAN  MEAN        FROM  DEG   DEG                        MAX  MAX  MIN  MIN 
 YR MO  MAX   MIN   MEAN  NORM  DAYS  DAYS  HI  DATE  LOW  DATE  >=90 <=32 <=32 <=0 
------------------------------------------------------------------------------------
 19  1  29.7  12.0  20.9   0.0  1367     0  53.4   1 -10.5   22    0   19   31    7
 19  2  34.3  17.3  25.5   0.0  1105     0  62.3   4  -3.2    2    0   13   26    2
 19  3  40.9  21.8  31.8   0.0  1029     0  66.1  30   0.4    9    0    5   24    0
 19  4  56.2  36.6  46.0   0.0   575     6  75.9  23  21.7    2    0    0    9    0
 19  5  65.6  46.0  55.3   0.0   326    24  84.8  19  37.1    8    0    0    0    0
 19  6  74.8  53.7  64.6   0.0   117   107  87.7  28  43.3    3    0    0    0    0
 19  7  83.2  62.1  72.5   0.0    28   261  91.3  20  52.0    8    3    0    0    0
 19  8  78.5  57.5  67.4   0.0    67   141  87.8   6  49.2   24    0    0    0    0
 19  9  73.5  51.8  62.3   0.0   152    73  86.0  22  43.9   19    0    0    0    0
 19 10  61.5  43.0  51.8   0.0   418    10  87.3   1  30.9    5    0    0    1    0
 19 11  42.0  28.8  35.0   0.0   352     0  52.8   1  13.1   13    0    3    7    0
 19 12
------------------------------------------------------------------------------------
        59.2  39.9  49.4   0.0  5535   621  91.3 JUL -10.5  JAN    3   40   98    9

                                PRECIPITATION (in)

               DEP.   MAX        DAYS OF RAIN 
               FROM   OBS.          OVER
 YR MO  TOTAL  NORM   DAY  DATE .01   .1   1
---------------------------------------------
 19  1  1.68   0.00  0.61    8    8    4    0
 19  2  2.37   0.00  0.58   15   15    6    0
 19  3  1.54   0.00  0.35   21   14    6    0
 19  4  3.43   0.00  0.78   26   15    7    0
 19  5  5.76   0.00  1.15   19   19   13    1
 19  6  3.82   0.00  0.99   20   14   11    0
 19  7  4.02   0.00  1.34   17   10    6    1
 19  8  4.42   0.00  0.69   28   10   10    0
 19  9  4.15   0.00  1.06   23   11    7    1
 19 10  7.13   0.00  1.74   31   13    9    3
 19 11  0.53   0.00  0.16    5    8    2    0
 19 12
---------------------------------------------
       38.85  0.00  1.74  OCT  137   81    6

                                WIND SPEED (mph)
                          DOM
 YR MO   AVG.  HI   DATE  DIR
---------------------------------
 19  1   2.4  33.0    1   WNW
 19  2   2.5  38.0   25     W
 19  3   2.4  30.0   10   WNW
 19  4   2.4  32.0   18   WNW
 19  5   1.4  25.0    9   NNW
 19  6   1.0  20.0   15    NW
 19  7   0.6  30.0   30    SW
 19  8   0.7  20.0    9   WSW
 19  9   0.9  29.0   14   NNW
 19 10   1.2  28.0   23   ENE
 19 11   2.3  31.0    1   WSW
 19 12
---------------------------------
         1.6  38.0  FEB  ENE