NOAA-Style Climate Reports


NOAA Climate Reports are updated by Weatherlink v6.0.3 once per hour from this station.
2007-2018 Summary

Report for 2019 January
                   MONTHLY CLIMATOLOGICAL SUMMARY for JAN. 2019

NAME: CW6839   CITY: Country Meadow, Clay   STATE: New York 
ELEV:   410 ft  LAT:  43° 10' 16" N  LONG:  76° 09' 44" W

                   TEMPERATURE (°F), RAIN  (in), WIND SPEED (mph)

                                      HEAT  COOL        AVG
    MEAN                              DEG   DEG         WIND                 DOM
DAY TEMP  HIGH   TIME   LOW    TIME   DAYS  DAYS  RAIN  SPEED HIGH   TIME    DIR
------------------------------------------------------------------------------------
 1  37.2  53.4   5:00a  21.2  12:00m  27.8   0.0  0.01   4.6  33.0   5:30a   WNW
 2  24.6  30.2  10:30p  18.0   8:20a  40.4   0.0  0.00   0.9  10.0   7:30p   ENE
 3  33.0  37.3   5:00a  29.2  12:10a  32.0   0.0  0.07   2.0  18.0   5:40a     W
 4  35.0  49.1   3:00p  25.4   8:00a  30.0   0.0  0.03   0.8  13.0  10:40a    SW
 5  33.4  43.8   1:50p  25.6   5:30a  31.6   0.0  0.00   0.8  11.0   4:10p   WNW
 6  30.3  37.6   6:30a  16.2  12:00m  34.7   0.0  0.14   3.8  19.0  12:10p   NNW
 7  19.4  33.0  10:10p  10.4   6:20a  45.6   0.0  0.00   2.2  21.0  11:10p     E
 8  36.3  43.3  12:50p  31.0  12:20a  28.7   0.0  0.61   2.1  16.0  12:10a   SSE
 9  32.4  40.0   1:20a  26.1  12:00m  32.6   0.0  0.28   4.7  20.0   3:20p   WNW
10  22.1  26.9   1:50a  13.1  12:00m  42.9   0.0  0.00   4.6  22.0   3:50p   WNW
11  11.7  15.2   9:10p   8.9   8:00a  53.3   0.0  0.00   2.1  12.0  12:40a    NW
12  12.9  21.9   1:50p   5.8  10:40p  52.1   0.0  0.10   0.4   8.0   2:00p   NNW
13   9.5  22.4   2:30p  -1.2   8:00a  55.5   0.0  0.01   0.2   7.0  11:50a   NNW
14  10.9  24.3   3:00p  -0.5   2:30a  54.1   0.0  0.00   0.3   5.0   6:40a     S
15  25.8  31.2   2:20p  11.8  12:10a  39.2   0.0  0.00   1.0  11.0   3:10p   WSW
16  27.3  35.0  12:40p  15.0  12:00m  37.7   0.0  0.00   3.8  22.0   3:40p   WNW
17  12.8  20.5  12:00m   1.3   5:50a  52.2   0.0  0.00   1.2   9.0  12:20a   ENE
18  28.0  32.8  12:20p  20.4  12:10a  37.0   0.0  0.00   1.2  11.0   3:20a     E
19  16.3  26.7  12:10a  12.0   8:40a  48.7   0.0  0.00   2.2  16.0  10:10p   NNW
20   6.7  19.2   5:30a  -3.2  11:50p  58.3   0.0  0.00   3.5  18.0   3:20a    NW
21   0.6   5.6   4:10p  -5.9   6:50a  64.4   0.0  0.00   2.3  19.0  12:10p    NW
22   5.4  21.9  11:50p -10.5   3:40a  59.6   0.0  0.00   1.6  18.0  11:10p   ENE
23  31.6  43.6  12:00m  21.8  12:10a  33.4   0.0  0.08   2.5  15.0   8:20p   SSE
24  34.6  45.0   1:40a  26.3  11:20p  30.4   0.0  0.33   2.1  14.0   3:10p   WNW
25  23.3  27.6   1:30a  16.1  11:40p  41.7   0.0  0.00   3.6  22.0   5:20p   WSW
26  16.8  23.5   2:50p  11.7  12:00m  48.2   0.0  0.01   1.3  14.0  11:20a    SW
27  22.6  31.6   9:40a   9.7   1:50a  42.4   0.0  0.01   3.8  29.0   6:00a   WNW
28  13.9  18.2   2:30p   7.1   5:20a  51.1   0.0  0.00   2.4  15.0  11:00p   ENE
29  23.5  29.5  12:10p  15.5   3:00a  41.5   0.0  0.00   3.1  21.0  10:40p   SSE
30   6.2  18.0  12:10a  -2.2   8:00a  58.8   0.0  0.00   3.5  24.0   3:20p     W
31   4.1  11.4   2:20p  -2.6   1:30a  60.9   0.0  0.00   5.3  25.0   4:10p    SW
-------------------------------------------------------------------------------------
    20.9  53.4     1   -10.5    22  1366.8   0.0  1.68   2.4  33.0     1     WNW

Max >=  90.0:  0
Max <=  32.0: 19
Min <=  32.0: 31
Min <=   0.0:  7
Max Rain: 0.61 ON 01/08/19
Days of Rain: 8 (>.01 in) 4 (>.1 in) 0 (>1 in)
Heat Base:  65.0  Cool Base:  65.0  Method: Integration