NOAA-Style Climate Reports


NOAA Climate Reports are updated by Weatherlink v6.0.3 once per hour from this station.
2007-2018 Summary

Report for 2019 February
                   MONTHLY CLIMATOLOGICAL SUMMARY for FEB. 2019

NAME: CW6839   CITY: Country Meadow, Clay   STATE: New York 
ELEV:   410 ft  LAT:  43° 10' 16" N  LONG:  76° 09' 44" W

                   TEMPERATURE (°F), RAIN  (in), WIND SPEED (mph)

                                      HEAT  COOL        AVG
    MEAN                              DEG   DEG         WIND                 DOM
DAY TEMP  HIGH   TIME   LOW    TIME   DAYS  DAYS  RAIN  SPEED HIGH   TIME    DIR
------------------------------------------------------------------------------------
 1   7.2  17.5   2:50p  -1.8  11:10p  57.8   0.0  0.00   2.0  18.0   3:30a   WSW
 2  16.8  32.4   3:40p  -3.2   5:30a  48.2   0.0  0.00   0.6  17.0  11:50a   WSW
 3  36.9  48.8  10:30p  28.4   2:40a  28.1   0.0  0.03   0.8  10.0  10:00p    NE
 4  51.5  62.3   3:10p  38.5   8:00a  13.5   0.0  0.00   1.8  15.0  11:00p   SSW
 5  40.0  51.7   5:50a  25.2  12:00m  25.0   0.0  0.03   2.2  16.0  12:20a   WNW
 6  27.9  32.9  11:40p  20.5   5:40a  37.1   0.0  0.47   0.7  15.0  11:40a   ENE
 7  36.3  48.8  11:50p  31.1   8:00a  28.7   0.0  0.12   1.4  21.0  11:30p    NE
 8  33.6  54.8   4:10a  19.5  10:10p  31.4   0.0  0.06   6.9  33.0  10:00p     W
 9  20.4  26.6   1:40p  15.2   6:20a  44.6   0.0  0.00   4.5  25.0  12:10a     W
10  22.7  29.7   3:30p  18.6   7:20a  42.3   0.0  0.01   0.7  10.0   2:00p   WSW
11  23.8  32.2   3:10p  18.9  11:50p  41.2   0.0  0.01   1.7  13.0  10:30a   ENE
12  18.1  24.7  11:50p  15.0  10:50a  46.9   0.0  0.00   5.3  22.0   1:30p     E
13  26.2  29.8   9:30a  23.1  10:50p  38.8   0.0  0.07   0.7  18.0   9:30p     E
14  27.7  34.8   3:40p  23.5  12:10a  37.3   0.0  0.15   3.2  20.0   2:10a     W
15  37.5  49.4  12:10p  28.8  12:00m  27.5   0.0  0.58   4.3  22.0   4:20p     W
16  24.2  28.9  12:10a  16.3  11:10p  40.8   0.0  0.00   2.8  18.0   9:20a   WNW
17  19.5  27.9   1:50p   7.1   7:40a  45.5   0.0  0.05   1.1  11.0  10:50p    NE
18  20.3  23.2  12:10a  16.3  12:00m  44.7   0.0  0.00   2.3  15.0   3:00p   ENE
19  13.1  22.8   3:40p   4.4   6:10a  51.9   0.0  0.06   0.5  10.0   1:40p   NNW
20  17.9  34.9  12:00m   3.8   3:20a  47.1   0.0  0.00   2.2  20.0  11:40p   ENE
21  37.0  39.2   1:40p  32.1   2:10a  28.0   0.0  0.28   3.1  24.0   1:40p     W
22  30.1  34.5  12:10p  21.7  12:00m  34.9   0.0  0.01   0.8   9.0   1:20a   WNW
23  28.3  36.5   4:10p  17.3   6:40a  36.7   0.0  0.03   1.9  15.0   4:10p   ENE
24  36.3  50.1   1:30p  31.0  12:40a  28.7   0.0  0.26   4.9  33.0   8:40p     W
25  23.7  32.0  12:20a  18.3  11:50p  41.3   0.0  0.00   7.6  38.0   7:50a     W
26  15.8  18.9   1:20p   5.3  11:40p  49.2   0.0  0.07   2.0  15.0  10:10a   WNW
27   8.2  11.6   4:30p   1.1   1:50a  56.8   0.0  0.00   2.9  15.0   3:20p   ENE
28  13.7  22.4   3:20p   8.4   7:20a  51.3   0.0  0.08   0.9  11.0   5:40a    NW
-------------------------------------------------------------------------------------
    25.5  62.3     4    -3.2     2  1105.3   0.0  2.37   2.5  38.0    25       W

Max >=  90.0:  0
Max <=  32.0: 13
Min <=  32.0: 26
Min <=   0.0:  2
Max Rain: 0.58 ON 02/15/19
Days of Rain: 15 (>.01 in) 6 (>.1 in) 0 (>1 in)
Heat Base:  65.0  Cool Base:  65.0  Method: Integration