NOAA-Style Climate Reports


NOAA Climate Reports are updated by Weatherlink v6.0.3 once per hour from this station.
2007-2018 Summary

Report for 2019 June
                   MONTHLY CLIMATOLOGICAL SUMMARY for JUN. 2019

NAME: CW6839   CITY: Country Meadow, Clay   STATE: New York 
ELEV:   410 ft  LAT:  43° 10' 16" N  LONG:  76° 09' 44" W

                   TEMPERATURE (°F), RAIN  (in), WIND SPEED (mph)

                                      HEAT  COOL        AVG
    MEAN                              DEG   DEG         WIND                 DOM
DAY TEMP  HIGH   TIME   LOW    TIME   DAYS  DAYS  RAIN  SPEED HIGH   TIME    DIR
------------------------------------------------------------------------------------
 1  64.6  78.1   2:40p  50.4   2:30a   4.7   4.3  0.22   0.7  10.0  11:30a   NNW
 2  59.4  65.5  12:30p  52.2  11:40p   5.6   0.0  0.10   1.0  17.0   6:10p    SW
 3  52.1  58.9   4:30p  43.3   5:30a  12.9   0.0  0.01   1.9  19.0  10:10a    NW
 4  53.2  63.3  12:00p  44.3   4:20a  11.8   0.0  0.11   0.6  12.0  10:40a   WSW
 5  63.6  71.3   2:50p  53.3  12:10a   2.9   1.5  0.43   0.4  10.0   4:40p   WSW
 6  62.2  72.5   3:10p  51.9  12:00m   4.3   1.5  0.00   0.5  11.0   3:30p    NW
 7  62.8  76.4   4:10p  47.1   5:40a   5.9   3.7  0.00   0.6  10.0   2:40p   NNW
 8  65.2  80.5   4:10p  48.2   6:10a   5.0   5.2  0.00   0.9  10.0  12:00p   ENE
 9  69.8  83.9   4:30p  53.5   5:30a   2.8   7.6  0.00   1.6  13.0  12:20p   ENE
10  63.8  73.8  12:30p  58.6   2:30a   2.5   1.2  0.84   1.3  13.0  11:00a   ENE
11  60.1  67.4   6:00p  50.6  12:00m   5.3   0.4  0.04   1.8  19.0  12:50a    NW
12  62.8  75.8   4:40p  45.2   5:40a   5.9   3.7  0.00   1.5  14.0   2:00p   SSE
13  58.8  64.0  12:10a  54.5  10:00a   6.2   0.0  0.21   1.3  12.0   2:50a    SE
14  60.0  69.4   6:40p  53.1   8:40a   5.7   0.7  0.14   2.2  19.0   3:40p   WSW
15  66.5  75.1  12:30p  60.0  12:20a   1.3   2.8  0.12   3.1  20.0   4:40p    SW
16  60.9  64.3   3:40p  52.3  12:00m   4.1   0.0  0.17   0.4   6.0  12:10p    NW
17  61.2  74.4   3:40p  46.1   5:20a   6.2   2.4  0.00   0.5   9.0   1:30p    NW
18  67.1  78.9   4:30p  57.8   5:40a   2.4   4.5  0.00   0.5   9.0   6:10p   ENE
19  69.8  81.5   3:20p  56.7   5:40a   1.7   6.5  0.00   0.4   8.0   3:40p    NW
20  67.1  73.0   3:30p  61.6  12:00m   0.3   2.4  0.99   0.9  14.0  12:50p   NNW
21  64.5  73.5   2:50p  56.1  12:00m   2.8   2.3  0.12   1.8  16.0   1:40p    NW
22  63.1  73.8   3:30p  51.7   4:20a   4.5   2.6  0.00   0.8  14.0   2:00p    NW
23  65.8  77.9   3:20p  51.8   3:00a   3.7   4.5  0.00   0.6  11.0   3:40p    NW
24  67.1  78.5   4:40p  50.7   5:30a   3.8   5.8  0.00   0.4  11.0   5:00p   SSE
25  72.2  81.7   1:20p  62.3  12:00m   0.1   7.4  0.30   1.0  16.0   3:10p   WSW
26  71.9  86.2   3:50p  57.8   5:50a   1.5   8.5  0.00   0.6  13.0   4:30p   NNW
27  71.4  82.9   4:10p  58.2   5:50a   1.1   7.5  0.00   0.3   9.0   5:20p    NW
28  73.3  87.7   3:10p  58.9   5:40a   1.2   9.5  0.00   0.3  11.0   5:20p   NNW
29  73.3  81.3   1:20p  66.5   5:50a   0.0   8.3  0.02   0.7  13.0   4:40p    NW
30  65.7  71.0  11:50a  57.5  12:00m   1.1   1.8  0.00   1.8  15.0   1:10p    NW
-------------------------------------------------------------------------------------
    64.6  87.7    28    43.3     3   117.3 106.6  3.82   1.0  20.0    15      NW

Max >=  90.0:  0
Max <=  32.0:  0
Min <=  32.0:  0
Min <=   0.0:  0
Max Rain: 0.99 ON 06/20/19
Days of Rain: 14 (>.01 in) 11 (>.1 in) 0 (>1 in)
Heat Base:  65.0  Cool Base:  65.0  Method: Integration